{"id":4104,"date":"2023-05-30T08:28:13","date_gmt":"2023-05-30T08:28:13","guid":{"rendered":"https:\/\/koraledetale.pl\/?post_type=product&#038;p=4104"},"modified":"2024-02-16T18:25:43","modified_gmt":"2024-02-16T18:25:43","slug":"naszyjnik-nieokielznana-moc-z-czarnym-turmalinem-i-ametystem","status":"publish","type":"product","link":"https:\/\/koraledetale.pl\/?product=naszyjnik-nieokielznana-moc-z-czarnym-turmalinem-i-ametystem","title":{"rendered":"Naszyjnik NIEOKIE\u0141ZNANA MOC z czarnym turmalinem i ametystem"},"content":{"rendered":"<p>Wielko\u015b\u0107 kamieni:<\/p>\n<ul>\n<li>turmalin &#8211; 4,5 mm,<\/li>\n<li>ametyst &#8211; 6&#215;4 i 32&#215;8 mm (grot),<\/li>\n<li>hematyt &#8211; 2,5 mm i 3&#215;2 mm.<\/li>\n<\/ul>\n<p>D\u0142ugo\u015b\u0107 naszyjnika &#8211; 46 cm +10 cm cz\u0119\u015b\u0107 z grotem.<\/p>\n<p>Wszystkie elementy metalowe wykonane s\u0105 z nieuczulaj\u0105cej stali szlachetnej.<\/p>\n","protected":false},"excerpt":{"rendered":"<p>Naszyjnik z czarnych turmalin\u00f3w z wplecionymi z\u0142otymi hematytami i pojedynczymi ametystami po bokach oraz du\u017cym, ozdobnym zapi\u0119ciem z przodu, od kt\u00f3rego odchodzi sznur turmalin\u00f3w zako\u0144czony grotem ametystu.<\/p>\n<p>&nbsp;<\/p>\n","protected":false},"featured_media":4105,"comment_status":"open","ping_status":"closed","template":"","meta":{"advanced_seo_description":"","jetpack_seo_html_title":"","jetpack_seo_noindex":false},"product_brand":[],"product_cat":[229],"product_tag":[38,1203,605,1503,1504,21,31],"class_list":{"0":"post-4104","1":"product","2":"type-product","3":"status-publish","4":"has-post-thumbnail","6":"product_cat-sprzedane","7":"product_tag-ametyst","8":"product_tag-naszyjnik-rozancowy","9":"product_tag-naszyjnik-z-czarnych-kamieni","10":"product_tag-naszyjnik-z-czarnymi-turmalinami-i-ametystami","11":"product_tag-naszyjnik-z-grotem-ametystu","12":"product_tag-naszyjnik-z-kamieni-naturalnych","13":"product_tag-zloty-hematyt","15":"first","16":"outofstock","17":"shipping-taxable","18":"purchasable","19":"product-type-simple"},"jetpack_sharing_enabled":true,"_links":{"self":[{"href":"https:\/\/koraledetale.pl\/index.php?rest_route=\/wp\/v2\/product\/4104","targetHints":{"allow":["GET"]}}],"collection":[{"href":"https:\/\/koraledetale.pl\/index.php?rest_route=\/wp\/v2\/product"}],"about":[{"href":"https:\/\/koraledetale.pl\/index.php?rest_route=\/wp\/v2\/types\/product"}],"replies":[{"embeddable":true,"href":"https:\/\/koraledetale.pl\/index.php?rest_route=%2Fwp%2Fv2%2Fcomments&post=4104"}],"wp:featuredmedia":[{"embeddable":true,"href":"https:\/\/koraledetale.pl\/index.php?rest_route=\/wp\/v2\/media\/4105"}],"wp:attachment":[{"href":"https:\/\/koraledetale.pl\/index.php?rest_route=%2Fwp%2Fv2%2Fmedia&parent=4104"}],"wp:term":[{"taxonomy":"product_brand","embeddable":true,"href":"https:\/\/koraledetale.pl\/index.php?rest_route=%2Fwp%2Fv2%2Fproduct_brand&post=4104"},{"taxonomy":"product_cat","embeddable":true,"href":"https:\/\/koraledetale.pl\/index.php?rest_route=%2Fwp%2Fv2%2Fproduct_cat&post=4104"},{"taxonomy":"product_tag","embeddable":true,"href":"https:\/\/koraledetale.pl\/index.php?rest_route=%2Fwp%2Fv2%2Fproduct_tag&post=4104"}],"curies":[{"name":"wp","href":"https:\/\/api.w.org\/{rel}","templated":true}]}}