{"id":4096,"date":"2023-05-27T10:26:11","date_gmt":"2023-05-27T10:26:11","guid":{"rendered":"https:\/\/koraledetale.pl\/?post_type=product&#038;p=4096"},"modified":"2023-05-27T13:31:17","modified_gmt":"2023-05-27T13:31:17","slug":"bransoletka-trzy-gracje-z-granatami-i-rubelitami","status":"publish","type":"product","link":"https:\/\/koraledetale.pl\/?product=bransoletka-trzy-gracje-z-granatami-i-rubelitami","title":{"rendered":"Bransoletka TRZY GRACJE z granatami i rubelitami"},"content":{"rendered":"<p>Wielko\u015b\u0107 kamieni:<\/p>\n<ul>\n<li>granat \u2013 2,5 mm<\/li>\n<li>rubelit \u2013 2 mm i 3 mm (zawieszka),<\/li>\n<li>hematyt \u2013 2 mm i 3 mm (przed\u0142u\u017cka).<\/li>\n<\/ul>\n<p>D\u0142ugo\u015b\u0107 bransoletki: 17 \u2013 20 cm.<\/p>\n<p>Wszystkie elementy metalowe wykonane s\u0105 z nieuczulaj\u0105cej stali szlachetnej.<\/p>\n","protected":false},"excerpt":{"rendered":"<p>Bransoletka z drobnych, fasetowanych granat\u00f3w przeplatanych z\u0142otymi hematytami, z wplecionymi rubelitami (r\u00f3\u017cowymi turmalinami). Bransoletk\u0119 zdobi\u0105 zawieszki: z rubelitem, okr\u0105g\u0142\u0105 blaszk\u0105 oraz z g\u0142adkiej kuleczki hematytu (przy przed\u0142u\u017cce).<\/p>\n","protected":false},"featured_media":4091,"comment_status":"open","ping_status":"closed","template":"","meta":{"advanced_seo_description":"","jetpack_seo_html_title":"","jetpack_seo_noindex":false},"product_brand":[],"product_cat":[229],"product_tag":[79,1499,80,503,71,59,516,31],"class_list":{"0":"post-4096","1":"product","2":"type-product","3":"status-publish","4":"has-post-thumbnail","6":"product_cat-sprzedane","7":"product_tag-bransoletka-z-drobnych-kamieni","8":"product_tag-bransoletka-z-drobnych-rubinow-i-turmalinow","9":"product_tag-bransoletka-z-kamieniami-naturalnymi","10":"product_tag-bransoletka-z-zawieszkami","11":"product_tag-granat","12":"product_tag-rozowy-turmalin","13":"product_tag-rubelit","14":"product_tag-zloty-hematyt","16":"first","17":"outofstock","18":"shipping-taxable","19":"purchasable","20":"product-type-simple"},"jetpack_sharing_enabled":true,"_links":{"self":[{"href":"https:\/\/koraledetale.pl\/index.php?rest_route=\/wp\/v2\/product\/4096","targetHints":{"allow":["GET"]}}],"collection":[{"href":"https:\/\/koraledetale.pl\/index.php?rest_route=\/wp\/v2\/product"}],"about":[{"href":"https:\/\/koraledetale.pl\/index.php?rest_route=\/wp\/v2\/types\/product"}],"replies":[{"embeddable":true,"href":"https:\/\/koraledetale.pl\/index.php?rest_route=%2Fwp%2Fv2%2Fcomments&post=4096"}],"wp:featuredmedia":[{"embeddable":true,"href":"https:\/\/koraledetale.pl\/index.php?rest_route=\/wp\/v2\/media\/4091"}],"wp:attachment":[{"href":"https:\/\/koraledetale.pl\/index.php?rest_route=%2Fwp%2Fv2%2Fmedia&parent=4096"}],"wp:term":[{"taxonomy":"product_brand","embeddable":true,"href":"https:\/\/koraledetale.pl\/index.php?rest_route=%2Fwp%2Fv2%2Fproduct_brand&post=4096"},{"taxonomy":"product_cat","embeddable":true,"href":"https:\/\/koraledetale.pl\/index.php?rest_route=%2Fwp%2Fv2%2Fproduct_cat&post=4096"},{"taxonomy":"product_tag","embeddable":true,"href":"https:\/\/koraledetale.pl\/index.php?rest_route=%2Fwp%2Fv2%2Fproduct_tag&post=4096"}],"curies":[{"name":"wp","href":"https:\/\/api.w.org\/{rel}","templated":true}]}}