{"id":3957,"date":"2023-05-05T13:36:48","date_gmt":"2023-05-05T13:36:48","guid":{"rendered":"https:\/\/koraledetale.pl\/?post_type=product&#038;p=3957"},"modified":"2023-12-07T07:58:09","modified_gmt":"2023-12-07T07:58:09","slug":"naszyjnik-raj-z-amazonitami-i-krysztalem-gorskim","status":"publish","type":"product","link":"https:\/\/koraledetale.pl\/?product=naszyjnik-raj-z-amazonitami-i-krysztalem-gorskim","title":{"rendered":"Naszyjnik RAJ z amazonitami i kryszta\u0142em g\u00f3rskim"},"content":{"rendered":"<p>Wielko\u015b\u0107 kamieni:<\/p>\n<ul>\n<li>amazonit \u2013 10\u00d77 mm, 6\u00d74 mm,<\/li>\n<li>kryszta\u0142 g\u00f3rski &#8211; 35&#215;8 mm<\/li>\n<li>hematyt \u2013 4\u00d72 mm, 3 mm i 3\u00d72 mm.<\/li>\n<\/ul>\n<p>D\u0142ugo\u015b\u0107 naszyjnika:<\/p>\n<ul>\n<li>obw\u00f3d \u2013 75 cm,<\/li>\n<li>d\u0142ugo\u015b\u0107 cz\u0119\u015bci z grotem \u2013 7 cm.<\/li>\n<\/ul>\n<p>Wszystkie elementy metalowe wykonane s\u0105 z nieuczulaj\u0105cej stali szlachetnej.<\/p>\n","protected":false},"excerpt":{"rendered":"<p>&#8220;R\u00f3\u017ca\u0144cowy&#8221; naszyjnik z amazonit\u00f3w \u2013 nieregularnych wa\u0142eczk\u00f3w i oponek, przeplatanych z\u0142otymi hematytami. Zwie\u0144czeniem naszyjnika jest zawieszka z grotem kryszta\u0142u g\u00f3rskiego w okuciu ze stali szlachetnej.<\/p>\n","protected":false},"featured_media":3954,"comment_status":"open","ping_status":"closed","template":"","meta":{"advanced_seo_description":"","jetpack_seo_html_title":"","jetpack_seo_noindex":false},"product_brand":[],"product_cat":[229],"product_tag":[53,702,1203,1431,954,66,696,31],"class_list":{"0":"post-3957","1":"product","2":"type-product","3":"status-publish","4":"has-post-thumbnail","6":"product_cat-sprzedane","7":"product_tag-amazonit","8":"product_tag-krysztal-gorski","9":"product_tag-naszyjnik-rozancowy","10":"product_tag-naszyjnik-z-amazonitami-i-krysztalem-gorskim","11":"product_tag-naszyjnik-z-blekitnymi-kamieniami","12":"product_tag-naszyjnik-z-kamieniami-naturalnymi","13":"product_tag-supelkowy-naszyjnik-z-kamieniami-naturalnymi","14":"product_tag-zloty-hematyt","16":"first","17":"outofstock","18":"shipping-taxable","19":"purchasable","20":"product-type-simple"},"jetpack_sharing_enabled":true,"_links":{"self":[{"href":"https:\/\/koraledetale.pl\/index.php?rest_route=\/wp\/v2\/product\/3957","targetHints":{"allow":["GET"]}}],"collection":[{"href":"https:\/\/koraledetale.pl\/index.php?rest_route=\/wp\/v2\/product"}],"about":[{"href":"https:\/\/koraledetale.pl\/index.php?rest_route=\/wp\/v2\/types\/product"}],"replies":[{"embeddable":true,"href":"https:\/\/koraledetale.pl\/index.php?rest_route=%2Fwp%2Fv2%2Fcomments&post=3957"}],"wp:featuredmedia":[{"embeddable":true,"href":"https:\/\/koraledetale.pl\/index.php?rest_route=\/wp\/v2\/media\/3954"}],"wp:attachment":[{"href":"https:\/\/koraledetale.pl\/index.php?rest_route=%2Fwp%2Fv2%2Fmedia&parent=3957"}],"wp:term":[{"taxonomy":"product_brand","embeddable":true,"href":"https:\/\/koraledetale.pl\/index.php?rest_route=%2Fwp%2Fv2%2Fproduct_brand&post=3957"},{"taxonomy":"product_cat","embeddable":true,"href":"https:\/\/koraledetale.pl\/index.php?rest_route=%2Fwp%2Fv2%2Fproduct_cat&post=3957"},{"taxonomy":"product_tag","embeddable":true,"href":"https:\/\/koraledetale.pl\/index.php?rest_route=%2Fwp%2Fv2%2Fproduct_tag&post=3957"}],"curies":[{"name":"wp","href":"https:\/\/api.w.org\/{rel}","templated":true}]}}