{"id":3931,"date":"2023-04-26T08:11:43","date_gmt":"2023-04-26T08:11:43","guid":{"rendered":"https:\/\/koraledetale.pl\/?post_type=product&#038;p=3931"},"modified":"2024-03-13T11:18:28","modified_gmt":"2024-03-13T11:18:28","slug":"lancuszek-rzeski-poranek-z-iolitem-i-kianitem","status":"publish","type":"product","link":"https:\/\/koraledetale.pl\/?product=lancuszek-rzeski-poranek-z-iolitem-i-kianitem","title":{"rendered":"\u0141a\u0144cuszek RZE\u015aKI PORANEK z iolitem i kianitem"},"content":{"rendered":"<p>Wielko\u015b\u0107 kamieni:<\/p>\n<ul>\n<li>iolit \u2013 3&#215;2 mm i 7 x 7 mm (cebulka),<\/li>\n<li>kianit \u2013 3 mm,<\/li>\n<li>hematyt \u2013 2 mm.<\/li>\n<\/ul>\n<p>D\u0142ugo\u015b\u0107 naszyjnika: 43 &#8211; 48 cm.<\/p>\n<p>Wszystkie elementy metalowe wykonane s\u0105 z nieuczulaj\u0105cej stali szlachetnej.<\/p>\n","protected":false},"excerpt":{"rendered":"<p>\u0141a\u0144cuszek z wplecionym iolitem i zielonym kianitem, zwie\u0144czony zawieszk\u0105 z iolitu w kszta\u0142cie cebulki oraz kianitem i z\u0142otym hematytem.<\/p>\n<p>&nbsp;<\/p>\n","protected":false},"featured_media":4787,"comment_status":"open","ping_status":"closed","template":"","meta":{"advanced_seo_description":"","jetpack_seo_html_title":"","jetpack_seo_noindex":false},"product_brand":[],"product_cat":[229],"product_tag":[23,1420,903,1419,197,683,389,1421],"class_list":{"0":"post-3931","1":"product","2":"type-product","3":"status-publish","4":"has-post-thumbnail","6":"product_cat-sprzedane","7":"product_tag-iolit","8":"product_tag-naszyjnik-z-iolitem-i-kianitem","9":"product_tag-zielony-kianit","10":"product_tag-lancuszek-z-iolitem-i-kianitem","11":"product_tag-lancuszek-z-kamieniami-naturalnymi","12":"product_tag-lancuszek-z-kolorowymi-kamieniami","13":"product_tag-lancuszek-z-krysztalami","14":"product_tag-lancuszek-z-mineralami","16":"first","17":"outofstock","18":"shipping-taxable","19":"purchasable","20":"product-type-simple"},"jetpack_sharing_enabled":true,"_links":{"self":[{"href":"https:\/\/koraledetale.pl\/index.php?rest_route=\/wp\/v2\/product\/3931","targetHints":{"allow":["GET"]}}],"collection":[{"href":"https:\/\/koraledetale.pl\/index.php?rest_route=\/wp\/v2\/product"}],"about":[{"href":"https:\/\/koraledetale.pl\/index.php?rest_route=\/wp\/v2\/types\/product"}],"replies":[{"embeddable":true,"href":"https:\/\/koraledetale.pl\/index.php?rest_route=%2Fwp%2Fv2%2Fcomments&post=3931"}],"wp:featuredmedia":[{"embeddable":true,"href":"https:\/\/koraledetale.pl\/index.php?rest_route=\/wp\/v2\/media\/4787"}],"wp:attachment":[{"href":"https:\/\/koraledetale.pl\/index.php?rest_route=%2Fwp%2Fv2%2Fmedia&parent=3931"}],"wp:term":[{"taxonomy":"product_brand","embeddable":true,"href":"https:\/\/koraledetale.pl\/index.php?rest_route=%2Fwp%2Fv2%2Fproduct_brand&post=3931"},{"taxonomy":"product_cat","embeddable":true,"href":"https:\/\/koraledetale.pl\/index.php?rest_route=%2Fwp%2Fv2%2Fproduct_cat&post=3931"},{"taxonomy":"product_tag","embeddable":true,"href":"https:\/\/koraledetale.pl\/index.php?rest_route=%2Fwp%2Fv2%2Fproduct_tag&post=3931"}],"curies":[{"name":"wp","href":"https:\/\/api.w.org\/{rel}","templated":true}]}}