{"id":3859,"date":"2023-04-03T08:13:16","date_gmt":"2023-04-03T08:13:16","guid":{"rendered":"https:\/\/koraledetale.pl\/?post_type=product&#038;p=3859"},"modified":"2023-04-26T13:39:00","modified_gmt":"2023-04-26T13:39:00","slug":"lancuszek-jedynak-z-perlami","status":"publish","type":"product","link":"https:\/\/koraledetale.pl\/?product=lancuszek-jedynak-z-perlami","title":{"rendered":"\u0141a\u0144cuszek JEDYNAK z per\u0142ami"},"content":{"rendered":"<p>Wielko\u015b\u0107 pere\u0142 &#8211; 31x24x6 mm i 6&#215;5 mm.<\/p>\n<p>\u015arednica blaszek &#8211; 20 i 8 mm.<\/p>\n<p>D\u0142ugo\u015b\u0107 naszyjnika &#8211; 74 cm.<\/p>\n","protected":false},"excerpt":{"rendered":"<p>D\u0142ugi \u0142a\u0144cuszek o prostok\u0105tnych oczkach z zawieszkami z pere\u0142 &#8211; du\u017cej, rozwidlonej i mniejszej, g\u0142adkiej po boku, oraz z dwiema g\u0142adkimi blaszkami &#8211; wi\u0119kszej i mniejszej.<\/p>\n<p>Wszystkie elementy metalowe wykonane s\u0105 z nieuczulaj\u0105cej stali chirurgicznej (szlachetnej).<\/p>\n","protected":false},"featured_media":3863,"comment_status":"open","ping_status":"closed","template":"","meta":{"advanced_seo_description":"","jetpack_seo_html_title":"","jetpack_seo_noindex":false},"product_brand":[],"product_cat":[229],"product_tag":[1378,1379,1377],"class_list":{"0":"post-3859","1":"product","2":"type-product","3":"status-publish","4":"has-post-thumbnail","6":"product_cat-sprzedane","7":"product_tag-dlugi-lancuszek-z-zawieszkami","8":"product_tag-naszyjnik-z-zawieszkami-z-perel","9":"product_tag-lancuszek-z-perlami-i-blaszkami","11":"first","12":"outofstock","13":"shipping-taxable","14":"purchasable","15":"product-type-simple"},"jetpack_sharing_enabled":true,"_links":{"self":[{"href":"https:\/\/koraledetale.pl\/index.php?rest_route=\/wp\/v2\/product\/3859","targetHints":{"allow":["GET"]}}],"collection":[{"href":"https:\/\/koraledetale.pl\/index.php?rest_route=\/wp\/v2\/product"}],"about":[{"href":"https:\/\/koraledetale.pl\/index.php?rest_route=\/wp\/v2\/types\/product"}],"replies":[{"embeddable":true,"href":"https:\/\/koraledetale.pl\/index.php?rest_route=%2Fwp%2Fv2%2Fcomments&post=3859"}],"wp:featuredmedia":[{"embeddable":true,"href":"https:\/\/koraledetale.pl\/index.php?rest_route=\/wp\/v2\/media\/3863"}],"wp:attachment":[{"href":"https:\/\/koraledetale.pl\/index.php?rest_route=%2Fwp%2Fv2%2Fmedia&parent=3859"}],"wp:term":[{"taxonomy":"product_brand","embeddable":true,"href":"https:\/\/koraledetale.pl\/index.php?rest_route=%2Fwp%2Fv2%2Fproduct_brand&post=3859"},{"taxonomy":"product_cat","embeddable":true,"href":"https:\/\/koraledetale.pl\/index.php?rest_route=%2Fwp%2Fv2%2Fproduct_cat&post=3859"},{"taxonomy":"product_tag","embeddable":true,"href":"https:\/\/koraledetale.pl\/index.php?rest_route=%2Fwp%2Fv2%2Fproduct_tag&post=3859"}],"curies":[{"name":"wp","href":"https:\/\/api.w.org\/{rel}","templated":true}]}}