{"id":3834,"date":"2023-03-28T08:59:02","date_gmt":"2023-03-28T08:59:02","guid":{"rendered":"https:\/\/koraledetale.pl\/?post_type=product&#038;p=3834"},"modified":"2024-04-10T08:35:01","modified_gmt":"2024-04-10T08:35:01","slug":"naszyjnik-perly-pod-palmami","status":"publish","type":"product","link":"https:\/\/koraledetale.pl\/?product=naszyjnik-perly-pod-palmami","title":{"rendered":"Naszyjnik PER\u0141Y POD PALMAMI"},"content":{"rendered":"<p>Wielko\u015b\u0107 kamieni:<\/p>\n<ul>\n<li>per\u0142a &#8211; ok. 7&#215;6 mm.<\/li>\n<\/ul>\n<p>D\u0142ugo\u015b\u0107 naszyjnika &#8211; 43 cm + g\u0142\u00f3wna zawieszka 2,4 cm.<\/p>\n","protected":false},"excerpt":{"rendered":"<p>Naszyjnik z per\u0142ami \u0142\u0105czonymi z \u0142a\u0144cuszkiem o du\u017cych oczkach, z zapi\u0119ciem po boku oraz zawieszkami &#8211; m\u0142otkowan\u0105 okr\u0105g\u0142\u0105 blaszk\u0105, per\u0142\u0105 i centraln\u0105 &#8211; w kszta\u0142cie li\u015bcia.<\/p>\n<p>Wszystkie elementy metalowe wykonane s\u0105 z nieuczulaj\u0105cej stali chirurgicznej (szlachetnej).<\/p>\n","protected":false},"featured_media":3835,"comment_status":"open","ping_status":"closed","template":"","meta":{"advanced_seo_description":"","jetpack_seo_html_title":"","jetpack_seo_noindex":false},"product_brand":[],"product_cat":[229],"product_tag":[1363,57,898,182],"class_list":{"0":"post-3834","1":"product","2":"type-product","3":"status-publish","4":"has-post-thumbnail","6":"product_cat-sprzedane","7":"product_tag-naszyjnik-z-perlami-i-zawieszkami","8":"product_tag-perla","9":"product_tag-zawieszki","10":"product_tag-lancuszek-z-perlami","12":"first","13":"outofstock","14":"shipping-taxable","15":"purchasable","16":"product-type-simple"},"jetpack_sharing_enabled":true,"_links":{"self":[{"href":"https:\/\/koraledetale.pl\/index.php?rest_route=\/wp\/v2\/product\/3834","targetHints":{"allow":["GET"]}}],"collection":[{"href":"https:\/\/koraledetale.pl\/index.php?rest_route=\/wp\/v2\/product"}],"about":[{"href":"https:\/\/koraledetale.pl\/index.php?rest_route=\/wp\/v2\/types\/product"}],"replies":[{"embeddable":true,"href":"https:\/\/koraledetale.pl\/index.php?rest_route=%2Fwp%2Fv2%2Fcomments&post=3834"}],"wp:featuredmedia":[{"embeddable":true,"href":"https:\/\/koraledetale.pl\/index.php?rest_route=\/wp\/v2\/media\/3835"}],"wp:attachment":[{"href":"https:\/\/koraledetale.pl\/index.php?rest_route=%2Fwp%2Fv2%2Fmedia&parent=3834"}],"wp:term":[{"taxonomy":"product_brand","embeddable":true,"href":"https:\/\/koraledetale.pl\/index.php?rest_route=%2Fwp%2Fv2%2Fproduct_brand&post=3834"},{"taxonomy":"product_cat","embeddable":true,"href":"https:\/\/koraledetale.pl\/index.php?rest_route=%2Fwp%2Fv2%2Fproduct_cat&post=3834"},{"taxonomy":"product_tag","embeddable":true,"href":"https:\/\/koraledetale.pl\/index.php?rest_route=%2Fwp%2Fv2%2Fproduct_tag&post=3834"}],"curies":[{"name":"wp","href":"https:\/\/api.w.org\/{rel}","templated":true}]}}