{"id":3808,"date":"2023-03-24T18:05:31","date_gmt":"2023-03-24T18:05:31","guid":{"rendered":"https:\/\/koraledetale.pl\/?post_type=product&#038;p=3808"},"modified":"2023-07-29T20:25:33","modified_gmt":"2023-07-29T20:25:33","slug":"naszyjnik-landrynki-z-perlami-i-agatami","status":"publish","type":"product","link":"https:\/\/koraledetale.pl\/?product=naszyjnik-landrynki-z-perlami-i-agatami","title":{"rendered":"Naszyjnik LANDRYNKI z per\u0142ami i agatami"},"content":{"rendered":"<p>Wielko\u015b\u0107 kamieni:<\/p>\n<ul>\n<li>per\u0142a &#8211; ok. 6 x 4,5 mm,<\/li>\n<li>agat &#8211; 4,5 x 3 mm,<\/li>\n<li>hematyt &#8211; 3 x 2 mm.<\/li>\n<\/ul>\n<p>D\u0142ugo\u015b\u0107 naszyjnika: 36,5 &#8211; 41 cm.<\/p>\n","protected":false},"excerpt":{"rendered":"<p>Choker z pere\u0142 przeplatanych oponkami kolorowego agatu.<\/p>\n<p>Wszystkie elementy metalowe wykonane s\u0105 z nieuczulaj\u0105cej stali chirurgicznej (szlachetnej).<\/p>\n<p>&nbsp;<\/p>\n","protected":false},"featured_media":3809,"comment_status":"open","ping_status":"closed","template":"","meta":{"advanced_seo_description":"","jetpack_seo_html_title":"","jetpack_seo_noindex":false},"product_brand":[],"product_cat":[229],"product_tag":[127,1346,1349,1348,57,1347],"class_list":{"0":"post-3808","1":"product","2":"type-product","3":"status-publish","4":"has-post-thumbnail","6":"product_cat-sprzedane","7":"product_tag-agat","8":"product_tag-choker-z-perlami-i-kolorowymi-agatami","9":"product_tag-kolorowy-naszyjnik-z-perlami","10":"product_tag-naszyjnik-z-perel-i-agatow","11":"product_tag-perla","12":"product_tag-perly-z-kolorowymi-kamieniami","14":"first","15":"outofstock","16":"shipping-taxable","17":"purchasable","18":"product-type-simple"},"jetpack_sharing_enabled":true,"_links":{"self":[{"href":"https:\/\/koraledetale.pl\/index.php?rest_route=\/wp\/v2\/product\/3808","targetHints":{"allow":["GET"]}}],"collection":[{"href":"https:\/\/koraledetale.pl\/index.php?rest_route=\/wp\/v2\/product"}],"about":[{"href":"https:\/\/koraledetale.pl\/index.php?rest_route=\/wp\/v2\/types\/product"}],"replies":[{"embeddable":true,"href":"https:\/\/koraledetale.pl\/index.php?rest_route=%2Fwp%2Fv2%2Fcomments&post=3808"}],"wp:featuredmedia":[{"embeddable":true,"href":"https:\/\/koraledetale.pl\/index.php?rest_route=\/wp\/v2\/media\/3809"}],"wp:attachment":[{"href":"https:\/\/koraledetale.pl\/index.php?rest_route=%2Fwp%2Fv2%2Fmedia&parent=3808"}],"wp:term":[{"taxonomy":"product_brand","embeddable":true,"href":"https:\/\/koraledetale.pl\/index.php?rest_route=%2Fwp%2Fv2%2Fproduct_brand&post=3808"},{"taxonomy":"product_cat","embeddable":true,"href":"https:\/\/koraledetale.pl\/index.php?rest_route=%2Fwp%2Fv2%2Fproduct_cat&post=3808"},{"taxonomy":"product_tag","embeddable":true,"href":"https:\/\/koraledetale.pl\/index.php?rest_route=%2Fwp%2Fv2%2Fproduct_tag&post=3808"}],"curies":[{"name":"wp","href":"https:\/\/api.w.org\/{rel}","templated":true}]}}