{"id":3650,"date":"2023-02-08T15:00:21","date_gmt":"2023-02-08T15:00:21","guid":{"rendered":"https:\/\/koraledetale.pl\/?post_type=product&#038;p=3650"},"modified":"2023-07-26T15:15:17","modified_gmt":"2023-07-26T15:15:17","slug":"lancuszek-walentynka-z-turmalinami-i-ametystem","status":"publish","type":"product","link":"https:\/\/koraledetale.pl\/?product=lancuszek-walentynka-z-turmalinami-i-ametystem","title":{"rendered":"\u0141a\u0144cuszek WALENTYNKA z turmalinami i ametystem"},"content":{"rendered":"<p>Wielko\u015b\u0107 kamieni:<\/p>\n<ul>\n<li>turmaliny &#8211; 6x6x3 mm i 3 mm (zawieszka przy przed\u0142u\u017cce),<\/li>\n<li>ametyst &#8211; 9&#215;6 mm.<\/li>\n<\/ul>\n<p>D\u0142ugo\u015b\u0107 \u0142a\u0144cuszka: 49 &#8211; 54 cm.<\/p>\n","protected":false},"excerpt":{"rendered":"<p>\u0141a\u0144cuszek z kropl\u0105 jasnego ametystu oraz dwiema \u0142ezkami r\u00f3\u017cowych turmalin\u00f3w (w dw\u00f3ch odcieniach).<\/p>\n<p>\u0141a\u0144cuszek wykonany jest ze stali chirurgicznej (szlachetnej).<\/p>\n","protected":false},"featured_media":3647,"comment_status":"open","ping_status":"closed","template":"","meta":{"advanced_seo_description":"","jetpack_seo_html_title":"","jetpack_seo_noindex":false},"product_brand":[],"product_cat":[229],"product_tag":[38,1267,87,197,1268,1266],"class_list":{"0":"post-3650","1":"product","2":"type-product","3":"status-publish","4":"has-post-thumbnail","6":"product_cat-sprzedane","7":"product_tag-ametyst","8":"product_tag-naszyjnik-z-turmalinami-i-ametystem","9":"product_tag-turmalin","10":"product_tag-lancuszek-z-kamieniami-naturalnymi","11":"product_tag-lancuszek-z-rozowymi-kamieniami","12":"product_tag-lancuszek-z-turmalinami-i-ametystem","14":"first","15":"outofstock","16":"shipping-taxable","17":"purchasable","18":"product-type-simple"},"jetpack_sharing_enabled":true,"_links":{"self":[{"href":"https:\/\/koraledetale.pl\/index.php?rest_route=\/wp\/v2\/product\/3650","targetHints":{"allow":["GET"]}}],"collection":[{"href":"https:\/\/koraledetale.pl\/index.php?rest_route=\/wp\/v2\/product"}],"about":[{"href":"https:\/\/koraledetale.pl\/index.php?rest_route=\/wp\/v2\/types\/product"}],"replies":[{"embeddable":true,"href":"https:\/\/koraledetale.pl\/index.php?rest_route=%2Fwp%2Fv2%2Fcomments&post=3650"}],"wp:featuredmedia":[{"embeddable":true,"href":"https:\/\/koraledetale.pl\/index.php?rest_route=\/wp\/v2\/media\/3647"}],"wp:attachment":[{"href":"https:\/\/koraledetale.pl\/index.php?rest_route=%2Fwp%2Fv2%2Fmedia&parent=3650"}],"wp:term":[{"taxonomy":"product_brand","embeddable":true,"href":"https:\/\/koraledetale.pl\/index.php?rest_route=%2Fwp%2Fv2%2Fproduct_brand&post=3650"},{"taxonomy":"product_cat","embeddable":true,"href":"https:\/\/koraledetale.pl\/index.php?rest_route=%2Fwp%2Fv2%2Fproduct_cat&post=3650"},{"taxonomy":"product_tag","embeddable":true,"href":"https:\/\/koraledetale.pl\/index.php?rest_route=%2Fwp%2Fv2%2Fproduct_tag&post=3650"}],"curies":[{"name":"wp","href":"https:\/\/api.w.org\/{rel}","templated":true}]}}