{"id":3521,"date":"2023-01-18T10:59:56","date_gmt":"2023-01-18T10:59:56","guid":{"rendered":"https:\/\/koraledetale.pl\/?post_type=product&#038;p=3521"},"modified":"2023-01-18T11:47:24","modified_gmt":"2023-01-18T11:47:24","slug":"kolczyki-rownonoc-z-kwarcami-dymnymi","status":"publish","type":"product","link":"https:\/\/koraledetale.pl\/?product=kolczyki-rownonoc-z-kwarcami-dymnymi","title":{"rendered":"Kolczyki R\u00d3WNONOC z kwarcami dymnymi"},"content":{"rendered":"<p>Wielko\u015b\u0107 kamieni:<\/p>\n<ul>\n<li>kwarc dymny &#8211; 4,5 mm,<\/li>\n<li>muszla (ksi\u0119\u017cyc) \u2013 12x8x3 mm,<\/li>\n<li>hematyt \u2013 4&#215;2 mm i 3&#215;2 mm.<\/li>\n<\/ul>\n<p>D\u0142ugo\u015b\u0107 kolczyk\u00f3w &#8211; 5 cm.<\/p>\n","protected":false},"excerpt":{"rendered":"<p>D\u0142ugie kolczyki &#8211; k\u00f3\u0142ka z kwarcami dymnymi, z\u0142otymi hematytami i ksi\u0119\u017cycami z muszlioraz fiku\u015bnymi czerwonymi chwostami.<\/p>\n<p>Wszystkie elementy metalowe wykonane s\u0105 z nieuczulaj\u0105cej stali chirurgicznej (szlachetnej).<\/p>\n","protected":false},"featured_media":3520,"comment_status":"open","ping_status":"closed","template":"","meta":{"advanced_seo_description":"","jetpack_seo_html_title":"","jetpack_seo_noindex":false},"product_brand":[],"product_cat":[18],"product_tag":[1238,528,1235,1236,501,63,989,31],"class_list":{"0":"post-3521","1":"product","2":"type-product","3":"status-publish","4":"has-post-thumbnail","6":"product_cat-kolczyki","7":"product_tag-kolczyki-boho","8":"product_tag-kolczyki-kolka-ze-stali-chirurgicznej","9":"product_tag-kolczyki-kolka-ze-stali-szlachetnej","10":"product_tag-kolczyki-z-kwarcami-dymnymi-i-ksiezycami","11":"product_tag-ksiezyc","12":"product_tag-kwarc-dymny","13":"product_tag-muszla","14":"product_tag-zloty-hematyt","16":"first","17":"instock","18":"shipping-taxable","19":"purchasable","20":"product-type-simple"},"jetpack_sharing_enabled":true,"_links":{"self":[{"href":"https:\/\/koraledetale.pl\/index.php?rest_route=\/wp\/v2\/product\/3521","targetHints":{"allow":["GET"]}}],"collection":[{"href":"https:\/\/koraledetale.pl\/index.php?rest_route=\/wp\/v2\/product"}],"about":[{"href":"https:\/\/koraledetale.pl\/index.php?rest_route=\/wp\/v2\/types\/product"}],"replies":[{"embeddable":true,"href":"https:\/\/koraledetale.pl\/index.php?rest_route=%2Fwp%2Fv2%2Fcomments&post=3521"}],"wp:featuredmedia":[{"embeddable":true,"href":"https:\/\/koraledetale.pl\/index.php?rest_route=\/wp\/v2\/media\/3520"}],"wp:attachment":[{"href":"https:\/\/koraledetale.pl\/index.php?rest_route=%2Fwp%2Fv2%2Fmedia&parent=3521"}],"wp:term":[{"taxonomy":"product_brand","embeddable":true,"href":"https:\/\/koraledetale.pl\/index.php?rest_route=%2Fwp%2Fv2%2Fproduct_brand&post=3521"},{"taxonomy":"product_cat","embeddable":true,"href":"https:\/\/koraledetale.pl\/index.php?rest_route=%2Fwp%2Fv2%2Fproduct_cat&post=3521"},{"taxonomy":"product_tag","embeddable":true,"href":"https:\/\/koraledetale.pl\/index.php?rest_route=%2Fwp%2Fv2%2Fproduct_tag&post=3521"}],"curies":[{"name":"wp","href":"https:\/\/api.w.org\/{rel}","templated":true}]}}