{"id":3472,"date":"2023-01-12T11:01:53","date_gmt":"2023-01-12T11:01:53","guid":{"rendered":"https:\/\/koraledetale.pl\/?post_type=product&#038;p=3472"},"modified":"2024-09-30T10:56:32","modified_gmt":"2024-09-30T10:56:32","slug":"naszyjnik-totem-z-turmalinem-turkusem-i-koralem","status":"publish","type":"product","link":"https:\/\/koraledetale.pl\/?product=naszyjnik-totem-z-turmalinem-turkusem-i-koralem","title":{"rendered":"Naszyjnik TOTEM z turmalinem, turkusem i koralem"},"content":{"rendered":"<p>Wielko\u015b\u0107 kamieni:<\/p>\n<ul>\n<li>turmalin \u2013 4,5 mm,<\/li>\n<li>turkus \u2013 ok. 4\u00d72 mm,<\/li>\n<li>koral \u2013 2-4 x 2-3,5 mm,<\/li>\n<li>hematyt \u2013 2mm, 3m5x2 mm i 4\u00d72 mm.<\/li>\n<\/ul>\n<p>D\u0142ugo\u015b\u0107 naszyjnika: 47,5 &#8211; 52 cm.<\/p>\n","protected":false},"excerpt":{"rendered":"<p>Naszyjnik z czarnych turmalin\u00f3w, przeplatanych koralem i turkusem oraz srebrnymi, hematytowymi przek\u0142adkami. Kamienie zasupe\u0142kowane s\u0105 na czerwonej, mocnej nici jubilerskiej. Zwie\u0144czeniem naszyjnika jest zawieszka &#8211; amulet z czerwon\u0105 nitk\u0105 (dla ochrony i szcz\u0119\u015bcia), koralem i hematytami. Amulet ma dwie strony (bardziej karbowan\u0105 i g\u0142adk\u0105, z wyra\u017anymi \u017c\u0142obieniami promieni).<\/p>\n<p>Wszystkie elementy metalowe wykonane s\u0105 z nieuczulaj\u0105cej stali chirurgicznej (szlachetnej).<\/p>\n","protected":false},"featured_media":3465,"comment_status":"open","ping_status":"closed","template":"","meta":{"advanced_seo_description":"","jetpack_seo_html_title":"","jetpack_seo_noindex":false},"product_brand":[],"product_cat":[229],"product_tag":[288,82,1224,1223,669,187,26,105],"class_list":{"0":"post-3472","1":"product","2":"type-product","3":"status-publish","4":"has-post-thumbnail","6":"product_cat-sprzedane","7":"product_tag-czarny-turmalin","8":"product_tag-koral","9":"product_tag-naszyjnik-z-amuletem","10":"product_tag-naszyjnik-z-czarnymi-turmalinami","11":"product_tag-naszyjnik-z-czerwona-nitka","12":"product_tag-naszyjnik-z-kolorowymi-kamieniami","13":"product_tag-srebrny-hematyt","14":"product_tag-turkus","16":"first","17":"outofstock","18":"shipping-taxable","19":"purchasable","20":"product-type-simple"},"jetpack_sharing_enabled":true,"_links":{"self":[{"href":"https:\/\/koraledetale.pl\/index.php?rest_route=\/wp\/v2\/product\/3472","targetHints":{"allow":["GET"]}}],"collection":[{"href":"https:\/\/koraledetale.pl\/index.php?rest_route=\/wp\/v2\/product"}],"about":[{"href":"https:\/\/koraledetale.pl\/index.php?rest_route=\/wp\/v2\/types\/product"}],"replies":[{"embeddable":true,"href":"https:\/\/koraledetale.pl\/index.php?rest_route=%2Fwp%2Fv2%2Fcomments&post=3472"}],"wp:featuredmedia":[{"embeddable":true,"href":"https:\/\/koraledetale.pl\/index.php?rest_route=\/wp\/v2\/media\/3465"}],"wp:attachment":[{"href":"https:\/\/koraledetale.pl\/index.php?rest_route=%2Fwp%2Fv2%2Fmedia&parent=3472"}],"wp:term":[{"taxonomy":"product_brand","embeddable":true,"href":"https:\/\/koraledetale.pl\/index.php?rest_route=%2Fwp%2Fv2%2Fproduct_brand&post=3472"},{"taxonomy":"product_cat","embeddable":true,"href":"https:\/\/koraledetale.pl\/index.php?rest_route=%2Fwp%2Fv2%2Fproduct_cat&post=3472"},{"taxonomy":"product_tag","embeddable":true,"href":"https:\/\/koraledetale.pl\/index.php?rest_route=%2Fwp%2Fv2%2Fproduct_tag&post=3472"}],"curies":[{"name":"wp","href":"https:\/\/api.w.org\/{rel}","templated":true}]}}

<p>Wielkość kamieni:</p>
<ul>
<li>turmalin – 4,5 mm,</li>
<li>turkus – ok. 4×2 mm,</li>
<li>koral – 2-4 x 2-3,5 mm,</li>
<li>hematyt – 2mm, 3m5x2 mm i 4×2 mm.</li>
</ul>
<p>Długość naszyjnika: 47,5 &#8211; 52 cm.</p>

<p>Naszyjnik z czarnych turmalinów, przeplatanych koralem i turkusem oraz srebrnymi, hematytowymi przekładkami. Kamienie zasupełkowane są na czerwonej, mocnej nici jubilerskiej. Zwieńczeniem naszyjnika jest zawieszka &#8211; amulet z czerwoną nitką (dla ochrony i szczęścia), koralem i hematytami. Amulet ma dwie strony (bardziej karbowaną i gładką, z wyraźnymi żłobieniami promieni).</p>
<p>Wszystkie elementy metalowe wykonane są z nieuczulającej stali chirurgicznej (szlachetnej).</p>
