{"id":3413,"date":"2023-01-02T07:44:02","date_gmt":"2023-01-02T07:44:02","guid":{"rendered":"https:\/\/koraledetale.pl\/?post_type=product&#038;p=3413"},"modified":"2023-12-07T17:13:11","modified_gmt":"2023-12-07T17:13:11","slug":"naszyjnik-mieta-z-kwarcem-dymnym","status":"publish","type":"product","link":"https:\/\/koraledetale.pl\/?product=naszyjnik-mieta-z-kwarcem-dymnym","title":{"rendered":"Naszyjnik MI\u0118TA z kwarcem dymnym"},"content":{"rendered":"<p>Wielko\u015b\u0107 kwarcu: 23 x 19 x 14.<\/p>\n<p>D\u0142ugo\u015b\u0107 naszyjnika do 90 cm + zawieszka 4,5 cm.<\/p>\n","protected":false},"excerpt":{"rendered":"<p>Naszyjnik z du\u017cym, \u0142agodnie oszlifowanym kwarcem dymnym. Mi\u0119towy jedwab, na kt\u00f3rym zawieszony jest kamie\u0144, mo\u017cna zawi\u0105za\u0107 bli\u017cej szyi na kokard\u0119 lub na supe\u0142ek, pozwalaj\u0105c kwarcowi zwisa\u0107 bli\u017cej p\u0119pka.<\/p>\n","protected":false},"featured_media":3416,"comment_status":"open","ping_status":"closed","template":"","meta":{"advanced_seo_description":"","jetpack_seo_html_title":"","jetpack_seo_noindex":false},"product_brand":[],"product_cat":[229],"product_tag":[1202,478,63],"class_list":{"0":"post-3413","1":"product","2":"type-product","3":"status-publish","4":"has-post-thumbnail","6":"product_cat-sprzedane","7":"product_tag-hedwabny-naszyjnik-z-kwarcem-dymnym","8":"product_tag-jedwab","9":"product_tag-kwarc-dymny","11":"first","12":"outofstock","13":"shipping-taxable","14":"purchasable","15":"product-type-simple"},"jetpack_sharing_enabled":true,"_links":{"self":[{"href":"https:\/\/koraledetale.pl\/index.php?rest_route=\/wp\/v2\/product\/3413","targetHints":{"allow":["GET"]}}],"collection":[{"href":"https:\/\/koraledetale.pl\/index.php?rest_route=\/wp\/v2\/product"}],"about":[{"href":"https:\/\/koraledetale.pl\/index.php?rest_route=\/wp\/v2\/types\/product"}],"replies":[{"embeddable":true,"href":"https:\/\/koraledetale.pl\/index.php?rest_route=%2Fwp%2Fv2%2Fcomments&post=3413"}],"wp:featuredmedia":[{"embeddable":true,"href":"https:\/\/koraledetale.pl\/index.php?rest_route=\/wp\/v2\/media\/3416"}],"wp:attachment":[{"href":"https:\/\/koraledetale.pl\/index.php?rest_route=%2Fwp%2Fv2%2Fmedia&parent=3413"}],"wp:term":[{"taxonomy":"product_brand","embeddable":true,"href":"https:\/\/koraledetale.pl\/index.php?rest_route=%2Fwp%2Fv2%2Fproduct_brand&post=3413"},{"taxonomy":"product_cat","embeddable":true,"href":"https:\/\/koraledetale.pl\/index.php?rest_route=%2Fwp%2Fv2%2Fproduct_cat&post=3413"},{"taxonomy":"product_tag","embeddable":true,"href":"https:\/\/koraledetale.pl\/index.php?rest_route=%2Fwp%2Fv2%2Fproduct_tag&post=3413"}],"curies":[{"name":"wp","href":"https:\/\/api.w.org\/{rel}","templated":true}]}}