{"id":3396,"date":"2022-12-30T11:00:21","date_gmt":"2022-12-30T11:00:21","guid":{"rendered":"https:\/\/koraledetale.pl\/?post_type=product&#038;p=3396"},"modified":"2025-02-21T10:08:46","modified_gmt":"2025-02-21T10:08:46","slug":"bransoletka-feria-z-kamieniami-naturalnymi","status":"publish","type":"product","link":"https:\/\/koraledetale.pl\/?product=bransoletka-feria-z-kamieniami-naturalnymi","title":{"rendered":"Bransoletka FEERIA z kamieniami naturalnymi"},"content":{"rendered":"<p>Wielko\u015b\u0107 kamieni:<\/p>\n<ul>\n<li>rodochrozyt, iolit, jaspis, kamie\u0144 ksi\u0119\u017cycowy, kryszta\u0142 g\u00f3rski, kwarc, agat, ametyst i czarny turmalin &#8211; 4,5 mm,<\/li>\n<li>hematyt &#8211; 3&#215;2 i 2 mm.<\/li>\n<\/ul>\n<p>D\u0142ugo\u015b\u0107 bransoletki: 17,2 cm.<\/p>\n<p>&nbsp;<\/p>\n","protected":false},"excerpt":{"rendered":"<p>Bransoletka z kolorowymi kamieniami naturalnymi: rodochrozytami, iolitami, jaspisami, kamieniami ksi\u0119\u017cycowymi, kryszta\u0142ami g\u00f3rskimi, kwarcami, agatami, ametystami i czarnymi turmalinami, przeplatanymi z\u0142otymi hematytami.<\/p>\n<p>Wszystkie elementy metalowe wykonane s\u0105 z nieuczulaj\u0105cej stali chirurgicznej (szlachetnej).<\/p>\n","protected":false},"featured_media":3500,"comment_status":"open","ping_status":"closed","template":"","meta":{"advanced_seo_description":"","jetpack_seo_html_title":"","jetpack_seo_noindex":false},"product_brand":[],"product_cat":[229],"product_tag":[127,38,80,237,288,23,724,64,1197,188,1196,1198,31],"class_list":{"0":"post-3396","1":"product","2":"type-product","3":"status-publish","4":"has-post-thumbnail","6":"product_cat-sprzedane","7":"product_tag-agat","8":"product_tag-ametyst","9":"product_tag-bransoletka-z-kamieniami-naturalnymi","10":"product_tag-bransoletka-z-kolorowymi-kamieniami","11":"product_tag-czarny-turmalin","12":"product_tag-iolit","13":"product_tag-jaspis","14":"product_tag-kamien-ksiezycowy","15":"product_tag-krysztal-gorksi","16":"product_tag-kwarc","17":"product_tag-miks-kamieni","18":"product_tag-rofochrozyt","19":"product_tag-zloty-hematyt","21":"first","22":"outofstock","23":"shipping-taxable","24":"product-type-simple"},"jetpack_sharing_enabled":true,"_links":{"self":[{"href":"https:\/\/koraledetale.pl\/index.php?rest_route=\/wp\/v2\/product\/3396","targetHints":{"allow":["GET"]}}],"collection":[{"href":"https:\/\/koraledetale.pl\/index.php?rest_route=\/wp\/v2\/product"}],"about":[{"href":"https:\/\/koraledetale.pl\/index.php?rest_route=\/wp\/v2\/types\/product"}],"replies":[{"embeddable":true,"href":"https:\/\/koraledetale.pl\/index.php?rest_route=%2Fwp%2Fv2%2Fcomments&post=3396"}],"wp:featuredmedia":[{"embeddable":true,"href":"https:\/\/koraledetale.pl\/index.php?rest_route=\/wp\/v2\/media\/3500"}],"wp:attachment":[{"href":"https:\/\/koraledetale.pl\/index.php?rest_route=%2Fwp%2Fv2%2Fmedia&parent=3396"}],"wp:term":[{"taxonomy":"product_brand","embeddable":true,"href":"https:\/\/koraledetale.pl\/index.php?rest_route=%2Fwp%2Fv2%2Fproduct_brand&post=3396"},{"taxonomy":"product_cat","embeddable":true,"href":"https:\/\/koraledetale.pl\/index.php?rest_route=%2Fwp%2Fv2%2Fproduct_cat&post=3396"},{"taxonomy":"product_tag","embeddable":true,"href":"https:\/\/koraledetale.pl\/index.php?rest_route=%2Fwp%2Fv2%2Fproduct_tag&post=3396"}],"curies":[{"name":"wp","href":"https:\/\/api.w.org\/{rel}","templated":true}]}}