{"id":3298,"date":"2022-11-24T08:01:25","date_gmt":"2022-11-24T08:01:25","guid":{"rendered":"https:\/\/koraledetale.pl\/?post_type=product&#038;p=3298"},"modified":"2024-12-10T09:30:43","modified_gmt":"2024-12-10T09:30:43","slug":"mala-na-ochrone-przed-zlem","status":"publish","type":"product","link":"https:\/\/koraledetale.pl\/?product=mala-na-ochrone-przed-zlem","title":{"rendered":"Mala na ochron\u0119 przed z\u0142em"},"content":{"rendered":"<p>Wielko\u015b\u0107 kamieni:<\/p>\n<ul>\n<li>jadeit &#8211; 6 mm,<\/li>\n<li>rodonit &#8211; 7 mm,<\/li>\n<li>hematyt &#8211; 4&#215;3 mm,<\/li>\n<li>amazonit &#8211; 11 mm.<\/li>\n<\/ul>\n<p>D\u0142ugo\u015b\u0107 mali &#8211; 90 cm + guru z chwostem -11 cm.<\/p>\n","protected":false},"excerpt":{"rendered":"<p>Mala z r\u00f3\u017cowych, fasetowanych jadeit\u00f3w, przeplatanych g\u0142adkimi rodonitami, z wplecionymi z\u0142otymi, matowymi hematytami. Sznur zwie\u0144cza guru z matowego amazonitu oraz jedwabny chwost.<\/p>\n","protected":false},"featured_media":3301,"comment_status":"open","ping_status":"closed","template":"","meta":{"advanced_seo_description":"","jetpack_seo_html_title":"","jetpack_seo_noindex":false},"product_brand":[],"product_cat":[229],"product_tag":[53,65,775,478,1171,1172,1173,772,823,1174],"class_list":{"0":"post-3298","1":"product","2":"type-product","3":"status-publish","4":"has-post-thumbnail","6":"product_cat-sprzedane","7":"product_tag-amazonit","8":"product_tag-chwost","9":"product_tag-jadeit","10":"product_tag-jedwab","11":"product_tag-mala-z-jadeitami-i-rodonitami","12":"product_tag-mala-z-jedwabnym-chwostem","13":"product_tag-mala-z-rozowymi-kamieniami","14":"product_tag-naszyjnik-do-medytacji","15":"product_tag-rodonit","16":"product_tag-sznur-modlitewny","18":"first","19":"outofstock","20":"sold-individually","21":"shipping-taxable","22":"purchasable","23":"product-type-simple"},"jetpack_sharing_enabled":true,"_links":{"self":[{"href":"https:\/\/koraledetale.pl\/index.php?rest_route=\/wp\/v2\/product\/3298","targetHints":{"allow":["GET"]}}],"collection":[{"href":"https:\/\/koraledetale.pl\/index.php?rest_route=\/wp\/v2\/product"}],"about":[{"href":"https:\/\/koraledetale.pl\/index.php?rest_route=\/wp\/v2\/types\/product"}],"replies":[{"embeddable":true,"href":"https:\/\/koraledetale.pl\/index.php?rest_route=%2Fwp%2Fv2%2Fcomments&post=3298"}],"wp:featuredmedia":[{"embeddable":true,"href":"https:\/\/koraledetale.pl\/index.php?rest_route=\/wp\/v2\/media\/3301"}],"wp:attachment":[{"href":"https:\/\/koraledetale.pl\/index.php?rest_route=%2Fwp%2Fv2%2Fmedia&parent=3298"}],"wp:term":[{"taxonomy":"product_brand","embeddable":true,"href":"https:\/\/koraledetale.pl\/index.php?rest_route=%2Fwp%2Fv2%2Fproduct_brand&post=3298"},{"taxonomy":"product_cat","embeddable":true,"href":"https:\/\/koraledetale.pl\/index.php?rest_route=%2Fwp%2Fv2%2Fproduct_cat&post=3298"},{"taxonomy":"product_tag","embeddable":true,"href":"https:\/\/koraledetale.pl\/index.php?rest_route=%2Fwp%2Fv2%2Fproduct_tag&post=3298"}],"curies":[{"name":"wp","href":"https:\/\/api.w.org\/{rel}","templated":true}]}}