{"id":3265,"date":"2022-11-15T10:08:05","date_gmt":"2022-11-15T10:08:05","guid":{"rendered":"https:\/\/koraledetale.pl\/?post_type=product&#038;p=3265"},"modified":"2023-05-30T19:41:44","modified_gmt":"2023-05-30T19:41:44","slug":"naszyjnik-carmen-z-karneolami","status":"publish","type":"product","link":"https:\/\/koraledetale.pl\/?product=naszyjnik-carmen-z-karneolami","title":{"rendered":"Naszyjnik CARMEN z karneolami"},"content":{"rendered":"<p>Wielko\u015b\u0107 kamieni:<\/p>\n<ul>\n<li>karneol \u2013 4,5 i 3,5\u00d73 mm,<\/li>\n<li>hematyt \u2013 2 mm i 2\u00d71 mm.<\/li>\n<\/ul>\n<p>D\u0142ugo\u015b\u0107 naszyjnika do 65 cm + zawieszka 1,5 cm.<\/p>\n","protected":false},"excerpt":{"rendered":"<p>Regulowany naszyjnik z fasetowanymi karneolami, przeplatanymi z\u0142otymi hematytami, z zawieszk\u0105 &#8211; r\u0119k\u0105 Fatimy (druga strona zawieszki jest g\u0142adka). Przy zawieszce jest czerwona nitka dla ochrony i szcz\u0119\u015bcia. Dzi\u0119ki \u0142atwej regulacji naszyjnik dopasujesz do dekoltu. Mocna ni\u0107 jubilerska zapewni naszyjnikowi wytrzyma\u0142o\u015b\u0107.<\/p>\n","protected":false},"featured_media":3261,"comment_status":"open","ping_status":"closed","template":"","meta":{"advanced_seo_description":"","jetpack_seo_html_title":"","jetpack_seo_noindex":false},"product_brand":[],"product_cat":[229],"product_tag":[606,33,751,388,35,1162,1161,1080,72,31],"class_list":{"0":"post-3265","1":"product","2":"type-product","3":"status-publish","4":"has-post-thumbnail","6":"product_cat-sprzedane","7":"product_tag-czerwona-nitka","8":"product_tag-hamsa","9":"product_tag-karneol","10":"product_tag-naszyjnik-na-sznureczku","11":"product_tag-naszyjnik-z-hamsa","12":"product_tag-naszyjnik-z-reka-fatimy","13":"product_tag-regulowany-naszyjnik-z-karneolem","14":"product_tag-reka-fatimy","15":"product_tag-zawieszka","16":"product_tag-zloty-hematyt","18":"first","19":"outofstock","20":"shipping-taxable","21":"purchasable","22":"product-type-simple"},"jetpack_sharing_enabled":true,"_links":{"self":[{"href":"https:\/\/koraledetale.pl\/index.php?rest_route=\/wp\/v2\/product\/3265","targetHints":{"allow":["GET"]}}],"collection":[{"href":"https:\/\/koraledetale.pl\/index.php?rest_route=\/wp\/v2\/product"}],"about":[{"href":"https:\/\/koraledetale.pl\/index.php?rest_route=\/wp\/v2\/types\/product"}],"replies":[{"embeddable":true,"href":"https:\/\/koraledetale.pl\/index.php?rest_route=%2Fwp%2Fv2%2Fcomments&post=3265"}],"wp:featuredmedia":[{"embeddable":true,"href":"https:\/\/koraledetale.pl\/index.php?rest_route=\/wp\/v2\/media\/3261"}],"wp:attachment":[{"href":"https:\/\/koraledetale.pl\/index.php?rest_route=%2Fwp%2Fv2%2Fmedia&parent=3265"}],"wp:term":[{"taxonomy":"product_brand","embeddable":true,"href":"https:\/\/koraledetale.pl\/index.php?rest_route=%2Fwp%2Fv2%2Fproduct_brand&post=3265"},{"taxonomy":"product_cat","embeddable":true,"href":"https:\/\/koraledetale.pl\/index.php?rest_route=%2Fwp%2Fv2%2Fproduct_cat&post=3265"},{"taxonomy":"product_tag","embeddable":true,"href":"https:\/\/koraledetale.pl\/index.php?rest_route=%2Fwp%2Fv2%2Fproduct_tag&post=3265"}],"curies":[{"name":"wp","href":"https:\/\/api.w.org\/{rel}","templated":true}]}}