{"id":3253,"date":"2022-11-14T09:05:41","date_gmt":"2022-11-14T09:05:41","guid":{"rendered":"https:\/\/koraledetale.pl\/?post_type=product&#038;p=3253"},"modified":"2022-12-06T13:12:07","modified_gmt":"2022-12-06T13:12:07","slug":"naszyjnik-monstera-z-malachitami-i-ametystami","status":"publish","type":"product","link":"https:\/\/koraledetale.pl\/?product=naszyjnik-monstera-z-malachitami-i-ametystami","title":{"rendered":"Naszyjnik MONSTERA z malachitami i ametystami"},"content":{"rendered":"<p>Wielko\u015b\u0107 kamieni:<\/p>\n<ul>\n<li>malachit \u2013 4,5 mm,<\/li>\n<li>ametyst \u2013 5 mm,<\/li>\n<li>hematyt \u2013 4\u00d72 mm i 2 mm.<\/li>\n<\/ul>\n<p>D\u0142ugo\u015b\u0107 naszyjnika: 77 cm + zawieszka 2,6 cm.<\/p>\n","protected":false},"excerpt":{"rendered":"<p>Supe\u0142kowy naszyjnik z g\u0142adkimi kuleczkami malachitu, ametystu i z\u0142otymi hematytami, z zawieszk\u0105 \u2013 li\u015bciem monstery.<\/p>\n<p>Zawieszka wykonana jest z nieuczulaj\u0105cej stali chirurgicznej (szlachetnej).<\/p>\n","protected":false},"featured_media":3254,"comment_status":"open","ping_status":"closed","template":"","meta":{"advanced_seo_description":"","jetpack_seo_html_title":"","jetpack_seo_noindex":false},"product_brand":[],"product_cat":[229],"product_tag":[38,1155,158,1146,1154,1156,31],"class_list":{"0":"post-3253","1":"product","2":"type-product","3":"status-publish","4":"has-post-thumbnail","6":"product_cat-sprzedane","7":"product_tag-ametyst","8":"product_tag-dlugi-naszyjnik-z-malachitami","9":"product_tag-malachit","10":"product_tag-monstera","11":"product_tag-naszyjnik-z-malachitami-i-ametystami","12":"product_tag-naszyjnik-z-monstera","13":"product_tag-zloty-hematyt","15":"first","16":"outofstock","17":"shipping-taxable","18":"purchasable","19":"product-type-simple"},"jetpack_sharing_enabled":true,"_links":{"self":[{"href":"https:\/\/koraledetale.pl\/index.php?rest_route=\/wp\/v2\/product\/3253","targetHints":{"allow":["GET"]}}],"collection":[{"href":"https:\/\/koraledetale.pl\/index.php?rest_route=\/wp\/v2\/product"}],"about":[{"href":"https:\/\/koraledetale.pl\/index.php?rest_route=\/wp\/v2\/types\/product"}],"replies":[{"embeddable":true,"href":"https:\/\/koraledetale.pl\/index.php?rest_route=%2Fwp%2Fv2%2Fcomments&post=3253"}],"wp:featuredmedia":[{"embeddable":true,"href":"https:\/\/koraledetale.pl\/index.php?rest_route=\/wp\/v2\/media\/3254"}],"wp:attachment":[{"href":"https:\/\/koraledetale.pl\/index.php?rest_route=%2Fwp%2Fv2%2Fmedia&parent=3253"}],"wp:term":[{"taxonomy":"product_brand","embeddable":true,"href":"https:\/\/koraledetale.pl\/index.php?rest_route=%2Fwp%2Fv2%2Fproduct_brand&post=3253"},{"taxonomy":"product_cat","embeddable":true,"href":"https:\/\/koraledetale.pl\/index.php?rest_route=%2Fwp%2Fv2%2Fproduct_cat&post=3253"},{"taxonomy":"product_tag","embeddable":true,"href":"https:\/\/koraledetale.pl\/index.php?rest_route=%2Fwp%2Fv2%2Fproduct_tag&post=3253"}],"curies":[{"name":"wp","href":"https:\/\/api.w.org\/{rel}","templated":true}]}}