{"id":3220,"date":"2022-11-09T07:52:13","date_gmt":"2022-11-09T07:52:13","guid":{"rendered":"https:\/\/koraledetale.pl\/?post_type=product&#038;p=3220"},"modified":"2022-12-06T13:12:15","modified_gmt":"2022-12-06T13:12:15","slug":"naszyjnik-amazonia-z-amazonitem","status":"publish","type":"product","link":"https:\/\/koraledetale.pl\/?product=naszyjnik-amazonia-z-amazonitem","title":{"rendered":"Naszyjnik AMAZONIA z amazonitem"},"content":{"rendered":"<p>Wielko\u015b\u0107 amazonitu &#8211; 12x9x5 mm.<\/p>\n<p>D\u0142ugo\u015b\u0107 \u0142a\u0144cucha: 44 cm + zawieszka 2,8 cm.<\/p>\n","protected":false},"excerpt":{"rendered":"<p>Naszyjnik z \u0142a\u0144cuszka o du\u017cych, karbowanych oczkach, z \u0142ezk\u0105 amazonitu, zawieszon\u0105 na grubym k\u00f3\u0142ku. \u0141a\u0144cuszek zapniesz na dowolnym oczku, co stwarza wiele mo\u017cliwo\u015bci jego noszenia.<\/p>\n<p>\u0141a\u0144cuszek, zapi\u0119cie i k\u00f3\u0142ko wykonane s\u0105 z nieuczulaj\u0105cej stali chirurgicznej (szlachetnej).<\/p>\n","protected":false},"featured_media":3221,"comment_status":"open","ping_status":"closed","template":"","meta":{"advanced_seo_description":"","jetpack_seo_html_title":"","jetpack_seo_noindex":false},"product_brand":[],"product_cat":[229],"product_tag":[53,594,477,142,940],"class_list":{"0":"post-3220","1":"product","2":"type-product","3":"status-publish","4":"has-post-thumbnail","6":"product_cat-sprzedane","7":"product_tag-amazonit","8":"product_tag-naszyjnik-z-amazonitem","9":"product_tag-naszyjnik-z-kamieniem-naturalnym","10":"product_tag-lancuszek","11":"product_tag-lancuszek-z-amazonitem","13":"first","14":"outofstock","15":"shipping-taxable","16":"purchasable","17":"product-type-simple"},"jetpack_sharing_enabled":true,"_links":{"self":[{"href":"https:\/\/koraledetale.pl\/index.php?rest_route=\/wp\/v2\/product\/3220","targetHints":{"allow":["GET"]}}],"collection":[{"href":"https:\/\/koraledetale.pl\/index.php?rest_route=\/wp\/v2\/product"}],"about":[{"href":"https:\/\/koraledetale.pl\/index.php?rest_route=\/wp\/v2\/types\/product"}],"replies":[{"embeddable":true,"href":"https:\/\/koraledetale.pl\/index.php?rest_route=%2Fwp%2Fv2%2Fcomments&post=3220"}],"wp:featuredmedia":[{"embeddable":true,"href":"https:\/\/koraledetale.pl\/index.php?rest_route=\/wp\/v2\/media\/3221"}],"wp:attachment":[{"href":"https:\/\/koraledetale.pl\/index.php?rest_route=%2Fwp%2Fv2%2Fmedia&parent=3220"}],"wp:term":[{"taxonomy":"product_brand","embeddable":true,"href":"https:\/\/koraledetale.pl\/index.php?rest_route=%2Fwp%2Fv2%2Fproduct_brand&post=3220"},{"taxonomy":"product_cat","embeddable":true,"href":"https:\/\/koraledetale.pl\/index.php?rest_route=%2Fwp%2Fv2%2Fproduct_cat&post=3220"},{"taxonomy":"product_tag","embeddable":true,"href":"https:\/\/koraledetale.pl\/index.php?rest_route=%2Fwp%2Fv2%2Fproduct_tag&post=3220"}],"curies":[{"name":"wp","href":"https:\/\/api.w.org\/{rel}","templated":true}]}}