{"id":3189,"date":"2022-11-01T11:48:52","date_gmt":"2022-11-01T11:48:52","guid":{"rendered":"https:\/\/koraledetale.pl\/?post_type=product&#038;p=3189"},"modified":"2022-12-11T19:13:35","modified_gmt":"2022-12-11T19:13:35","slug":"bransoletka-oliwka-z-turmalinem-peridotem-opalem-i-hematytem","status":"publish","type":"product","link":"https:\/\/koraledetale.pl\/?product=bransoletka-oliwka-z-turmalinem-peridotem-opalem-i-hematytem","title":{"rendered":"Bransoletka OLIWKA z turmalinem, peridotem, opalem i hematytem"},"content":{"rendered":"<p>Wielko\u015b\u0107 kamieni&#8221;<\/p>\n<ul>\n<li>turmalin &#8211; 3 mm,<\/li>\n<li>peridot &#8211; 2 mm,<\/li>\n<li>opal &#8211; 2,5 mm,<\/li>\n<li>hematyt &#8211; 2 mm.<\/li>\n<\/ul>\n<p>D\u0142ugo\u015b\u0107 bransoletki: 16-19 cm.<\/p>\n","protected":false},"excerpt":{"rendered":"<p>Bransoletka z zielonymi, fasetowanymi kamieniami: turmalinem, peridotem, opalem i hematytem, przeplatanymi kulkami z\u0142otego hematytu, z lun\u0105 w centrum i gwiazdk\u0105 przy przed\u0142u\u017cce.<\/p>\n<p>Wszystkie elementy metalowe wykonane s\u0105 z nieuczulaj\u0105cej stali chirurgicznej (szlachetnej).<\/p>\n","protected":false},"featured_media":3190,"comment_status":"open","ping_status":"closed","template":"","meta":{"advanced_seo_description":"","jetpack_seo_html_title":"","jetpack_seo_noindex":false},"product_brand":[],"product_cat":[229],"product_tag":[656,789,687,806,500,87,1104,31],"class_list":{"0":"post-3189","1":"product","2":"type-product","3":"status-publish","4":"has-post-thumbnail","6":"product_cat-sprzedane","7":"product_tag-bransoletka-z-zielonymi-kamieniami-naturalnymi","8":"product_tag-gwiazdka","9":"product_tag-luna","10":"product_tag-opal","11":"product_tag-peridot","12":"product_tag-turmalin","13":"product_tag-zielony-hematyt","14":"product_tag-zloty-hematyt","16":"first","17":"outofstock","18":"shipping-taxable","19":"purchasable","20":"product-type-simple"},"jetpack_sharing_enabled":true,"_links":{"self":[{"href":"https:\/\/koraledetale.pl\/index.php?rest_route=\/wp\/v2\/product\/3189","targetHints":{"allow":["GET"]}}],"collection":[{"href":"https:\/\/koraledetale.pl\/index.php?rest_route=\/wp\/v2\/product"}],"about":[{"href":"https:\/\/koraledetale.pl\/index.php?rest_route=\/wp\/v2\/types\/product"}],"replies":[{"embeddable":true,"href":"https:\/\/koraledetale.pl\/index.php?rest_route=%2Fwp%2Fv2%2Fcomments&post=3189"}],"wp:featuredmedia":[{"embeddable":true,"href":"https:\/\/koraledetale.pl\/index.php?rest_route=\/wp\/v2\/media\/3190"}],"wp:attachment":[{"href":"https:\/\/koraledetale.pl\/index.php?rest_route=%2Fwp%2Fv2%2Fmedia&parent=3189"}],"wp:term":[{"taxonomy":"product_brand","embeddable":true,"href":"https:\/\/koraledetale.pl\/index.php?rest_route=%2Fwp%2Fv2%2Fproduct_brand&post=3189"},{"taxonomy":"product_cat","embeddable":true,"href":"https:\/\/koraledetale.pl\/index.php?rest_route=%2Fwp%2Fv2%2Fproduct_cat&post=3189"},{"taxonomy":"product_tag","embeddable":true,"href":"https:\/\/koraledetale.pl\/index.php?rest_route=%2Fwp%2Fv2%2Fproduct_tag&post=3189"}],"curies":[{"name":"wp","href":"https:\/\/api.w.org\/{rel}","templated":true}]}}