{"id":3130,"date":"2022-10-21T16:02:50","date_gmt":"2022-10-21T16:02:50","guid":{"rendered":"https:\/\/koraledetale.pl\/?post_type=product&#038;p=3130"},"modified":"2025-02-20T12:34:55","modified_gmt":"2025-02-20T12:34:55","slug":"naszyjnik-delikates-z-perlami-i-chalcedonem","status":"publish","type":"product","link":"https:\/\/koraledetale.pl\/?product=naszyjnik-delikates-z-perlami-i-chalcedonem","title":{"rendered":"Naszyjnik DELIKATES z per\u0142ami i chalcedonem"},"content":{"rendered":"<p>Wielko\u015b\u0107 kamieni:<\/p>\n<ul>\n<li>per\u0142a &#8211; 5&#215;3 mm,<\/li>\n<li>chalcedon &#8211; 12&#215;7 mm,<\/li>\n<li>hematyt &#8211; 2 mm.<\/li>\n<\/ul>\n<p>D\u0142ugo\u015b\u0107 naszyjnika: 40-44,5 cm + zawieszka 2,9 cm.<\/p>\n","protected":false},"excerpt":{"rendered":"<p>Naszyjnik z niedu\u017cych, nieregularnych pere\u0142, z mandal\u0105 i kropl\u0105 r\u00f3\u017cowego chalcedonu w centrum.<\/p>\n","protected":false},"featured_media":3134,"comment_status":"open","ping_status":"closed","template":"","meta":{"advanced_seo_description":"","jetpack_seo_html_title":"","jetpack_seo_noindex":false},"product_brand":[],"product_cat":[229],"product_tag":[54,167,1122,670,1123,1124,1125],"class_list":{"0":"post-3130","1":"product","2":"type-product","3":"status-publish","4":"has-post-thumbnail","6":"product_cat-sprzedane","7":"product_tag-mandala","8":"product_tag-naszyjnik-z-drobnych-perel","9":"product_tag-naszyjnik-z-perlami-i-chalcedonem","10":"product_tag-perly","11":"product_tag-perly-z-mandala","12":"product_tag-rozowy-chalcedon","13":"product_tag-zloty-hematytchalcedon","15":"first","16":"outofstock","17":"shipping-taxable","18":"product-type-simple"},"jetpack_sharing_enabled":true,"_links":{"self":[{"href":"https:\/\/koraledetale.pl\/index.php?rest_route=\/wp\/v2\/product\/3130","targetHints":{"allow":["GET"]}}],"collection":[{"href":"https:\/\/koraledetale.pl\/index.php?rest_route=\/wp\/v2\/product"}],"about":[{"href":"https:\/\/koraledetale.pl\/index.php?rest_route=\/wp\/v2\/types\/product"}],"replies":[{"embeddable":true,"href":"https:\/\/koraledetale.pl\/index.php?rest_route=%2Fwp%2Fv2%2Fcomments&post=3130"}],"wp:featuredmedia":[{"embeddable":true,"href":"https:\/\/koraledetale.pl\/index.php?rest_route=\/wp\/v2\/media\/3134"}],"wp:attachment":[{"href":"https:\/\/koraledetale.pl\/index.php?rest_route=%2Fwp%2Fv2%2Fmedia&parent=3130"}],"wp:term":[{"taxonomy":"product_brand","embeddable":true,"href":"https:\/\/koraledetale.pl\/index.php?rest_route=%2Fwp%2Fv2%2Fproduct_brand&post=3130"},{"taxonomy":"product_cat","embeddable":true,"href":"https:\/\/koraledetale.pl\/index.php?rest_route=%2Fwp%2Fv2%2Fproduct_cat&post=3130"},{"taxonomy":"product_tag","embeddable":true,"href":"https:\/\/koraledetale.pl\/index.php?rest_route=%2Fwp%2Fv2%2Fproduct_tag&post=3130"}],"curies":[{"name":"wp","href":"https:\/\/api.w.org\/{rel}","templated":true}]}}