{"id":3115,"date":"2022-10-18T13:17:19","date_gmt":"2022-10-18T13:17:19","guid":{"rendered":"https:\/\/koraledetale.pl\/?post_type=product&#038;p=3115"},"modified":"2025-09-30T08:06:44","modified_gmt":"2025-09-30T08:06:44","slug":"bransoletka-gwiazdzista-noc-z-labradorytami-i-gwiazda","status":"publish","type":"product","link":"https:\/\/koraledetale.pl\/?product=bransoletka-gwiazdzista-noc-z-labradorytami-i-gwiazda","title":{"rendered":"Bransoletka GWIA\u0179DZISTA NOC z labradorytami i gwiazd\u0105"},"content":{"rendered":"<p>Wielko\u015b\u0107 kamieni:<\/p>\n<ul>\n<li>labradoryt \u2013 ok. 4,5\u00d73 mm i 8x8x5 mm (\u0142ezka),<\/li>\n<li>hematyt \u2013 3\u00d71 mm i 2 mm.<\/li>\n<\/ul>\n<p>D\u0142ugo\u015b\u0107 bransoletki 17-20 cm.<\/p>\n","protected":false},"excerpt":{"rendered":"<p>Bransoletka z ciosanych labradoryt\u00f3w (wysokiej klasy jubilerskiej), przeplatanymi z\u0142otymi hematytami, z zawieszk\u0105 \u2013 gwiazd\u0105 i \u0142ezk\u0105 labradorytu przy przed\u0142u\u017cce.<\/p>\n<p>Wszystkie elementy metalowe wykonane s\u0105 z nieuczulaj\u0105cej stali chirurgicznej (szlachetnej).<\/p>\n","protected":false},"featured_media":3111,"comment_status":"open","ping_status":"closed","template":"","meta":{"advanced_seo_description":"","jetpack_seo_html_title":"","jetpack_seo_noindex":false},"product_brand":[],"product_cat":[229],"product_tag":[1114,1115,1116,56],"class_list":{"0":"post-3115","1":"product","2":"type-product","3":"status-publish","4":"has-post-thumbnail","6":"product_cat-sprzedane","7":"product_tag-bransoletka-z-labradorytami-i-zawieszkami","8":"product_tag-bransoletka-z-szarych-kamieni","9":"product_tag-gwiazda","10":"product_tag-labradoryt","12":"first","13":"outofstock","14":"shipping-taxable","15":"product-type-simple"},"jetpack_sharing_enabled":true,"_links":{"self":[{"href":"https:\/\/koraledetale.pl\/index.php?rest_route=\/wp\/v2\/product\/3115","targetHints":{"allow":["GET"]}}],"collection":[{"href":"https:\/\/koraledetale.pl\/index.php?rest_route=\/wp\/v2\/product"}],"about":[{"href":"https:\/\/koraledetale.pl\/index.php?rest_route=\/wp\/v2\/types\/product"}],"replies":[{"embeddable":true,"href":"https:\/\/koraledetale.pl\/index.php?rest_route=%2Fwp%2Fv2%2Fcomments&post=3115"}],"wp:featuredmedia":[{"embeddable":true,"href":"https:\/\/koraledetale.pl\/index.php?rest_route=\/wp\/v2\/media\/3111"}],"wp:attachment":[{"href":"https:\/\/koraledetale.pl\/index.php?rest_route=%2Fwp%2Fv2%2Fmedia&parent=3115"}],"wp:term":[{"taxonomy":"product_brand","embeddable":true,"href":"https:\/\/koraledetale.pl\/index.php?rest_route=%2Fwp%2Fv2%2Fproduct_brand&post=3115"},{"taxonomy":"product_cat","embeddable":true,"href":"https:\/\/koraledetale.pl\/index.php?rest_route=%2Fwp%2Fv2%2Fproduct_cat&post=3115"},{"taxonomy":"product_tag","embeddable":true,"href":"https:\/\/koraledetale.pl\/index.php?rest_route=%2Fwp%2Fv2%2Fproduct_tag&post=3115"}],"curies":[{"name":"wp","href":"https:\/\/api.w.org\/{rel}","templated":true}]}}