{"id":2957,"date":"2022-09-23T14:52:04","date_gmt":"2022-09-23T14:52:04","guid":{"rendered":"https:\/\/koraledetale.pl\/?post_type=product&#038;p=2957"},"modified":"2023-07-19T08:48:03","modified_gmt":"2023-07-19T08:48:03","slug":"naszyjnik-wyprawa-z-fluorytami","status":"publish","type":"product","link":"https:\/\/koraledetale.pl\/?product=naszyjnik-wyprawa-z-fluorytami","title":{"rendered":"Naszyjnik WYPRAWA z fluorytami"},"content":{"rendered":"<p>Wielko\u015b\u0107 kamieni:<\/p>\n<ul>\n<li>fluoryt kulka fasetowana &#8211; 3 mm,<\/li>\n<li>fluoryt zawieszka &#8211; 20 x 11 mm,<\/li>\n<li>hematyt &#8211; 2 x 1 mm i 2 mm.<\/li>\n<\/ul>\n<p>D\u0142ugo\u015b\u0107 naszyjnika: 53 &#8211; 55 cm + zawieszka 2,3 cm.<\/p>\n","protected":false},"excerpt":{"rendered":"<p>Naszyjnik z bry\u0142k\u0105 surowego fluorytu zawieszon\u0105 na sznurze drobniejszych fluoryt\u00f3w, przeplatanych z\u0142otymi hematytami, zasupe\u0142kowanymi na fioletowej nici.<\/p>\n<p>&nbsp;<\/p>\n","protected":false},"featured_media":2952,"comment_status":"open","ping_status":"closed","template":"","meta":{"advanced_seo_description":"","jetpack_seo_html_title":"","jetpack_seo_noindex":false},"product_brand":[],"product_cat":[229],"product_tag":[24,1058,1057,66,31],"class_list":{"0":"post-2957","1":"product","2":"type-product","3":"status-publish","4":"has-post-thumbnail","6":"product_cat-sprzedane","7":"product_tag-fluoryt","8":"product_tag-naszyjnik-z-fioletowymi-kamieniami","9":"product_tag-naszyjnik-z-fluorytami","10":"product_tag-naszyjnik-z-kamieniami-naturalnymi","11":"product_tag-zloty-hematyt","13":"first","14":"outofstock","15":"shipping-taxable","16":"purchasable","17":"product-type-simple"},"jetpack_sharing_enabled":true,"_links":{"self":[{"href":"https:\/\/koraledetale.pl\/index.php?rest_route=\/wp\/v2\/product\/2957","targetHints":{"allow":["GET"]}}],"collection":[{"href":"https:\/\/koraledetale.pl\/index.php?rest_route=\/wp\/v2\/product"}],"about":[{"href":"https:\/\/koraledetale.pl\/index.php?rest_route=\/wp\/v2\/types\/product"}],"replies":[{"embeddable":true,"href":"https:\/\/koraledetale.pl\/index.php?rest_route=%2Fwp%2Fv2%2Fcomments&post=2957"}],"wp:featuredmedia":[{"embeddable":true,"href":"https:\/\/koraledetale.pl\/index.php?rest_route=\/wp\/v2\/media\/2952"}],"wp:attachment":[{"href":"https:\/\/koraledetale.pl\/index.php?rest_route=%2Fwp%2Fv2%2Fmedia&parent=2957"}],"wp:term":[{"taxonomy":"product_brand","embeddable":true,"href":"https:\/\/koraledetale.pl\/index.php?rest_route=%2Fwp%2Fv2%2Fproduct_brand&post=2957"},{"taxonomy":"product_cat","embeddable":true,"href":"https:\/\/koraledetale.pl\/index.php?rest_route=%2Fwp%2Fv2%2Fproduct_cat&post=2957"},{"taxonomy":"product_tag","embeddable":true,"href":"https:\/\/koraledetale.pl\/index.php?rest_route=%2Fwp%2Fv2%2Fproduct_tag&post=2957"}],"curies":[{"name":"wp","href":"https:\/\/api.w.org\/{rel}","templated":true}]}}