{"id":2870,"date":"2022-09-08T08:34:05","date_gmt":"2022-09-08T08:34:05","guid":{"rendered":"https:\/\/koraledetale.pl\/?post_type=product&#038;p=2870"},"modified":"2022-10-02T08:54:50","modified_gmt":"2022-10-02T08:54:50","slug":"naszyjnik-babie-lato-z-zielonym-onyksem","status":"publish","type":"product","link":"https:\/\/koraledetale.pl\/?product=naszyjnik-babie-lato-z-zielonym-onyksem","title":{"rendered":"Naszyjnik BABIE LATO z zielonym onyksem"},"content":{"rendered":"<p>Wielko\u015b\u0107 onyksu: 11,5 x 10,5 x 5 mm.<\/p>\n<p>D\u0142ugo\u015b\u0107 \u0142a\u0144cucha: 44 cm + zawieszka 2,4 cm.<\/p>\n","protected":false},"excerpt":{"rendered":"<p>Naszyjnik z \u0142a\u0144cuszka o du\u017cych, karbowanych oczkach, z \u0142ezk\u0105 zielonego onyksu, zawieszon\u0105 na ozdobnym k\u00f3\u0142ku. \u0141a\u0144cuszek zapniesz w dowolnym oczku, co stwarza wiele mo\u017cliwo\u015bci jego noszenia.<\/p>\n<p>\u0141a\u0144cuszek wykonany jest z nieuczulaj\u0105cej stali chirurgicznej (szlachetnej).<\/p>\n","protected":false},"featured_media":2875,"comment_status":"open","ping_status":"closed","template":"","meta":{"advanced_seo_description":"","jetpack_seo_html_title":"","jetpack_seo_noindex":false},"product_brand":[],"product_cat":[229],"product_tag":[48,1035,152,1034],"class_list":{"0":"post-2870","1":"product","2":"type-product","3":"status-publish","4":"has-post-thumbnail","6":"product_cat-sprzedane","7":"product_tag-kamienie-naturalne","8":"product_tag-naszyjnik-z-zielonym-onyksem","9":"product_tag-zielony-onyks","10":"product_tag-lancuszek-z-zielonym-onyksem","12":"first","13":"outofstock","14":"shipping-taxable","15":"purchasable","16":"product-type-simple"},"jetpack_sharing_enabled":true,"_links":{"self":[{"href":"https:\/\/koraledetale.pl\/index.php?rest_route=\/wp\/v2\/product\/2870","targetHints":{"allow":["GET"]}}],"collection":[{"href":"https:\/\/koraledetale.pl\/index.php?rest_route=\/wp\/v2\/product"}],"about":[{"href":"https:\/\/koraledetale.pl\/index.php?rest_route=\/wp\/v2\/types\/product"}],"replies":[{"embeddable":true,"href":"https:\/\/koraledetale.pl\/index.php?rest_route=%2Fwp%2Fv2%2Fcomments&post=2870"}],"wp:featuredmedia":[{"embeddable":true,"href":"https:\/\/koraledetale.pl\/index.php?rest_route=\/wp\/v2\/media\/2875"}],"wp:attachment":[{"href":"https:\/\/koraledetale.pl\/index.php?rest_route=%2Fwp%2Fv2%2Fmedia&parent=2870"}],"wp:term":[{"taxonomy":"product_brand","embeddable":true,"href":"https:\/\/koraledetale.pl\/index.php?rest_route=%2Fwp%2Fv2%2Fproduct_brand&post=2870"},{"taxonomy":"product_cat","embeddable":true,"href":"https:\/\/koraledetale.pl\/index.php?rest_route=%2Fwp%2Fv2%2Fproduct_cat&post=2870"},{"taxonomy":"product_tag","embeddable":true,"href":"https:\/\/koraledetale.pl\/index.php?rest_route=%2Fwp%2Fv2%2Fproduct_tag&post=2870"}],"curies":[{"name":"wp","href":"https:\/\/api.w.org\/{rel}","templated":true}]}}