{"id":2731,"date":"2022-08-09T11:40:34","date_gmt":"2022-08-09T11:40:34","guid":{"rendered":"https:\/\/koraledetale.pl\/?post_type=product&#038;p=2731"},"modified":"2022-08-25T12:11:28","modified_gmt":"2022-08-25T12:11:28","slug":"naszyjnik-karaibski-z-koralem-amazonitem-chryzoprazem-awenturynem-i-szafirem","status":"publish","type":"product","link":"https:\/\/koraledetale.pl\/?product=naszyjnik-karaibski-z-koralem-amazonitem-chryzoprazem-awenturynem-i-szafirem","title":{"rendered":"Naszyjnik KARAIBSKI z koralem, amazonitem, chryzoprazem, awenturynem i szafirem"},"content":{"rendered":"<p>Wielko\u015b\u0107 kamieni:<\/p>\n<ul>\n<li>amazonit &#8211; 2,5 mm i 5 x 4 mm (przy zawieszce),<\/li>\n<li>koral &#8211; 2 mm i 3 mm (przy zawieszce),<\/li>\n<li>chryzopraz &#8211; 2,5 mm,<\/li>\n<li>awenturyn &#8211; 2,5 mm,<\/li>\n<li>szafir &#8211; 3 mm,<\/li>\n<li>kwarc z rutylem &#8211; 7,5 x 7 x 4 mm,<\/li>\n<li>hematyt &#8211; 2 mm i 2 x 1 mm,<\/li>\n<\/ul>\n","protected":false},"excerpt":{"rendered":"<p>Zapinany z przodu naszyjnik z kolorowymi kamieniami: koralem, amazonitem, chryzoprazem, awenturynem, szafirem i z\u0142otymi hematytami. Z k\u00f3\u0142eczka przy zapi\u0119ciu odchodz\u0105 zawieszki: szlifowana bry\u0142ka kwarcu z rytylem, amazonitem i koralem oraz pi\u00f3rkiem. Wszystkie elementy metalowe wykonane s\u0105 z nieuczulaj\u0105cej stali chirurgicznej (szlachetnej).<\/p>\n","protected":false},"featured_media":2735,"comment_status":"open","ping_status":"closed","template":"","meta":{"advanced_seo_description":"","jetpack_seo_html_title":"","jetpack_seo_noindex":false},"product_brand":[],"product_cat":[229],"product_tag":[53,482,119,82,480,993,594,994,995,66,187,992,972,935,25,898,31],"class_list":{"0":"post-2731","1":"product","2":"type-product","3":"status-publish","4":"has-post-thumbnail","6":"product_cat-sprzedane","7":"product_tag-amazonit","8":"product_tag-awenturyn","9":"product_tag-chryzopraz","10":"product_tag-koral","11":"product_tag-kwarc-z-rutylem","12":"product_tag-naszyjnik-na-lato","13":"product_tag-naszyjnik-z-amazonitem","14":"product_tag-naszyjnik-z-awenturynem","15":"product_tag-naszyjnik-z-chryzoprazem","16":"product_tag-naszyjnik-z-kamieniami-naturalnymi","17":"product_tag-naszyjnik-z-kolorowymi-kamieniami","18":"product_tag-naszyjnik-z-koralem","19":"product_tag-naszyjnik-z-zawieszkami","20":"product_tag-piorko","21":"product_tag-szafir","22":"product_tag-zawieszki","23":"product_tag-zloty-hematyt","25":"first","26":"outofstock","27":"shipping-taxable","28":"purchasable","29":"product-type-simple"},"jetpack_sharing_enabled":true,"_links":{"self":[{"href":"https:\/\/koraledetale.pl\/index.php?rest_route=\/wp\/v2\/product\/2731","targetHints":{"allow":["GET"]}}],"collection":[{"href":"https:\/\/koraledetale.pl\/index.php?rest_route=\/wp\/v2\/product"}],"about":[{"href":"https:\/\/koraledetale.pl\/index.php?rest_route=\/wp\/v2\/types\/product"}],"replies":[{"embeddable":true,"href":"https:\/\/koraledetale.pl\/index.php?rest_route=%2Fwp%2Fv2%2Fcomments&post=2731"}],"wp:featuredmedia":[{"embeddable":true,"href":"https:\/\/koraledetale.pl\/index.php?rest_route=\/wp\/v2\/media\/2735"}],"wp:attachment":[{"href":"https:\/\/koraledetale.pl\/index.php?rest_route=%2Fwp%2Fv2%2Fmedia&parent=2731"}],"wp:term":[{"taxonomy":"product_brand","embeddable":true,"href":"https:\/\/koraledetale.pl\/index.php?rest_route=%2Fwp%2Fv2%2Fproduct_brand&post=2731"},{"taxonomy":"product_cat","embeddable":true,"href":"https:\/\/koraledetale.pl\/index.php?rest_route=%2Fwp%2Fv2%2Fproduct_cat&post=2731"},{"taxonomy":"product_tag","embeddable":true,"href":"https:\/\/koraledetale.pl\/index.php?rest_route=%2Fwp%2Fv2%2Fproduct_tag&post=2731"}],"curies":[{"name":"wp","href":"https:\/\/api.w.org\/{rel}","templated":true}]}}