{"id":2710,"date":"2022-07-31T10:27:52","date_gmt":"2022-07-31T10:27:52","guid":{"rendered":"https:\/\/koraledetale.pl\/?post_type=product&#038;p=2710"},"modified":"2023-03-08T17:05:02","modified_gmt":"2023-03-08T17:05:02","slug":"bransoletka-koniczyna-z-czarnym-turmalinem-i-karneolem","status":"publish","type":"product","link":"https:\/\/koraledetale.pl\/?product=bransoletka-koniczyna-z-czarnym-turmalinem-i-karneolem","title":{"rendered":"Bransoletka KONICZYNA z czarnym turmalinem i karneolem"},"content":{"rendered":"<p>Wielko\u015b\u0107 kamieni:<\/p>\n<ul>\n<li>turmalin &#8211; 3,5 mm,<\/li>\n<li>karneol &#8211; 4 x 3 mm,<\/li>\n<li>hematyt &#8211; 3 x 2 mm, 2 x 1 mm i 2 mm.<\/li>\n<\/ul>\n<p>Bransoletk\u0119 \u0142atwo dopasujesz do obwodu nadgarstka, zapinaj\u0105c j\u0105 w dowolnym oczku \u0142a\u0144cucha. Maksymalna\u00a0d\u0142ugo\u015b\u0107 bransoletki &#8211; 19,8 cm.<\/p>\n<p>Wszystkie elementy metalowe wykonane s\u0105 z nieuczulaj\u0105cej stali chirurgicznej (szlachetnej).<\/p>\n<p>&nbsp;<\/p>\n","protected":false},"excerpt":{"rendered":"<p>Bransoletka ze sznurem czarnych turmalin\u00f3w z wplecionymi karneolami i z\u0142otymi hematytami, zasup\u0142anymi na czerwonej nitce. Kamienie po\u0142\u0105czone s\u0105 z karbowanym \u0142a\u0144cuchem o du\u017cych oczkach za pomoc\u0105 \u0142\u0105cznika &#8211; maroka\u0144skiej koniczyny.\u00a0 Dope\u0142nieniem ca\u0142o\u015bci s\u0105 zawieszki: z karneolem i koniczynk\u0105 na ko\u0144cu \u0142a\u0144cucha.<\/p>\n<p>&nbsp;<\/p>\n","protected":false},"featured_media":2705,"comment_status":"open","ping_status":"closed","template":"","meta":{"advanced_seo_description":"","jetpack_seo_html_title":"","jetpack_seo_noindex":false},"product_brand":[],"product_cat":[229],"product_tag":[374,287,749,288,751,987,72,31,142],"class_list":{"0":"post-2710","1":"product","2":"type-product","3":"status-publish","4":"has-post-thumbnail","6":"product_cat-sprzedane","7":"product_tag-bransoletka-na-czerwonej-nitce","8":"product_tag-bransoletka-z-czarnym-turmalinem","9":"product_tag-bransoletka-z-karneolem","10":"product_tag-czarny-turmalin","11":"product_tag-karneol","12":"product_tag-marokanska-koniczyna","13":"product_tag-zawieszka","14":"product_tag-zloty-hematyt","15":"product_tag-lancuszek","17":"first","18":"outofstock","19":"shipping-taxable","20":"purchasable","21":"product-type-simple"},"jetpack_sharing_enabled":true,"_links":{"self":[{"href":"https:\/\/koraledetale.pl\/index.php?rest_route=\/wp\/v2\/product\/2710","targetHints":{"allow":["GET"]}}],"collection":[{"href":"https:\/\/koraledetale.pl\/index.php?rest_route=\/wp\/v2\/product"}],"about":[{"href":"https:\/\/koraledetale.pl\/index.php?rest_route=\/wp\/v2\/types\/product"}],"replies":[{"embeddable":true,"href":"https:\/\/koraledetale.pl\/index.php?rest_route=%2Fwp%2Fv2%2Fcomments&post=2710"}],"wp:featuredmedia":[{"embeddable":true,"href":"https:\/\/koraledetale.pl\/index.php?rest_route=\/wp\/v2\/media\/2705"}],"wp:attachment":[{"href":"https:\/\/koraledetale.pl\/index.php?rest_route=%2Fwp%2Fv2%2Fmedia&parent=2710"}],"wp:term":[{"taxonomy":"product_brand","embeddable":true,"href":"https:\/\/koraledetale.pl\/index.php?rest_route=%2Fwp%2Fv2%2Fproduct_brand&post=2710"},{"taxonomy":"product_cat","embeddable":true,"href":"https:\/\/koraledetale.pl\/index.php?rest_route=%2Fwp%2Fv2%2Fproduct_cat&post=2710"},{"taxonomy":"product_tag","embeddable":true,"href":"https:\/\/koraledetale.pl\/index.php?rest_route=%2Fwp%2Fv2%2Fproduct_tag&post=2710"}],"curies":[{"name":"wp","href":"https:\/\/api.w.org\/{rel}","templated":true}]}}

<p>Wielkość kamieni:</p>
<ul>
<li>turmalin &#8211; 3,5 mm,</li>
<li>karneol &#8211; 4 x 3 mm,</li>
<li>hematyt &#8211; 3 x 2 mm, 2 x 1 mm i 2 mm.</li>
</ul>
<p>Bransoletkę łatwo dopasujesz do obwodu nadgarstka, zapinając ją w dowolnym oczku łańcucha. Maksymalna długość bransoletki &#8211; 19,8 cm.</p>
<p>Wszystkie elementy metalowe wykonane są z nieuczulającej stali chirurgicznej (szlachetnej).</p>
<p>&nbsp;</p>

<p>Bransoletka ze sznurem czarnych turmalinów z wplecionymi karneolami i złotymi hematytami, zasupłanymi na czerwonej nitce. Kamienie połączone są z karbowanym łańcuchem o dużych oczkach za pomocą łącznika &#8211; marokańskiej koniczyny.  Dopełnieniem całości są zawieszki: z karneolem i koniczynką na końcu łańcucha.</p>
<p>&nbsp;</p>
