{"id":2669,"date":"2022-07-26T09:36:37","date_gmt":"2022-07-26T09:36:37","guid":{"rendered":"https:\/\/koraledetale.pl\/?post_type=product&#038;p=2669"},"modified":"2024-11-16T18:04:12","modified_gmt":"2024-11-16T18:04:12","slug":"bransoletka-obfitosc-z-kolorowymi-kamieniami","status":"publish","type":"product","link":"https:\/\/koraledetale.pl\/?product=bransoletka-obfitosc-z-kolorowymi-kamieniami","title":{"rendered":"Bransoletka OBFITO\u015a\u0106 z kolorowymi kamieniami"},"content":{"rendered":"<p>Wielko\u015b\u0107 kamieni:<\/p>\n<ul>\n<li>iolit &#8211; 3,5 x 1,5 mm i 6,5 x 4,5 mm,<\/li>\n<li>turmalin &#8211; 3,5 mm, 4 mm i 4,5 x 2,5 mm,<\/li>\n<li>cytryn &#8211; 3 mm,<\/li>\n<li>labradoryt &#8211; 3,5 mm,<\/li>\n<li>hematyt &#8211; 3 x 3 mm i 2 mm.<\/li>\n<\/ul>\n<p>D\u0142ugo\u015b\u0107 bransoletki: 17 &#8211; 19 cm<\/p>\n","protected":false},"excerpt":{"rendered":"<p>Bransoletka z kolorowymi kamieniami: iolitami, turmalinami, cytrynami, labradorytami i z\u0142otymi hematytami. Bransoletka urozmaicona jest zawieszkami z ilolitu, turmalinu, hematytu i \u0142a\u0144cuszka. Dzi\u0119ki regulacji d\u0142ugo\u015bci \u0142atwo dopasujesz j\u0105 do obwodu nadgarstka.<\/p>\n<p>Wszystkie elementy metalowe wykonane s\u0105 z nieuczulaj\u0105cej stali chirurgicznej (szlachetnej).<\/p>\n","protected":false},"featured_media":2672,"comment_status":"open","ping_status":"closed","template":"","meta":{"advanced_seo_description":"","jetpack_seo_html_title":"","jetpack_seo_noindex":false},"product_brand":[],"product_cat":[229],"product_tag":[80,237,503,193,67,980,56,87],"class_list":{"0":"post-2669","1":"product","2":"type-product","3":"status-publish","4":"has-post-thumbnail","6":"product_cat-sprzedane","7":"product_tag-bransoletka-z-kamieniami-naturalnymi","8":"product_tag-bransoletka-z-kolorowymi-kamieniami","9":"product_tag-bransoletka-z-zawieszkami","10":"product_tag-cytryn","11":"product_tag-hematyt","12":"product_tag-iloit","13":"product_tag-labradoryt","14":"product_tag-turmalin","16":"first","17":"outofstock","18":"shipping-taxable","19":"product-type-simple"},"jetpack_sharing_enabled":true,"_links":{"self":[{"href":"https:\/\/koraledetale.pl\/index.php?rest_route=\/wp\/v2\/product\/2669","targetHints":{"allow":["GET"]}}],"collection":[{"href":"https:\/\/koraledetale.pl\/index.php?rest_route=\/wp\/v2\/product"}],"about":[{"href":"https:\/\/koraledetale.pl\/index.php?rest_route=\/wp\/v2\/types\/product"}],"replies":[{"embeddable":true,"href":"https:\/\/koraledetale.pl\/index.php?rest_route=%2Fwp%2Fv2%2Fcomments&post=2669"}],"wp:featuredmedia":[{"embeddable":true,"href":"https:\/\/koraledetale.pl\/index.php?rest_route=\/wp\/v2\/media\/2672"}],"wp:attachment":[{"href":"https:\/\/koraledetale.pl\/index.php?rest_route=%2Fwp%2Fv2%2Fmedia&parent=2669"}],"wp:term":[{"taxonomy":"product_brand","embeddable":true,"href":"https:\/\/koraledetale.pl\/index.php?rest_route=%2Fwp%2Fv2%2Fproduct_brand&post=2669"},{"taxonomy":"product_cat","embeddable":true,"href":"https:\/\/koraledetale.pl\/index.php?rest_route=%2Fwp%2Fv2%2Fproduct_cat&post=2669"},{"taxonomy":"product_tag","embeddable":true,"href":"https:\/\/koraledetale.pl\/index.php?rest_route=%2Fwp%2Fv2%2Fproduct_tag&post=2669"}],"curies":[{"name":"wp","href":"https:\/\/api.w.org\/{rel}","templated":true}]}}