{"id":2662,"date":"2022-07-14T07:30:25","date_gmt":"2022-07-14T07:30:25","guid":{"rendered":"https:\/\/koraledetale.pl\/?post_type=product&#038;p=2662"},"modified":"2022-08-11T12:51:03","modified_gmt":"2022-08-11T12:51:03","slug":"naszyjnik-serce-na-agrafce-z-perlami-i-fluorytami","status":"publish","type":"product","link":"https:\/\/koraledetale.pl\/?product=naszyjnik-serce-na-agrafce-z-perlami-i-fluorytami","title":{"rendered":"Naszyjnik SERCE NA AGRAFCE z per\u0142ami i fluorytami"},"content":{"rendered":"<p>Wielko\u015b\u0107 kamieni:<\/p>\n<ul>\n<li>per\u0142a &#8211; ok. 10 x 9 mm,<\/li>\n<li>fluoryt &#8211; 8 mm,<\/li>\n<li>hematyt &#8211; 4 x 2, 3 x 2 i 2 mm.<\/li>\n<\/ul>\n<p>D\u0142ugo\u015b\u0107 naszyjnika: 89 &#8211; 94 cm.<\/p>\n","protected":false},"excerpt":{"rendered":"<p>Naszyjnik z pere\u0142 z wplecionymi kolorowymi fluorytami i z\u0142otymi hematytami, po\u0142\u0105czony ze spinaczowym \u0142a\u0144cuchem i m\u0142otkowanym sercem. Mo\u017cna go nosi\u0107 na wiele sposob\u00f3w &#8211; jako d\u0142ugi, podw\u00f3jny w r\u00f3\u017cnych kombinacjach.<\/p>\n<p>Wszystkie elementy metalowe wykonane s\u0105 z nieuczulaj\u0105cej stali chirurgicznej (szlachetnej).<\/p>\n","protected":false},"featured_media":2666,"comment_status":"open","ping_status":"closed","template":"","meta":{"advanced_seo_description":"","jetpack_seo_html_title":"","jetpack_seo_noindex":false},"product_brand":[],"product_cat":[229],"product_tag":[168,24,978,57,979,31,104],"class_list":{"0":"post-2662","1":"product","2":"type-product","3":"status-publish","4":"has-post-thumbnail","6":"product_cat-sprzedane","7":"product_tag-dlugi-naszyjnik-z-perel","8":"product_tag-fluoryt","9":"product_tag-naszyjnik-z-perel-i-fluorytow","10":"product_tag-perla","11":"product_tag-podwojny-naszyjnik-z-perlami","12":"product_tag-zloty-hematyt","13":"product_tag-lancuch","15":"first","16":"outofstock","17":"shipping-taxable","18":"purchasable","19":"product-type-simple"},"jetpack_sharing_enabled":true,"_links":{"self":[{"href":"https:\/\/koraledetale.pl\/index.php?rest_route=\/wp\/v2\/product\/2662","targetHints":{"allow":["GET"]}}],"collection":[{"href":"https:\/\/koraledetale.pl\/index.php?rest_route=\/wp\/v2\/product"}],"about":[{"href":"https:\/\/koraledetale.pl\/index.php?rest_route=\/wp\/v2\/types\/product"}],"replies":[{"embeddable":true,"href":"https:\/\/koraledetale.pl\/index.php?rest_route=%2Fwp%2Fv2%2Fcomments&post=2662"}],"wp:featuredmedia":[{"embeddable":true,"href":"https:\/\/koraledetale.pl\/index.php?rest_route=\/wp\/v2\/media\/2666"}],"wp:attachment":[{"href":"https:\/\/koraledetale.pl\/index.php?rest_route=%2Fwp%2Fv2%2Fmedia&parent=2662"}],"wp:term":[{"taxonomy":"product_brand","embeddable":true,"href":"https:\/\/koraledetale.pl\/index.php?rest_route=%2Fwp%2Fv2%2Fproduct_brand&post=2662"},{"taxonomy":"product_cat","embeddable":true,"href":"https:\/\/koraledetale.pl\/index.php?rest_route=%2Fwp%2Fv2%2Fproduct_cat&post=2662"},{"taxonomy":"product_tag","embeddable":true,"href":"https:\/\/koraledetale.pl\/index.php?rest_route=%2Fwp%2Fv2%2Fproduct_tag&post=2662"}],"curies":[{"name":"wp","href":"https:\/\/api.w.org\/{rel}","templated":true}]}}