{"id":2532,"date":"2022-06-09T09:29:02","date_gmt":"2022-06-09T09:29:02","guid":{"rendered":"https:\/\/koraledetale.pl\/?post_type=product&#038;p=2532"},"modified":"2024-11-12T10:22:12","modified_gmt":"2024-11-12T10:22:12","slug":"kolczyki-hippie-ii-z-zawieszkami","status":"publish","type":"product","link":"https:\/\/koraledetale.pl\/?product=kolczyki-hippie-ii-z-zawieszkami","title":{"rendered":"Kolczyki HIPPIE II z zawieszkami"},"content":{"rendered":"<p>Wielko\u015b\u0107 kamieni:<\/p>\n<ul>\n<li>lapis lazuri &#8211; 6 x 3 mm,<\/li>\n<li>turkus &#8211; 4 x 2 mm,<\/li>\n<li>koral &#8211; 5 x 4 mm,<\/li>\n<li>hematyt &#8211; 3 x 1 mm.<\/li>\n<\/ul>\n<p>D\u0142ugo\u015b\u0107 kolczyk\u00f3w &#8211; 5 cm.<\/p>\n","protected":false},"excerpt":{"rendered":"<p>Kolczyki na sztyftach &#8211; drapanych k\u00f3\u0142kach, z zawieszkami (symbolem s\u0142o\u0144ca, chwostem i kamieniami naturalnymi: lapis lazuri, turkusem w dw\u00f3ch odcieniach, koralem i hematytem) na plecionym, wi\u0119kszym k\u00f3\u0142ku.<\/p>\n<p>Wszystkie elementy metalowe wykonane s\u0105 z nieuczulaj\u0105cej stali chirurgicznej (szlachetnej).<\/p>\n","protected":false},"featured_media":2536,"comment_status":"open","ping_status":"closed","template":"","meta":{"advanced_seo_description":"","jetpack_seo_html_title":"","jetpack_seo_noindex":false},"product_brand":[],"product_cat":[229],"product_tag":[65,67,932,95,82,81,105],"class_list":{"0":"post-2532","1":"product","2":"type-product","3":"status-publish","4":"has-post-thumbnail","6":"product_cat-sprzedane","7":"product_tag-chwost","8":"product_tag-hematyt","9":"product_tag-kolczyki-na-sztyfcie-z-chwostem","10":"product_tag-kolczyki-z-kamieniami-naturalnymi","11":"product_tag-koral","12":"product_tag-lapis-lazuri","13":"product_tag-turkus","15":"first","16":"outofstock","17":"shipping-taxable","18":"product-type-simple"},"jetpack_sharing_enabled":true,"_links":{"self":[{"href":"https:\/\/koraledetale.pl\/index.php?rest_route=\/wp\/v2\/product\/2532","targetHints":{"allow":["GET"]}}],"collection":[{"href":"https:\/\/koraledetale.pl\/index.php?rest_route=\/wp\/v2\/product"}],"about":[{"href":"https:\/\/koraledetale.pl\/index.php?rest_route=\/wp\/v2\/types\/product"}],"replies":[{"embeddable":true,"href":"https:\/\/koraledetale.pl\/index.php?rest_route=%2Fwp%2Fv2%2Fcomments&post=2532"}],"wp:featuredmedia":[{"embeddable":true,"href":"https:\/\/koraledetale.pl\/index.php?rest_route=\/wp\/v2\/media\/2536"}],"wp:attachment":[{"href":"https:\/\/koraledetale.pl\/index.php?rest_route=%2Fwp%2Fv2%2Fmedia&parent=2532"}],"wp:term":[{"taxonomy":"product_brand","embeddable":true,"href":"https:\/\/koraledetale.pl\/index.php?rest_route=%2Fwp%2Fv2%2Fproduct_brand&post=2532"},{"taxonomy":"product_cat","embeddable":true,"href":"https:\/\/koraledetale.pl\/index.php?rest_route=%2Fwp%2Fv2%2Fproduct_cat&post=2532"},{"taxonomy":"product_tag","embeddable":true,"href":"https:\/\/koraledetale.pl\/index.php?rest_route=%2Fwp%2Fv2%2Fproduct_tag&post=2532"}],"curies":[{"name":"wp","href":"https:\/\/api.w.org\/{rel}","templated":true}]}}