{"id":2475,"date":"2022-06-02T08:44:49","date_gmt":"2022-06-02T08:44:49","guid":{"rendered":"https:\/\/koraledetale.pl\/?post_type=product&#038;p=2475"},"modified":"2024-11-12T10:25:34","modified_gmt":"2024-11-12T10:25:34","slug":"naszyjnik-uniwersum-z-rozowych-perel","status":"publish","type":"product","link":"https:\/\/koraledetale.pl\/?product=naszyjnik-uniwersum-z-rozowych-perel","title":{"rendered":"Naszyjnik UNIWERSUM z r\u00f3\u017cowych pere\u0142"},"content":{"rendered":"<p>Wielko\u015b\u0107 kamieni:<\/p>\n<ul>\n<li>per\u0142a r\u00f3\u017cowa &#8211; 9,5 x 8 mm,<\/li>\n<li>per\u0142a bia\u0142a &#8211; ok. 19 x 11 x 5 mm,<\/li>\n<li>hematyt &#8211; 3,5 x 2 i\u00a0 2 mm.<\/li>\n<\/ul>\n<p>D\u0142ugo\u015b\u0107 naszyjnika: 82 cm + zawieszka: 5 cm.<\/p>\n","protected":false},"excerpt":{"rendered":"<p>Jeden naszyjnik &#8211; wiele mo\u017cliwo\u015bci jego noszenia. Du\u017ce, r\u00f3\u017cowe per\u0142y, \u0142a\u0144cuch o spinaczowych oczkach. Wisienk\u0105 na torcie s\u0105 dwie du\u017ce, nieregularne per\u0142y &#8211; jedna wpleciona mi\u0119dzy oczka \u0142a\u0144cucha, druga przy okr\u0105g\u0142ej zawieszce. Szyk, nowoczesno\u015b\u0107 i elegancja. Pasuj\u0105 zar\u00f3wno do d\u017cins\u00f3w i wyj\u015bciowej sukienki.<\/p>\n<p>Wszystkie elementy metalowe wykonane s\u0105 z nieuczulaj\u0105cej stali chirurgicznej (szlachetnej).<\/p>\n","protected":false},"featured_media":2479,"comment_status":"open","ping_status":"closed","template":"","meta":{"advanced_seo_description":"","jetpack_seo_html_title":"","jetpack_seo_noindex":false},"product_brand":[],"product_cat":[229],"product_tag":[168,911,113,912,557,104],"class_list":{"0":"post-2475","1":"product","2":"type-product","3":"status-publish","4":"has-post-thumbnail","6":"product_cat-sprzedane","7":"product_tag-dlugi-naszyjnik-z-perel","8":"product_tag-naszyjnik-wielofunkcyjny-naszyjnik-z-perel","9":"product_tag-nieregularna-perla","10":"product_tag-podwojny-naszyjnik-z-perel","11":"product_tag-rozowe-perly","12":"product_tag-lancuch","14":"first","15":"outofstock","16":"shipping-taxable","17":"product-type-simple"},"jetpack_sharing_enabled":true,"_links":{"self":[{"href":"https:\/\/koraledetale.pl\/index.php?rest_route=\/wp\/v2\/product\/2475","targetHints":{"allow":["GET"]}}],"collection":[{"href":"https:\/\/koraledetale.pl\/index.php?rest_route=\/wp\/v2\/product"}],"about":[{"href":"https:\/\/koraledetale.pl\/index.php?rest_route=\/wp\/v2\/types\/product"}],"replies":[{"embeddable":true,"href":"https:\/\/koraledetale.pl\/index.php?rest_route=%2Fwp%2Fv2%2Fcomments&post=2475"}],"wp:featuredmedia":[{"embeddable":true,"href":"https:\/\/koraledetale.pl\/index.php?rest_route=\/wp\/v2\/media\/2479"}],"wp:attachment":[{"href":"https:\/\/koraledetale.pl\/index.php?rest_route=%2Fwp%2Fv2%2Fmedia&parent=2475"}],"wp:term":[{"taxonomy":"product_brand","embeddable":true,"href":"https:\/\/koraledetale.pl\/index.php?rest_route=%2Fwp%2Fv2%2Fproduct_brand&post=2475"},{"taxonomy":"product_cat","embeddable":true,"href":"https:\/\/koraledetale.pl\/index.php?rest_route=%2Fwp%2Fv2%2Fproduct_cat&post=2475"},{"taxonomy":"product_tag","embeddable":true,"href":"https:\/\/koraledetale.pl\/index.php?rest_route=%2Fwp%2Fv2%2Fproduct_tag&post=2475"}],"curies":[{"name":"wp","href":"https:\/\/api.w.org\/{rel}","templated":true}]}}