{"id":2456,"date":"2022-05-31T08:22:02","date_gmt":"2022-05-31T08:22:02","guid":{"rendered":"https:\/\/koraledetale.pl\/?post_type=product&#038;p=2456"},"modified":"2024-11-12T10:26:40","modified_gmt":"2024-11-12T10:26:40","slug":"regulowany-naszyjnik-z-krysztalem-gorskim","status":"publish","type":"product","link":"https:\/\/koraledetale.pl\/?product=regulowany-naszyjnik-z-krysztalem-gorskim","title":{"rendered":"Regulowany naszyjnik z kryszta\u0142em g\u00f3rskim"},"content":{"rendered":"<p>Wielko\u015b\u0107 kamieni:<\/p>\n<ul>\n<li>ametyst, kryszta\u0142 g\u00f3rski, kwarc dymny, cytryn \u2013 3 mm,<\/li>\n<li>kryszta\u0142 g\u00f3rski przy zawieszce \u2013 19\u00d76 mm,<\/li>\n<li>hematyt \u2013 2 mm i 2\u00d71 mm.<\/li>\n<\/ul>\n<p>D\u0142ugo\u015b\u0107 naszyjnika do 66 cm + zawieszka 1,5 cm.<\/p>\n","protected":false},"excerpt":{"rendered":"<p>Regulowany naszyjnik z fasetowanymi kwarcami: ametystem, cytrynem, kryszta\u0142em g\u00f3rskim i kwarcem dymnym, przeplatanymi z\u0142otymi hematytami, z zawieszk\u0105 \u2013 kryszta\u0142em g\u00f3rskim. Dzi\u0119ki \u0142atwej regulacji, naszyjnik mo\u017ce by\u0107 noszony jako kr\u00f3tki lub \u015bredniej d\u0142ugo\u015bci, w zale\u017cno\u015bci od potrzeb. Mocne nici jubilerskie zapewni\u0105 naszyjnikowi wytrzyma\u0142o\u015b\u0107.<\/p>\n","protected":false},"featured_media":2467,"comment_status":"open","ping_status":"closed","template":"","meta":{"advanced_seo_description":"","jetpack_seo_html_title":"","jetpack_seo_noindex":false},"product_brand":[],"product_cat":[229],"product_tag":[38,193,67,702,63,905,904],"class_list":{"0":"post-2456","1":"product","2":"type-product","3":"status-publish","4":"has-post-thumbnail","6":"product_cat-sprzedane","7":"product_tag-ametyst","8":"product_tag-cytryn","9":"product_tag-hematyt","10":"product_tag-krysztal-gorski","11":"product_tag-kwarc-dymny","12":"product_tag-naszyjnik-z-kwarcami","13":"product_tag-regulowany-naszyjnik-z-krysztalem-gorskim","15":"first","16":"outofstock","17":"shipping-taxable","18":"product-type-simple"},"jetpack_sharing_enabled":true,"_links":{"self":[{"href":"https:\/\/koraledetale.pl\/index.php?rest_route=\/wp\/v2\/product\/2456","targetHints":{"allow":["GET"]}}],"collection":[{"href":"https:\/\/koraledetale.pl\/index.php?rest_route=\/wp\/v2\/product"}],"about":[{"href":"https:\/\/koraledetale.pl\/index.php?rest_route=\/wp\/v2\/types\/product"}],"replies":[{"embeddable":true,"href":"https:\/\/koraledetale.pl\/index.php?rest_route=%2Fwp%2Fv2%2Fcomments&post=2456"}],"wp:featuredmedia":[{"embeddable":true,"href":"https:\/\/koraledetale.pl\/index.php?rest_route=\/wp\/v2\/media\/2467"}],"wp:attachment":[{"href":"https:\/\/koraledetale.pl\/index.php?rest_route=%2Fwp%2Fv2%2Fmedia&parent=2456"}],"wp:term":[{"taxonomy":"product_brand","embeddable":true,"href":"https:\/\/koraledetale.pl\/index.php?rest_route=%2Fwp%2Fv2%2Fproduct_brand&post=2456"},{"taxonomy":"product_cat","embeddable":true,"href":"https:\/\/koraledetale.pl\/index.php?rest_route=%2Fwp%2Fv2%2Fproduct_cat&post=2456"},{"taxonomy":"product_tag","embeddable":true,"href":"https:\/\/koraledetale.pl\/index.php?rest_route=%2Fwp%2Fv2%2Fproduct_tag&post=2456"}],"curies":[{"name":"wp","href":"https:\/\/api.w.org\/{rel}","templated":true}]}}