{"id":2435,"date":"2022-05-25T10:02:54","date_gmt":"2022-05-25T10:02:54","guid":{"rendered":"https:\/\/koraledetale.pl\/?post_type=product&#038;p=2435"},"modified":"2024-11-12T10:17:17","modified_gmt":"2024-11-12T10:17:17","slug":"bransoletka-dostatek","status":"publish","type":"product","link":"https:\/\/koraledetale.pl\/?product=bransoletka-dostatek","title":{"rendered":"Bransoletka DOSTATEK"},"content":{"rendered":"<p>Wielko\u015b\u0107 kamieni:<\/p>\n<ul>\n<li>malachit \u2013 3 mm,<\/li>\n<li>kamie\u0144 s\u0142oneczny \u2013 4,5 mm,<\/li>\n<li>karneol \u2013 3 mm,<\/li>\n<li>frenit \u2013 3 mm i wa\u0142eczek 10\u00d77 mm,<\/li>\n<li>hematyt \u2013 3\u00d72, 2\u00d71 i 2 mm.<\/li>\n<\/ul>\n<p>Bransoletka mo\u017ce by\u0107 zapi\u0119ta na dowolnym oczku \u0142a\u0144cucha. Maksymalna d\u0142ugo\u015b\u0107 &#8211; 19,5 cm.<\/p>\n","protected":false},"excerpt":{"rendered":"<p>Bransoletka ze sznurem kamieni naturalnych (s\u0142onecznego, malachitu, frenitu, karneolu i z\u0142otego hematytu) po\u0142\u0105czonego z karbowanym \u0142a\u0144cuchem o du\u017cych oczkach. \u0141\u0105cznikiem jest wa\u0142eczek frenitu.\u00a0 Dope\u0142nieniem ca\u0142o\u015bci s\u0105 zawieszki: gwiazdka na \u015brodku \u0142a\u0144cucha i z kamieni (s\u0142onecznego, karneolu i hematytu) na ko\u0144cu \u0142a\u0144cucha.<\/p>\n","protected":false},"featured_media":2432,"comment_status":"open","ping_status":"closed","template":"","meta":{"advanced_seo_description":"","jetpack_seo_html_title":"","jetpack_seo_noindex":false},"product_brand":[],"product_cat":[229],"product_tag":[237,899,900,125,789,94,158,72,31],"class_list":{"0":"post-2435","1":"product","2":"type-product","3":"status-publish","4":"has-post-thumbnail","6":"product_cat-sprzedane","7":"product_tag-bransoletka-z-kolorowymi-kamieniami","8":"product_tag-bransoletka-z-lancuchem","9":"product_tag-farneol","10":"product_tag-frenit","11":"product_tag-gwiazdka","12":"product_tag-kamien-sloneczny","13":"product_tag-malachit","14":"product_tag-zawieszka","15":"product_tag-zloty-hematyt","17":"first","18":"outofstock","19":"shipping-taxable","20":"product-type-simple"},"jetpack_sharing_enabled":true,"_links":{"self":[{"href":"https:\/\/koraledetale.pl\/index.php?rest_route=\/wp\/v2\/product\/2435","targetHints":{"allow":["GET"]}}],"collection":[{"href":"https:\/\/koraledetale.pl\/index.php?rest_route=\/wp\/v2\/product"}],"about":[{"href":"https:\/\/koraledetale.pl\/index.php?rest_route=\/wp\/v2\/types\/product"}],"replies":[{"embeddable":true,"href":"https:\/\/koraledetale.pl\/index.php?rest_route=%2Fwp%2Fv2%2Fcomments&post=2435"}],"wp:featuredmedia":[{"embeddable":true,"href":"https:\/\/koraledetale.pl\/index.php?rest_route=\/wp\/v2\/media\/2432"}],"wp:attachment":[{"href":"https:\/\/koraledetale.pl\/index.php?rest_route=%2Fwp%2Fv2%2Fmedia&parent=2435"}],"wp:term":[{"taxonomy":"product_brand","embeddable":true,"href":"https:\/\/koraledetale.pl\/index.php?rest_route=%2Fwp%2Fv2%2Fproduct_brand&post=2435"},{"taxonomy":"product_cat","embeddable":true,"href":"https:\/\/koraledetale.pl\/index.php?rest_route=%2Fwp%2Fv2%2Fproduct_cat&post=2435"},{"taxonomy":"product_tag","embeddable":true,"href":"https:\/\/koraledetale.pl\/index.php?rest_route=%2Fwp%2Fv2%2Fproduct_tag&post=2435"}],"curies":[{"name":"wp","href":"https:\/\/api.w.org\/{rel}","templated":true}]}}