{"id":2337,"date":"2022-05-04T09:28:09","date_gmt":"2022-05-04T09:28:09","guid":{"rendered":"https:\/\/koraledetale.pl\/?post_type=product&#038;p=2337"},"modified":"2024-11-12T10:11:06","modified_gmt":"2024-11-12T10:11:06","slug":"bransoletka-zatoka-z-niebieskimi-kamieniami","status":"publish","type":"product","link":"https:\/\/koraledetale.pl\/?product=bransoletka-zatoka-z-niebieskimi-kamieniami","title":{"rendered":"Bransoletka ZATOKA z niebieskimi kamieniami"},"content":{"rendered":"<p>Wielko\u015b\u0107 kamieni:<\/p>\n<ul>\n<li>apatyt \u2013 2 mm,<\/li>\n<li>turkus \u2013 2 mm,<\/li>\n<li>kianit \u2013 2,5 mm,<\/li>\n<li>labradoryt \u2013 2 mm,<\/li>\n<li>amazonit \u2013 2,5 mm,<\/li>\n<li>per\u0142a \u2013 2,5\u00d72 mm,<\/li>\n<li>hematyt \u2013 2 mm.<\/li>\n<\/ul>\n<p>D\u0142ugo\u015b\u0107 bransoetki: 16-19 cm.<\/p>\n","protected":false},"excerpt":{"rendered":"<p>Bransoletka z drobnych\u00a0 kolorowych kamieni: apatytu, amazonitu, turkusu, labradorytu, kianitu, per\u0142y, z\u0142otego hematytu.<\/p>\n<p>Wszystkie elementy metalowe wykonane s\u0105 z nieuczulaj\u0105cej stali chirurgicznej (szlachetnej).<\/p>\n","protected":false},"featured_media":2335,"comment_status":"open","ping_status":"closed","template":"","meta":{"advanced_seo_description":"","jetpack_seo_html_title":"","jetpack_seo_noindex":false},"product_brand":[],"product_cat":[229],"product_tag":[53,92,547,340,67,323,56,57,105],"class_list":{"0":"post-2337","1":"product","2":"type-product","3":"status-publish","4":"has-post-thumbnail","6":"product_cat-sprzedane","7":"product_tag-amazonit","8":"product_tag-apatyt","9":"product_tag-bransoletka-z-drobnych-kamieni-naturalnych","10":"product_tag-bransoletka-z-niebieskich-kamieni","11":"product_tag-hematyt","12":"product_tag-kianit","13":"product_tag-labradoryt","14":"product_tag-perla","15":"product_tag-turkus","17":"first","18":"outofstock","19":"shipping-taxable","20":"product-type-simple"},"jetpack_sharing_enabled":true,"_links":{"self":[{"href":"https:\/\/koraledetale.pl\/index.php?rest_route=\/wp\/v2\/product\/2337","targetHints":{"allow":["GET"]}}],"collection":[{"href":"https:\/\/koraledetale.pl\/index.php?rest_route=\/wp\/v2\/product"}],"about":[{"href":"https:\/\/koraledetale.pl\/index.php?rest_route=\/wp\/v2\/types\/product"}],"replies":[{"embeddable":true,"href":"https:\/\/koraledetale.pl\/index.php?rest_route=%2Fwp%2Fv2%2Fcomments&post=2337"}],"wp:featuredmedia":[{"embeddable":true,"href":"https:\/\/koraledetale.pl\/index.php?rest_route=\/wp\/v2\/media\/2335"}],"wp:attachment":[{"href":"https:\/\/koraledetale.pl\/index.php?rest_route=%2Fwp%2Fv2%2Fmedia&parent=2337"}],"wp:term":[{"taxonomy":"product_brand","embeddable":true,"href":"https:\/\/koraledetale.pl\/index.php?rest_route=%2Fwp%2Fv2%2Fproduct_brand&post=2337"},{"taxonomy":"product_cat","embeddable":true,"href":"https:\/\/koraledetale.pl\/index.php?rest_route=%2Fwp%2Fv2%2Fproduct_cat&post=2337"},{"taxonomy":"product_tag","embeddable":true,"href":"https:\/\/koraledetale.pl\/index.php?rest_route=%2Fwp%2Fv2%2Fproduct_tag&post=2337"}],"curies":[{"name":"wp","href":"https:\/\/api.w.org\/{rel}","templated":true}]}}