{"id":2250,"date":"2022-04-13T09:17:55","date_gmt":"2022-04-13T09:17:55","guid":{"rendered":"https:\/\/koraledetale.pl\/?post_type=product&#038;p=2250"},"modified":"2024-11-12T10:06:19","modified_gmt":"2024-11-12T10:06:19","slug":"bransoletka-wibracje-z-rozowym-koralem-lapis-lazuri-amazonitem-i-howlitem","status":"publish","type":"product","link":"https:\/\/koraledetale.pl\/?product=bransoletka-wibracje-z-rozowym-koralem-lapis-lazuri-amazonitem-i-howlitem","title":{"rendered":"Bransoletka WIBRACJE z r\u00f3\u017cowym koralem, lapis lazuri, amazonitem i howlitem"},"content":{"rendered":"<p>Wielko\u015b\u0107 kamieni:<\/p>\n<ul>\n<li>koral r\u00f3\u017cowy &#8211; 2,5 mm,<\/li>\n<li>koral czerwony &#8211; 2 mm,<\/li>\n<li>lapis lazuri \u2013 2 mm,<\/li>\n<li>amazonit \u2013 2,5 mm,<\/li>\n<li>howlit turkusowy \u2013 2 mm,<\/li>\n<li>hematyt \u2013 2\u00d71, 2 i 3,5\u00d72,5 mm.<\/li>\n<\/ul>\n<p>D\u0142ugo\u015b\u0107 bransoletki: 16-18,5 cm.<\/p>\n","protected":false},"excerpt":{"rendered":"<p>Bransoletka z r\u00f3\u017cowego koralu przeplatanego lapis lazuri, amazonitem, czerwonym koralem i howlitem turkusowym oraz przek\u0142adkami ze z\u0142otego hematytu.<\/p>\n<p>Wszystkie elementy metalowe wykonane s\u0105 z nieuczulaj\u0105cej stali chirurgicznej (szlachetnej).<\/p>\n","protected":false},"featured_media":2240,"comment_status":"open","ping_status":"closed","template":"","meta":{"advanced_seo_description":"","jetpack_seo_html_title":"","jetpack_seo_noindex":false},"product_brand":[],"product_cat":[229],"product_tag":[53,79,849,850,463,82,81,31],"class_list":{"0":"post-2250","1":"product","2":"type-product","3":"status-publish","4":"has-post-thumbnail","6":"product_cat-sprzedane","7":"product_tag-amazonit","8":"product_tag-bransoletka-z-drobnych-kamieni","9":"product_tag-bransoletka-z-kolorowych-kamini","10":"product_tag-bransoletka-z-rozowym-koralem","11":"product_tag-howlit-turkusowy","12":"product_tag-koral","13":"product_tag-lapis-lazuri","14":"product_tag-zloty-hematyt","16":"first","17":"outofstock","18":"shipping-taxable","19":"product-type-simple"},"jetpack_sharing_enabled":true,"_links":{"self":[{"href":"https:\/\/koraledetale.pl\/index.php?rest_route=\/wp\/v2\/product\/2250","targetHints":{"allow":["GET"]}}],"collection":[{"href":"https:\/\/koraledetale.pl\/index.php?rest_route=\/wp\/v2\/product"}],"about":[{"href":"https:\/\/koraledetale.pl\/index.php?rest_route=\/wp\/v2\/types\/product"}],"replies":[{"embeddable":true,"href":"https:\/\/koraledetale.pl\/index.php?rest_route=%2Fwp%2Fv2%2Fcomments&post=2250"}],"wp:featuredmedia":[{"embeddable":true,"href":"https:\/\/koraledetale.pl\/index.php?rest_route=\/wp\/v2\/media\/2240"}],"wp:attachment":[{"href":"https:\/\/koraledetale.pl\/index.php?rest_route=%2Fwp%2Fv2%2Fmedia&parent=2250"}],"wp:term":[{"taxonomy":"product_brand","embeddable":true,"href":"https:\/\/koraledetale.pl\/index.php?rest_route=%2Fwp%2Fv2%2Fproduct_brand&post=2250"},{"taxonomy":"product_cat","embeddable":true,"href":"https:\/\/koraledetale.pl\/index.php?rest_route=%2Fwp%2Fv2%2Fproduct_cat&post=2250"},{"taxonomy":"product_tag","embeddable":true,"href":"https:\/\/koraledetale.pl\/index.php?rest_route=%2Fwp%2Fv2%2Fproduct_tag&post=2250"}],"curies":[{"name":"wp","href":"https:\/\/api.w.org\/{rel}","templated":true}]}}