{"id":2225,"date":"2022-04-08T08:41:11","date_gmt":"2022-04-08T08:41:11","guid":{"rendered":"https:\/\/koraledetale.pl\/?post_type=product&#038;p=2225"},"modified":"2024-11-12T10:07:16","modified_gmt":"2024-11-12T10:07:16","slug":"naszyjnik-przyciaganie-z-koralem-larimarem-i-turkusem","status":"publish","type":"product","link":"https:\/\/koraledetale.pl\/?product=naszyjnik-przyciaganie-z-koralem-larimarem-i-turkusem","title":{"rendered":"Naszyjnik PRZYCI\u0104GANIE z koralem, larimarem i turkusem"},"content":{"rendered":"<p>Wielko\u015b\u0107 kamieni:<\/p>\n<ul>\n<li>koral &#8211; 2 mm,<\/li>\n<li>larimar &#8211; 2,5 mm,<\/li>\n<li>turkus &#8211; 2,5&#215;4 mm,<\/li>\n<li>hematyt &#8211; 2&#215;1 mm i 2 mm.<\/li>\n<\/ul>\n<p>D\u0142ugo\u015b\u0107 naszyjnika: 42-46,6 cm + zawieszka 1,6 cm.<\/p>\n","protected":false},"excerpt":{"rendered":"<p>Naszyjnik z drobnych korali, przeplatanych larimarami, wa\u0142eczkami turkus\u00f3w i z\u0142otych hematyt\u00f3w. Naszyjnik zwie\u0144cza okr\u0105g\u0142a zawieszka z symbolem s\u0142o\u0144ca oraz dwie zawieszki &#8211; kulki po bokach naszyjnika.<\/p>\n<p>Wszystkie elementy metalowe wykonane s\u0105 z nieuczulaj\u0105cej stali chirurgicznej (szlachetnej).<\/p>\n","protected":false},"featured_media":2228,"comment_status":"open","ping_status":"closed","template":"","meta":{"advanced_seo_description":"","jetpack_seo_html_title":"","jetpack_seo_noindex":false},"product_brand":[],"product_cat":[229],"product_tag":[82,488,842,841,839,333,840,105,31],"class_list":{"0":"post-2225","1":"product","2":"type-product","3":"status-publish","4":"has-post-thumbnail","6":"product_cat-sprzedane","7":"product_tag-koral","8":"product_tag-larimar","9":"product_tag-naszyjnik-boho","10":"product_tag-naszyjnik-etno","11":"product_tag-naszyjnik-z-kolalem","12":"product_tag-naszyjnik-z-larimarem","13":"product_tag-naszyjnik-z-turkuem","14":"product_tag-turkus","15":"product_tag-zloty-hematyt","17":"first","18":"outofstock","19":"shipping-taxable","20":"product-type-simple"},"jetpack_sharing_enabled":true,"_links":{"self":[{"href":"https:\/\/koraledetale.pl\/index.php?rest_route=\/wp\/v2\/product\/2225","targetHints":{"allow":["GET"]}}],"collection":[{"href":"https:\/\/koraledetale.pl\/index.php?rest_route=\/wp\/v2\/product"}],"about":[{"href":"https:\/\/koraledetale.pl\/index.php?rest_route=\/wp\/v2\/types\/product"}],"replies":[{"embeddable":true,"href":"https:\/\/koraledetale.pl\/index.php?rest_route=%2Fwp%2Fv2%2Fcomments&post=2225"}],"wp:featuredmedia":[{"embeddable":true,"href":"https:\/\/koraledetale.pl\/index.php?rest_route=\/wp\/v2\/media\/2228"}],"wp:attachment":[{"href":"https:\/\/koraledetale.pl\/index.php?rest_route=%2Fwp%2Fv2%2Fmedia&parent=2225"}],"wp:term":[{"taxonomy":"product_brand","embeddable":true,"href":"https:\/\/koraledetale.pl\/index.php?rest_route=%2Fwp%2Fv2%2Fproduct_brand&post=2225"},{"taxonomy":"product_cat","embeddable":true,"href":"https:\/\/koraledetale.pl\/index.php?rest_route=%2Fwp%2Fv2%2Fproduct_cat&post=2225"},{"taxonomy":"product_tag","embeddable":true,"href":"https:\/\/koraledetale.pl\/index.php?rest_route=%2Fwp%2Fv2%2Fproduct_tag&post=2225"}],"curies":[{"name":"wp","href":"https:\/\/api.w.org\/{rel}","templated":true}]}}