{"id":2036,"date":"2022-03-07T16:25:13","date_gmt":"2022-03-07T16:25:13","guid":{"rendered":"https:\/\/koraledetale.pl\/?post_type=product&#038;p=2036"},"modified":"2024-11-12T09:58:32","modified_gmt":"2024-11-12T09:58:32","slug":"bransoletka","status":"publish","type":"product","link":"https:\/\/koraledetale.pl\/?product=bransoletka","title":{"rendered":"Bransoletka PEWNO\u015a\u0106 SIEBIE z hematytami"},"content":{"rendered":"<p>Wielko\u015b\u0107 kamieni:<\/p>\n<ul>\n<li>hematyt matowy &#8211; 3&#215;2,5 mm,<\/li>\n<li>hematyt z\u0142oty &#8211; 4&#215;2 mm.<\/li>\n<\/ul>\n<p>Wielko\u015b\u0107 zawieszki &#8211; 11&#215;10 mm.<\/p>\n<p>D\u0142ugo\u015b\u0107 bransoletki &#8211; 17 cm. Mo\u017cliwe jest wykonanie bransoletki na dowolny obw\u00f3d. Napisz w uwagach do zam\u00f3wienia jaki obw\u00f3d Ci\u0119 interesuje.<\/p>\n","protected":false},"excerpt":{"rendered":"<p>Bransoletka na gumce z matowych, grafitowych hematyt\u00f3w, z wplecionymi z\u0142otymi hematytami i zawieszk\u0105 &#8211; ksi\u0119\u017cycem z gwiazdk\u0105. Zawieszka wykonana jest z nieuczulaj\u0105cej stali chirurgicznej (szlachetnej).<\/p>\n","protected":false},"featured_media":2038,"comment_status":"open","ping_status":"closed","template":"","meta":{"advanced_seo_description":"","jetpack_seo_html_title":"","jetpack_seo_noindex":false},"product_brand":[],"product_cat":[229],"product_tag":[786,533,134,789,67,501],"class_list":{"0":"post-2036","1":"product","2":"type-product","3":"status-publish","4":"has-post-thumbnail","6":"product_cat-sprzedane","7":"product_tag-bransoletka-na-gumce","8":"product_tag-bransoletka-z-hematytami","9":"product_tag-bransoletka-z-zawieszka","10":"product_tag-gwiazdka","11":"product_tag-hematyt","12":"product_tag-ksiezyc","14":"first","15":"outofstock","16":"shipping-taxable","17":"product-type-simple"},"jetpack_sharing_enabled":true,"_links":{"self":[{"href":"https:\/\/koraledetale.pl\/index.php?rest_route=\/wp\/v2\/product\/2036","targetHints":{"allow":["GET"]}}],"collection":[{"href":"https:\/\/koraledetale.pl\/index.php?rest_route=\/wp\/v2\/product"}],"about":[{"href":"https:\/\/koraledetale.pl\/index.php?rest_route=\/wp\/v2\/types\/product"}],"replies":[{"embeddable":true,"href":"https:\/\/koraledetale.pl\/index.php?rest_route=%2Fwp%2Fv2%2Fcomments&post=2036"}],"wp:featuredmedia":[{"embeddable":true,"href":"https:\/\/koraledetale.pl\/index.php?rest_route=\/wp\/v2\/media\/2038"}],"wp:attachment":[{"href":"https:\/\/koraledetale.pl\/index.php?rest_route=%2Fwp%2Fv2%2Fmedia&parent=2036"}],"wp:term":[{"taxonomy":"product_brand","embeddable":true,"href":"https:\/\/koraledetale.pl\/index.php?rest_route=%2Fwp%2Fv2%2Fproduct_brand&post=2036"},{"taxonomy":"product_cat","embeddable":true,"href":"https:\/\/koraledetale.pl\/index.php?rest_route=%2Fwp%2Fv2%2Fproduct_cat&post=2036"},{"taxonomy":"product_tag","embeddable":true,"href":"https:\/\/koraledetale.pl\/index.php?rest_route=%2Fwp%2Fv2%2Fproduct_tag&post=2036"}],"curies":[{"name":"wp","href":"https:\/\/api.w.org\/{rel}","templated":true}]}}