{"id":2011,"date":"2022-02-27T16:06:19","date_gmt":"2022-02-27T16:06:19","guid":{"rendered":"https:\/\/koraledetale.pl\/?post_type=product&#038;p=2011"},"modified":"2024-11-12T09:58:58","modified_gmt":"2024-11-12T09:58:58","slug":"mala-na-dobre-relacje-miedzyludzkie","status":"publish","type":"product","link":"https:\/\/koraledetale.pl\/?product=mala-na-dobre-relacje-miedzyludzkie","title":{"rendered":"Mala na dobre relacje mi\u0119dzyludzkie"},"content":{"rendered":"<p>Wielko\u015b\u0107 kamieni:<\/p>\n<ul>\n<li>jaspis \u2013 8 mm,<\/li>\n<li>lawa wulkaniczna\u2013 8 mm o 10 mm (guru).<\/li>\n<\/ul>\n<p>D\u0142ugo\u015b\u0107 mali \u2013 98 cm + guru i chwost \u2013 12 cm.<\/p>\n","protected":false},"excerpt":{"rendered":"<p>Mala z jaspisami i law\u0105 wulkaniczn\u0105, z chwostem z rzemyka.<\/p>\n","protected":false},"featured_media":2014,"comment_status":"open","ping_status":"closed","template":"","meta":{"advanced_seo_description":"","jetpack_seo_html_title":"","jetpack_seo_noindex":false},"product_brand":[],"product_cat":[229],"product_tag":[65,724,781,780,772,774,782],"class_list":{"0":"post-2011","1":"product","2":"type-product","3":"status-publish","4":"has-post-thumbnail","6":"product_cat-sprzedane","7":"product_tag-chwost","8":"product_tag-jaspis","9":"product_tag-lawa","10":"product_tag-mala-z-jaspisem-i-lawa-wulkaniczna","11":"product_tag-naszyjnik-do-medytacji","12":"product_tag-naszyjnik-z-chwostem","13":"product_tag-rzemyk","15":"first","16":"outofstock","17":"shipping-taxable","18":"product-type-simple"},"jetpack_sharing_enabled":true,"_links":{"self":[{"href":"https:\/\/koraledetale.pl\/index.php?rest_route=\/wp\/v2\/product\/2011","targetHints":{"allow":["GET"]}}],"collection":[{"href":"https:\/\/koraledetale.pl\/index.php?rest_route=\/wp\/v2\/product"}],"about":[{"href":"https:\/\/koraledetale.pl\/index.php?rest_route=\/wp\/v2\/types\/product"}],"replies":[{"embeddable":true,"href":"https:\/\/koraledetale.pl\/index.php?rest_route=%2Fwp%2Fv2%2Fcomments&post=2011"}],"wp:featuredmedia":[{"embeddable":true,"href":"https:\/\/koraledetale.pl\/index.php?rest_route=\/wp\/v2\/media\/2014"}],"wp:attachment":[{"href":"https:\/\/koraledetale.pl\/index.php?rest_route=%2Fwp%2Fv2%2Fmedia&parent=2011"}],"wp:term":[{"taxonomy":"product_brand","embeddable":true,"href":"https:\/\/koraledetale.pl\/index.php?rest_route=%2Fwp%2Fv2%2Fproduct_brand&post=2011"},{"taxonomy":"product_cat","embeddable":true,"href":"https:\/\/koraledetale.pl\/index.php?rest_route=%2Fwp%2Fv2%2Fproduct_cat&post=2011"},{"taxonomy":"product_tag","embeddable":true,"href":"https:\/\/koraledetale.pl\/index.php?rest_route=%2Fwp%2Fv2%2Fproduct_tag&post=2011"}],"curies":[{"name":"wp","href":"https:\/\/api.w.org\/{rel}","templated":true}]}}