{"id":2002,"date":"2022-02-27T15:48:40","date_gmt":"2022-02-27T15:48:40","guid":{"rendered":"https:\/\/koraledetale.pl\/?post_type=product&#038;p=2002"},"modified":"2024-11-12T09:59:13","modified_gmt":"2024-11-12T09:59:13","slug":"mala-na-odprezenie","status":"publish","type":"product","link":"https:\/\/koraledetale.pl\/?product=mala-na-odprezenie","title":{"rendered":"Mala na odpr\u0119\u017cenie"},"content":{"rendered":"<p>Wielko\u015b\u0107 kamieni:<\/p>\n<ul>\n<li>jadeit (b\u0142\u0119kitny i pomara\u0144czowy) &#8211; 8 mm,<\/li>\n<li>turkus &#8211; 10 mm.<\/li>\n<\/ul>\n<p>D\u0142ugo\u015b\u0107 mali &#8211; 106 cm + guru i chwost &#8211; 9 cm.<\/p>\n","protected":false},"excerpt":{"rendered":"<p>Mala z b\u0142\u0119kitnymi i pomara\u0144czowymi jadeitami, z turkusowym koralikiem guru i dobranym kolorystycznie chwostem.<\/p>\n","protected":false},"featured_media":2003,"comment_status":"open","ping_status":"closed","template":"","meta":{"advanced_seo_description":"","jetpack_seo_html_title":"","jetpack_seo_noindex":false},"product_brand":[],"product_cat":[229],"product_tag":[775,771,772,774,773,105],"class_list":{"0":"post-2002","1":"product","2":"type-product","3":"status-publish","4":"has-post-thumbnail","6":"product_cat-sprzedane","7":"product_tag-jadeit","8":"product_tag-mala-z-jadeitem","9":"product_tag-naszyjnik-do-medytacji","10":"product_tag-naszyjnik-z-chwostem","11":"product_tag-naszyjnik-z-jadeitami","12":"product_tag-turkus","14":"first","15":"outofstock","16":"shipping-taxable","17":"product-type-simple"},"jetpack_sharing_enabled":true,"_links":{"self":[{"href":"https:\/\/koraledetale.pl\/index.php?rest_route=\/wp\/v2\/product\/2002","targetHints":{"allow":["GET"]}}],"collection":[{"href":"https:\/\/koraledetale.pl\/index.php?rest_route=\/wp\/v2\/product"}],"about":[{"href":"https:\/\/koraledetale.pl\/index.php?rest_route=\/wp\/v2\/types\/product"}],"replies":[{"embeddable":true,"href":"https:\/\/koraledetale.pl\/index.php?rest_route=%2Fwp%2Fv2%2Fcomments&post=2002"}],"wp:featuredmedia":[{"embeddable":true,"href":"https:\/\/koraledetale.pl\/index.php?rest_route=\/wp\/v2\/media\/2003"}],"wp:attachment":[{"href":"https:\/\/koraledetale.pl\/index.php?rest_route=%2Fwp%2Fv2%2Fmedia&parent=2002"}],"wp:term":[{"taxonomy":"product_brand","embeddable":true,"href":"https:\/\/koraledetale.pl\/index.php?rest_route=%2Fwp%2Fv2%2Fproduct_brand&post=2002"},{"taxonomy":"product_cat","embeddable":true,"href":"https:\/\/koraledetale.pl\/index.php?rest_route=%2Fwp%2Fv2%2Fproduct_cat&post=2002"},{"taxonomy":"product_tag","embeddable":true,"href":"https:\/\/koraledetale.pl\/index.php?rest_route=%2Fwp%2Fv2%2Fproduct_tag&post=2002"}],"curies":[{"name":"wp","href":"https:\/\/api.w.org\/{rel}","templated":true}]}}