{"id":1938,"date":"2022-02-10T15:59:58","date_gmt":"2022-02-10T15:59:58","guid":{"rendered":"https:\/\/koraledetale.pl\/?post_type=product&#038;p=1938"},"modified":"2024-11-12T09:54:01","modified_gmt":"2024-11-12T09:54:01","slug":"bransoletka-stabilnosc-z-cytrynem","status":"publish","type":"product","link":"https:\/\/koraledetale.pl\/?product=bransoletka-stabilnosc-z-cytrynem","title":{"rendered":"Bransoletka STABILNO\u015a\u0106 z cytrynem"},"content":{"rendered":"<p>Wielko\u015b\u0107 kamieni:<\/p>\n<ul>\n<li>cytryn &#8211; 3 mm,<\/li>\n<li>turmalin &#8211; 4 mm,<\/li>\n<li>hematyt &#8211; 5&#215;2 mm, 3&#215;1 mm i 2 mm.<\/li>\n<\/ul>\n<p>D\u0142ugo\u015b\u0107 bransoletki: 15-18 cm.<\/p>\n","protected":false},"excerpt":{"rendered":"<p>Bransoletka z cytrynami, z\u0142otymi hematytami i zielonym turmalinem, zasupe\u0142kowanymi na zielonej, mocnej nici jubilerskiej. W centrum jest zawieszka &#8211; serce. Wszystkie elementy metalowe wykonane s\u0105 z nieuczulaj\u0105cej stali chirurgicznej (szlachetnej).<\/p>\n","protected":false},"featured_media":1939,"comment_status":"open","ping_status":"closed","template":"","meta":{"advanced_seo_description":"","jetpack_seo_html_title":"","jetpack_seo_noindex":false},"product_brand":[],"product_cat":[229],"product_tag":[753,754,752,193,520,31],"class_list":{"0":"post-1938","1":"product","2":"type-product","3":"status-publish","4":"has-post-thumbnail","6":"product_cat-sprzedane","7":"product_tag-bransoletka-z-cytrynami","8":"product_tag-bransoletka-z-sercem","9":"product_tag-bransoletkaz-kamieniami-naturalnymi","10":"product_tag-cytryn","11":"product_tag-serce","12":"product_tag-zloty-hematyt","14":"first","15":"outofstock","16":"shipping-taxable","17":"product-type-simple"},"jetpack_sharing_enabled":true,"_links":{"self":[{"href":"https:\/\/koraledetale.pl\/index.php?rest_route=\/wp\/v2\/product\/1938","targetHints":{"allow":["GET"]}}],"collection":[{"href":"https:\/\/koraledetale.pl\/index.php?rest_route=\/wp\/v2\/product"}],"about":[{"href":"https:\/\/koraledetale.pl\/index.php?rest_route=\/wp\/v2\/types\/product"}],"replies":[{"embeddable":true,"href":"https:\/\/koraledetale.pl\/index.php?rest_route=%2Fwp%2Fv2%2Fcomments&post=1938"}],"wp:featuredmedia":[{"embeddable":true,"href":"https:\/\/koraledetale.pl\/index.php?rest_route=\/wp\/v2\/media\/1939"}],"wp:attachment":[{"href":"https:\/\/koraledetale.pl\/index.php?rest_route=%2Fwp%2Fv2%2Fmedia&parent=1938"}],"wp:term":[{"taxonomy":"product_brand","embeddable":true,"href":"https:\/\/koraledetale.pl\/index.php?rest_route=%2Fwp%2Fv2%2Fproduct_brand&post=1938"},{"taxonomy":"product_cat","embeddable":true,"href":"https:\/\/koraledetale.pl\/index.php?rest_route=%2Fwp%2Fv2%2Fproduct_cat&post=1938"},{"taxonomy":"product_tag","embeddable":true,"href":"https:\/\/koraledetale.pl\/index.php?rest_route=%2Fwp%2Fv2%2Fproduct_tag&post=1938"}],"curies":[{"name":"wp","href":"https:\/\/api.w.org\/{rel}","templated":true}]}}