{"id":1902,"date":"2022-01-31T09:08:10","date_gmt":"2022-01-31T09:08:10","guid":{"rendered":"https:\/\/koraledetale.pl\/?post_type=product&#038;p=1902"},"modified":"2024-11-12T09:55:48","modified_gmt":"2024-11-12T09:55:48","slug":"bransoletka-wzmocnienie","status":"publish","type":"product","link":"https:\/\/koraledetale.pl\/?product=bransoletka-wzmocnienie","title":{"rendered":"Bransoletka WZMOCNIENIE z kolorowymi kamieniami"},"content":{"rendered":"<p>Wielko\u015b\u0107 kamieni:<\/p>\n<ul>\n<li>kamie\u0144 s\u0142oneczny &#8211; 4 mm,<\/li>\n<li>kunzt &#8211; 3,5 mm,<\/li>\n<li>amazonit &#8211; 3 mm,<\/li>\n<li>labradoryt &#8211; 3 mm i \u0142ezka 9&#215;5 mm,<\/li>\n<li>granat &#8211; 3 mm i \u0142ezka 8&#215;4,5&#215;3 mm,<\/li>\n<li>hematyt &#8211; 3,5&#215;2 mm, 2&#215;1 mm i 2 mm.<\/li>\n<\/ul>\n<p>D\u0142ugo\u015b\u0107 bransoletki: 17-20 cm.<\/p>\n","protected":false},"excerpt":{"rendered":"<p>Bransoletka z kolorowymi kamieniami: amazonitem, kunzytem, labradorytem, granatem, kamieniem s\u0142onecznym i z\u0142otym hematytem, z zawieszkami przy zapi\u0119ciu &#8211; s\u0142o\u0144cem, \u0142ezk\u0105 labradorytu i \u0142ezk\u0105 granatu przy przed\u0142u\u017cce. Wszystkie elementy metalowe wykonane s\u0105 z nieuczulaj\u0105cej stali chirurgicznej (szlachetnej).<\/p>\n","protected":false},"featured_media":1903,"comment_status":"open","ping_status":"closed","template":"","meta":{"advanced_seo_description":"","jetpack_seo_html_title":"","jetpack_seo_noindex":false},"product_brand":[],"product_cat":[229],"product_tag":[53,237,740,71,94,512,56,741],"class_list":{"0":"post-1902","1":"product","2":"type-product","3":"status-publish","4":"has-post-thumbnail","6":"product_cat-sprzedane","7":"product_tag-amazonit","8":"product_tag-bransoletka-z-kolorowymi-kamieniami","9":"product_tag-bransoletka-z-miksem-kamieni","10":"product_tag-granat","11":"product_tag-kamien-sloneczny","12":"product_tag-kunzyt","13":"product_tag-labradoryt","14":"product_tag-zlty-hematyt","16":"first","17":"outofstock","18":"shipping-taxable","19":"product-type-simple"},"jetpack_sharing_enabled":true,"_links":{"self":[{"href":"https:\/\/koraledetale.pl\/index.php?rest_route=\/wp\/v2\/product\/1902","targetHints":{"allow":["GET"]}}],"collection":[{"href":"https:\/\/koraledetale.pl\/index.php?rest_route=\/wp\/v2\/product"}],"about":[{"href":"https:\/\/koraledetale.pl\/index.php?rest_route=\/wp\/v2\/types\/product"}],"replies":[{"embeddable":true,"href":"https:\/\/koraledetale.pl\/index.php?rest_route=%2Fwp%2Fv2%2Fcomments&post=1902"}],"wp:featuredmedia":[{"embeddable":true,"href":"https:\/\/koraledetale.pl\/index.php?rest_route=\/wp\/v2\/media\/1903"}],"wp:attachment":[{"href":"https:\/\/koraledetale.pl\/index.php?rest_route=%2Fwp%2Fv2%2Fmedia&parent=1902"}],"wp:term":[{"taxonomy":"product_brand","embeddable":true,"href":"https:\/\/koraledetale.pl\/index.php?rest_route=%2Fwp%2Fv2%2Fproduct_brand&post=1902"},{"taxonomy":"product_cat","embeddable":true,"href":"https:\/\/koraledetale.pl\/index.php?rest_route=%2Fwp%2Fv2%2Fproduct_cat&post=1902"},{"taxonomy":"product_tag","embeddable":true,"href":"https:\/\/koraledetale.pl\/index.php?rest_route=%2Fwp%2Fv2%2Fproduct_tag&post=1902"}],"curies":[{"name":"wp","href":"https:\/\/api.w.org\/{rel}","templated":true}]}}