{"id":1883,"date":"2022-01-24T12:51:41","date_gmt":"2022-01-24T12:51:41","guid":{"rendered":"https:\/\/koraledetale.pl\/?post_type=product&#038;p=1883"},"modified":"2024-11-12T09:56:40","modified_gmt":"2024-11-12T09:56:40","slug":"naszyjnik-luna-z-lapis-lazuri","status":"publish","type":"product","link":"https:\/\/koraledetale.pl\/?product=naszyjnik-luna-z-lapis-lazuri","title":{"rendered":"Naszyjnik LUNA z lapis lazu"},"content":{"rendered":"<p>Wielko\u015b\u0107 kamieni:<\/p>\n<ul>\n<li>lapis lazuri \u2013 2,5 mm,<\/li>\n<li>szafir \u2013 9x7x4,5 mm,<\/li>\n<li>hematyt \u2013 2 mm.<\/li>\n<\/ul>\n<p>D\u0142ugo\u015b\u0107 naszyjnika: 73 cm + zawieszka 2 cm.<\/p>\n","protected":false},"excerpt":{"rendered":"<p>D\u0142ugi, delikatny naszyjnik supe\u0142kowy z drobnym lapis lazuri i z\u0142otymi hematytami. Zwie\u0144czeniem naszyjnika jest zawieszka \u2013 luna z \u0142ezk\u0105 szafiru. Zawieszka wykonana jest z nieuczulaj\u0105cej stali chirurgicznej (szlachetnej).<\/p>\n","protected":false},"featured_media":1885,"comment_status":"open","ping_status":"closed","template":"","meta":{"advanced_seo_description":"","jetpack_seo_html_title":"","jetpack_seo_noindex":false},"product_brand":[],"product_cat":[229],"product_tag":[736,735,67,501,81,687,25],"class_list":{"0":"post-1883","1":"product","2":"type-product","3":"status-publish","4":"has-post-thumbnail","6":"product_cat-sprzedane","7":"product_tag-delikatny-naszyjnik-z-luna","8":"product_tag-dlugi-naszyjnik-z-lapis-lazuri-i-szafirem","9":"product_tag-hematyt","10":"product_tag-ksiezyc","11":"product_tag-lapis-lazuri","12":"product_tag-luna","13":"product_tag-szafir","15":"first","16":"outofstock","17":"shipping-taxable","18":"product-type-simple"},"jetpack_sharing_enabled":true,"_links":{"self":[{"href":"https:\/\/koraledetale.pl\/index.php?rest_route=\/wp\/v2\/product\/1883","targetHints":{"allow":["GET"]}}],"collection":[{"href":"https:\/\/koraledetale.pl\/index.php?rest_route=\/wp\/v2\/product"}],"about":[{"href":"https:\/\/koraledetale.pl\/index.php?rest_route=\/wp\/v2\/types\/product"}],"replies":[{"embeddable":true,"href":"https:\/\/koraledetale.pl\/index.php?rest_route=%2Fwp%2Fv2%2Fcomments&post=1883"}],"wp:featuredmedia":[{"embeddable":true,"href":"https:\/\/koraledetale.pl\/index.php?rest_route=\/wp\/v2\/media\/1885"}],"wp:attachment":[{"href":"https:\/\/koraledetale.pl\/index.php?rest_route=%2Fwp%2Fv2%2Fmedia&parent=1883"}],"wp:term":[{"taxonomy":"product_brand","embeddable":true,"href":"https:\/\/koraledetale.pl\/index.php?rest_route=%2Fwp%2Fv2%2Fproduct_brand&post=1883"},{"taxonomy":"product_cat","embeddable":true,"href":"https:\/\/koraledetale.pl\/index.php?rest_route=%2Fwp%2Fv2%2Fproduct_cat&post=1883"},{"taxonomy":"product_tag","embeddable":true,"href":"https:\/\/koraledetale.pl\/index.php?rest_route=%2Fwp%2Fv2%2Fproduct_tag&post=1883"}],"curies":[{"name":"wp","href":"https:\/\/api.w.org\/{rel}","templated":true}]}}