{"id":1863,"date":"2022-01-21T10:48:59","date_gmt":"2022-01-21T10:48:59","guid":{"rendered":"https:\/\/koraledetale.pl\/?post_type=product&#038;p=1863"},"modified":"2024-11-12T09:57:37","modified_gmt":"2024-11-12T09:57:37","slug":"bransoletka-energia-z-czarnymi-turmalinami","status":"publish","type":"product","link":"https:\/\/koraledetale.pl\/?product=bransoletka-energia-z-czarnymi-turmalinami","title":{"rendered":"Bransoletka ENERGIA z czarnymi turmalinami"},"content":{"rendered":"<p>Wielko\u015b\u0107 kamieni:<\/p>\n<ul>\n<li>turmaliny \u2013 4 mm,<\/li>\n<li>hematyt \u2013 3,5\u00d72 mm i 2 mm.<\/li>\n<\/ul>\n<p>Bransoletk\u0119 zapniesz w dowolnym miejscu \u0142a\u0144cucha, maksymalnie na d\u0142ugo\u015bci 19 cm.<\/p>\n","protected":false},"excerpt":{"rendered":"<p>Bransoletka z czarnych turmalin\u00f3w z pojedynczym, ciemnor\u00f3\u017cowym turmalinem pomi\u0119dzy z\u0142otymi hematytami, i \u0142a\u0144cucha-spinacza, z \u0142\u0105cznikiem w formie drzewa \u017cycia.<\/p>\n<p>Wszystkie elementy metalowe wykonane s\u0105 z nieuczulaj\u0105cej stali chirurgicznej (szlachetnej).<\/p>\n","protected":false},"featured_media":1861,"comment_status":"open","ping_status":"closed","template":"","meta":{"advanced_seo_description":"","jetpack_seo_html_title":"","jetpack_seo_noindex":false},"product_brand":[],"product_cat":[229],"product_tag":[287,632,133,288,730,31],"class_list":{"0":"post-1863","1":"product","2":"type-product","3":"status-publish","4":"has-post-thumbnail","6":"product_cat-sprzedane","7":"product_tag-bransoletka-z-czarnym-turmalinem","8":"product_tag-bransoletka-z-drzewem-zycia","9":"product_tag-bransoletka-z-kamieni-naturalnych","10":"product_tag-czarny-turmalin","11":"product_tag-drzewo-zycia-lancuch","12":"product_tag-zloty-hematyt","14":"first","15":"outofstock","16":"shipping-taxable","17":"product-type-simple"},"jetpack_sharing_enabled":true,"_links":{"self":[{"href":"https:\/\/koraledetale.pl\/index.php?rest_route=\/wp\/v2\/product\/1863","targetHints":{"allow":["GET"]}}],"collection":[{"href":"https:\/\/koraledetale.pl\/index.php?rest_route=\/wp\/v2\/product"}],"about":[{"href":"https:\/\/koraledetale.pl\/index.php?rest_route=\/wp\/v2\/types\/product"}],"replies":[{"embeddable":true,"href":"https:\/\/koraledetale.pl\/index.php?rest_route=%2Fwp%2Fv2%2Fcomments&post=1863"}],"wp:featuredmedia":[{"embeddable":true,"href":"https:\/\/koraledetale.pl\/index.php?rest_route=\/wp\/v2\/media\/1861"}],"wp:attachment":[{"href":"https:\/\/koraledetale.pl\/index.php?rest_route=%2Fwp%2Fv2%2Fmedia&parent=1863"}],"wp:term":[{"taxonomy":"product_brand","embeddable":true,"href":"https:\/\/koraledetale.pl\/index.php?rest_route=%2Fwp%2Fv2%2Fproduct_brand&post=1863"},{"taxonomy":"product_cat","embeddable":true,"href":"https:\/\/koraledetale.pl\/index.php?rest_route=%2Fwp%2Fv2%2Fproduct_cat&post=1863"},{"taxonomy":"product_tag","embeddable":true,"href":"https:\/\/koraledetale.pl\/index.php?rest_route=%2Fwp%2Fv2%2Fproduct_tag&post=1863"}],"curies":[{"name":"wp","href":"https:\/\/api.w.org\/{rel}","templated":true}]}}