{"id":1832,"date":"2022-01-13T11:26:11","date_gmt":"2022-01-13T11:26:11","guid":{"rendered":"https:\/\/koraledetale.pl\/?post_type=product&#038;p=1832"},"modified":"2024-11-11T21:00:52","modified_gmt":"2024-11-11T21:00:52","slug":"naszyjnik-miod-lawendowy","status":"publish","type":"product","link":"https:\/\/koraledetale.pl\/?product=naszyjnik-miod-lawendowy","title":{"rendered":"Naszyjnik MI\u00d3D LAWENDOWY"},"content":{"rendered":"<p>Wielko\u015b\u0107 kamieni:<\/p>\n<ul>\n<li>morganit &#8211; 4 mm,<\/li>\n<li>kamie\u0144 ksi\u0119\u017cycowy\/s\u0142oneczny &#8211; 3 mm,<\/li>\n<li>ametyst &#8211; 3&#215;2,5 mm,<\/li>\n<li>jaspis &#8211; 20x15x6 mm,<\/li>\n<li>hematyt &#8211; 4&#215;2, 3&#215;2 mm, 4&#215;2 mm i 2 mm.<\/li>\n<\/ul>\n<p>D\u0142ugo\u015b\u0107 naszyjnika &#8211; 82 cm + zawieszka z jaspisem 2,8 cm.<\/p>\n","protected":false},"excerpt":{"rendered":"<p>Wielofunkcyjny naszyjnik z pastelowych kamieni: morganitu, ametystu, kamieni ksi\u0119\u017cycowych i s\u0142onecznych oraz z\u0142otych hematyt\u00f3w, zasupe\u0142kowany na mocnej nici jubilerskiej. Zwie\u0144czeniem naszyjnika jest zawieszka z pi\u0119knie wybarwionego jaspisu w kolorze miodu, szaro\u015bci i lawendy. Naszyjnik mo\u017cna nosi\u0107 jako d\u0142ugi &#8211; w\u00f3wczas po boku widoczna jest czterolistna koniczynka, lub podw\u00f3jnie owin\u0105\u0107 wok\u00f3\u0142 szyi. W tym drugim wariancie, opr\u00f3cz jaspisu, widoczna jest druga zawieszka &#8211; z k\u00f3\u0142kiem i listkiem.<\/p>\n<p>Wszystkie elementy metalowe wykonane s\u0105 z nieuczulaj\u0105cej stali chirurgicznej (szlachetnej).<\/p>\n","protected":false},"featured_media":1833,"comment_status":"open","ping_status":"closed","template":"","meta":{"advanced_seo_description":"","jetpack_seo_html_title":"","jetpack_seo_noindex":false},"product_brand":[],"product_cat":[229],"product_tag":[38,52,724,64,94,725,497,31],"class_list":{"0":"post-1832","1":"product","2":"type-product","3":"status-publish","4":"has-post-thumbnail","6":"product_cat-sprzedane","7":"product_tag-ametyst","8":"product_tag-dlugi-naszyjnik-z-kamieni-naturalnych","9":"product_tag-jaspis","10":"product_tag-kamien-ksiezycowy","11":"product_tag-kamien-sloneczny","12":"product_tag-morganit","13":"product_tag-podwojny-naszyjnik-z-kamieniami-naturalnymi","14":"product_tag-zloty-hematyt","16":"first","17":"outofstock","18":"shipping-taxable","19":"product-type-simple"},"jetpack_sharing_enabled":true,"_links":{"self":[{"href":"https:\/\/koraledetale.pl\/index.php?rest_route=\/wp\/v2\/product\/1832","targetHints":{"allow":["GET"]}}],"collection":[{"href":"https:\/\/koraledetale.pl\/index.php?rest_route=\/wp\/v2\/product"}],"about":[{"href":"https:\/\/koraledetale.pl\/index.php?rest_route=\/wp\/v2\/types\/product"}],"replies":[{"embeddable":true,"href":"https:\/\/koraledetale.pl\/index.php?rest_route=%2Fwp%2Fv2%2Fcomments&post=1832"}],"wp:featuredmedia":[{"embeddable":true,"href":"https:\/\/koraledetale.pl\/index.php?rest_route=\/wp\/v2\/media\/1833"}],"wp:attachment":[{"href":"https:\/\/koraledetale.pl\/index.php?rest_route=%2Fwp%2Fv2%2Fmedia&parent=1832"}],"wp:term":[{"taxonomy":"product_brand","embeddable":true,"href":"https:\/\/koraledetale.pl\/index.php?rest_route=%2Fwp%2Fv2%2Fproduct_brand&post=1832"},{"taxonomy":"product_cat","embeddable":true,"href":"https:\/\/koraledetale.pl\/index.php?rest_route=%2Fwp%2Fv2%2Fproduct_cat&post=1832"},{"taxonomy":"product_tag","embeddable":true,"href":"https:\/\/koraledetale.pl\/index.php?rest_route=%2Fwp%2Fv2%2Fproduct_tag&post=1832"}],"curies":[{"name":"wp","href":"https:\/\/api.w.org\/{rel}","templated":true}]}}