{"id":1804,"date":"2022-01-09T14:17:29","date_gmt":"2022-01-09T14:17:29","guid":{"rendered":"https:\/\/koraledetale.pl\/?post_type=product&#038;p=1804"},"modified":"2024-11-11T21:02:44","modified_gmt":"2024-11-11T21:02:44","slug":"naszyjnik-madrosc-z-turkusami-i-chryzokola","status":"publish","type":"product","link":"https:\/\/koraledetale.pl\/?product=naszyjnik-madrosc-z-turkusami-i-chryzokola","title":{"rendered":"Naszyjnik M\u0104DRO\u015a\u0106 z turkusami i chryzokol\u0105"},"content":{"rendered":"<p>Wielko\u015b\u0107 kamieni:<\/p>\n<ul>\n<li>lapis lazuri \u2013 4\u00d72 mm,<\/li>\n<li>chryzokola \u2013 6,5\u00d76,5\u00d77 mm,<\/li>\n<li>hematyt \u2013 3\u00d71 mm i 2 mm.<\/li>\n<\/ul>\n<p>D\u0142ugo\u015b\u0107 naszyjnika: 42 \u2013 47 cm + zawieszka 2,6 cm.<\/p>\n","protected":false},"excerpt":{"rendered":"<p>Delikatny naszyjnik \u2013 \u0142a\u0144cuszek z drobnymi wa\u0142eczkami jasnego, przeplatanymi srebrnymi hematytami, z zawieszk\u0105 z bry\u0142ki chryzokoli i wa\u0142eczka lapis lazuri. Wszystkie elementy metalowe wykonane s\u0105 z nieuczulaj\u0105cej stali chirurgicznej (szlachetnej).<\/p>\n","protected":false},"featured_media":1802,"comment_status":"open","ping_status":"closed","template":"","meta":{"advanced_seo_description":"","jetpack_seo_html_title":"","jetpack_seo_noindex":false},"product_brand":[],"product_cat":[229],"product_tag":[120,66,26,36,37,105,717],"class_list":{"0":"post-1804","1":"product","2":"type-product","3":"status-publish","4":"has-post-thumbnail","6":"product_cat-sprzedane","7":"product_tag-chryzokola","8":"product_tag-naszyjnik-z-kamieniami-naturalnymi","9":"product_tag-srebrny-hematyt","10":"product_tag-stal-chirurgiczna","11":"product_tag-stal-szlachetna","12":"product_tag-turkus","13":"product_tag-lancuszek-z-turkusami-i-chryzokola","15":"first","16":"outofstock","17":"shipping-taxable","18":"product-type-simple"},"jetpack_sharing_enabled":true,"_links":{"self":[{"href":"https:\/\/koraledetale.pl\/index.php?rest_route=\/wp\/v2\/product\/1804","targetHints":{"allow":["GET"]}}],"collection":[{"href":"https:\/\/koraledetale.pl\/index.php?rest_route=\/wp\/v2\/product"}],"about":[{"href":"https:\/\/koraledetale.pl\/index.php?rest_route=\/wp\/v2\/types\/product"}],"replies":[{"embeddable":true,"href":"https:\/\/koraledetale.pl\/index.php?rest_route=%2Fwp%2Fv2%2Fcomments&post=1804"}],"wp:featuredmedia":[{"embeddable":true,"href":"https:\/\/koraledetale.pl\/index.php?rest_route=\/wp\/v2\/media\/1802"}],"wp:attachment":[{"href":"https:\/\/koraledetale.pl\/index.php?rest_route=%2Fwp%2Fv2%2Fmedia&parent=1804"}],"wp:term":[{"taxonomy":"product_brand","embeddable":true,"href":"https:\/\/koraledetale.pl\/index.php?rest_route=%2Fwp%2Fv2%2Fproduct_brand&post=1804"},{"taxonomy":"product_cat","embeddable":true,"href":"https:\/\/koraledetale.pl\/index.php?rest_route=%2Fwp%2Fv2%2Fproduct_cat&post=1804"},{"taxonomy":"product_tag","embeddable":true,"href":"https:\/\/koraledetale.pl\/index.php?rest_route=%2Fwp%2Fv2%2Fproduct_tag&post=1804"}],"curies":[{"name":"wp","href":"https:\/\/api.w.org\/{rel}","templated":true}]}}