{"id":1647,"date":"2021-11-29T08:05:51","date_gmt":"2021-11-29T08:05:51","guid":{"rendered":"https:\/\/koraledetale.pl\/?post_type=product&#038;p=1647"},"modified":"2024-11-11T20:58:01","modified_gmt":"2024-11-11T20:58:01","slug":"bransoletka-liscie-z-hematytami","status":"publish","type":"product","link":"https:\/\/koraledetale.pl\/?product=bransoletka-liscie-z-hematytami","title":{"rendered":"Bransoletka LI\u015aCIE z hematytami"},"content":{"rendered":"<p>Wielko\u015b\u0107 hematyt\u00f3w &#8211; 3,5 mm.<\/p>\n<p>Wielko\u015b\u0107 zawieszek &#8211; 10&#215;11 mm i 12&#215;6 mm.<\/p>\n<p>D\u0142ugo\u015b\u0107 bransoletki &#8211; 17 cm.<\/p>\n<p>&nbsp;<\/p>\n","protected":false},"excerpt":{"rendered":"<p>Bransoletka z g\u0142adkich hematyt\u00f3w mieni\u0105cych si\u0119 kolorami z\u0142ota i zieleni, miejscami z delikatn\u0105, niebiesk\u0105 po\u015bwiat\u0105. Bransoletk\u0119 zdobi\u0105 zawieszki w kszta\u0142cie li\u015bci. Wszystkie elementy metalowe wykonane s\u0105 ze stali chirurgicznej (szlachetnej).<\/p>\n","protected":false},"featured_media":1648,"comment_status":"open","ping_status":"closed","template":"","meta":{"advanced_seo_description":"","jetpack_seo_html_title":"","jetpack_seo_noindex":false},"product_brand":[],"product_cat":[229],"product_tag":[675,80,677,67,678,36,37,676],"class_list":{"0":"post-1647","1":"product","2":"type-product","3":"status-publish","4":"has-post-thumbnail","6":"product_cat-sprzedane","7":"product_tag-bransoletka-z-hematytami-i-zawieszkami","8":"product_tag-bransoletka-z-kamieniami-naturalnymi","9":"product_tag-ginko-biloba","10":"product_tag-hematyt","11":"product_tag-milorzab-japonski","12":"product_tag-stal-chirurgiczna","13":"product_tag-stal-szlachetna","14":"product_tag-zawieszka-lisc","16":"first","17":"outofstock","18":"shipping-taxable","19":"product-type-simple"},"jetpack_sharing_enabled":true,"_links":{"self":[{"href":"https:\/\/koraledetale.pl\/index.php?rest_route=\/wp\/v2\/product\/1647","targetHints":{"allow":["GET"]}}],"collection":[{"href":"https:\/\/koraledetale.pl\/index.php?rest_route=\/wp\/v2\/product"}],"about":[{"href":"https:\/\/koraledetale.pl\/index.php?rest_route=\/wp\/v2\/types\/product"}],"replies":[{"embeddable":true,"href":"https:\/\/koraledetale.pl\/index.php?rest_route=%2Fwp%2Fv2%2Fcomments&post=1647"}],"wp:featuredmedia":[{"embeddable":true,"href":"https:\/\/koraledetale.pl\/index.php?rest_route=\/wp\/v2\/media\/1648"}],"wp:attachment":[{"href":"https:\/\/koraledetale.pl\/index.php?rest_route=%2Fwp%2Fv2%2Fmedia&parent=1647"}],"wp:term":[{"taxonomy":"product_brand","embeddable":true,"href":"https:\/\/koraledetale.pl\/index.php?rest_route=%2Fwp%2Fv2%2Fproduct_brand&post=1647"},{"taxonomy":"product_cat","embeddable":true,"href":"https:\/\/koraledetale.pl\/index.php?rest_route=%2Fwp%2Fv2%2Fproduct_cat&post=1647"},{"taxonomy":"product_tag","embeddable":true,"href":"https:\/\/koraledetale.pl\/index.php?rest_route=%2Fwp%2Fv2%2Fproduct_tag&post=1647"}],"curies":[{"name":"wp","href":"https:\/\/api.w.org\/{rel}","templated":true}]}}