{"id":1571,"date":"2021-11-10T13:26:38","date_gmt":"2021-11-10T13:26:38","guid":{"rendered":"https:\/\/koraledetale.pl\/?post_type=product&#038;p=1571"},"modified":"2024-11-11T20:53:01","modified_gmt":"2024-11-11T20:53:01","slug":"naszyjnik-milosc-ze-spinelem","status":"publish","type":"product","link":"https:\/\/koraledetale.pl\/?product=naszyjnik-milosc-ze-spinelem","title":{"rendered":"Naszyjnik MI\u0141O\u015a\u0106 ze spinelem"},"content":{"rendered":"<p>Wielko\u015b\u0107 kamieni:<\/p>\n<ul>\n<li>spinel &#8211; 2 mm, \u0142ezka &#8211; 10&#215;6,5 mm,<\/li>\n<li>hematyt &#8211; 2 mm.<\/li>\n<\/ul>\n<p>D\u0142ugo\u015b\u0107 naszyjnika: 99 cm + zawieszka 2,5 cm.<\/p>\n","protected":false},"excerpt":{"rendered":"<p>D\u0142ugi, delikatny naszyjnik supe\u0142kowy z drobnymi spinelami i z\u0142otymi hematytami. Zwie\u0144czeniem naszyjnika jest zawieszka &#8211; a\u017curowe serce z \u0142ezk\u0105 spinelu. Baz\u0105 naszyjnika jest czarna, mocna ni\u0107 jubilerska. Zawieszka wykonana jest ze stali chirurgicznej (szlachetnej).<\/p>\n<p>Sznur mo\u017cesz z powodzeniem okr\u0119ci\u0107 dwa razy wok\u00f3\u0142 szyi, tworz\u0105c naszyjnik warstwowy.<\/p>\n","protected":false},"featured_media":3712,"comment_status":"open","ping_status":"closed","template":"","meta":{"advanced_seo_description":"","jetpack_seo_html_title":"","jetpack_seo_noindex":false},"product_brand":[],"product_cat":[229],"product_tag":[652,654,651,1310,653],"class_list":{"0":"post-1571","1":"product","2":"type-product","3":"status-publish","4":"has-post-thumbnail","6":"product_cat-sprzedane","7":"product_tag-delikatny-naszyjnik-ze-spinelem","8":"product_tag-naszyjnik-supelkowy","9":"product_tag-naszyjnik-ze-spinelami","10":"product_tag-podwojny-naszyjnik-z-czarnymi-kamieniami","11":"product_tag-spinel-zawieszka","13":"first","14":"outofstock","15":"shipping-taxable","16":"product-type-simple"},"jetpack_sharing_enabled":true,"_links":{"self":[{"href":"https:\/\/koraledetale.pl\/index.php?rest_route=\/wp\/v2\/product\/1571","targetHints":{"allow":["GET"]}}],"collection":[{"href":"https:\/\/koraledetale.pl\/index.php?rest_route=\/wp\/v2\/product"}],"about":[{"href":"https:\/\/koraledetale.pl\/index.php?rest_route=\/wp\/v2\/types\/product"}],"replies":[{"embeddable":true,"href":"https:\/\/koraledetale.pl\/index.php?rest_route=%2Fwp%2Fv2%2Fcomments&post=1571"}],"wp:featuredmedia":[{"embeddable":true,"href":"https:\/\/koraledetale.pl\/index.php?rest_route=\/wp\/v2\/media\/3712"}],"wp:attachment":[{"href":"https:\/\/koraledetale.pl\/index.php?rest_route=%2Fwp%2Fv2%2Fmedia&parent=1571"}],"wp:term":[{"taxonomy":"product_brand","embeddable":true,"href":"https:\/\/koraledetale.pl\/index.php?rest_route=%2Fwp%2Fv2%2Fproduct_brand&post=1571"},{"taxonomy":"product_cat","embeddable":true,"href":"https:\/\/koraledetale.pl\/index.php?rest_route=%2Fwp%2Fv2%2Fproduct_cat&post=1571"},{"taxonomy":"product_tag","embeddable":true,"href":"https:\/\/koraledetale.pl\/index.php?rest_route=%2Fwp%2Fv2%2Fproduct_tag&post=1571"}],"curies":[{"name":"wp","href":"https:\/\/api.w.org\/{rel}","templated":true}]}}