{"id":1515,"date":"2021-11-02T13:43:54","date_gmt":"2021-11-02T13:43:54","guid":{"rendered":"https:\/\/koraledetale.pl\/?post_type=product&#038;p=1515"},"modified":"2024-11-11T20:54:53","modified_gmt":"2024-11-11T20:54:53","slug":"kolczyki-gypsy-z-lapis-lazuri-i-zielonym-onyksem","status":"publish","type":"product","link":"https:\/\/koraledetale.pl\/?product=kolczyki-gypsy-z-lapis-lazuri-i-zielonym-onyksem","title":{"rendered":"Kolczyki GYPSY z lapis lazuri i zielonym onyksem"},"content":{"rendered":"<p>Wielko\u015b\u0107 kamieni:<\/p>\n<ul>\n<li>lapis lazuri \u2013 4 mm,<\/li>\n<li>onyks \u2013 4,5 mm,<\/li>\n<li>hematyt \u2013 4\u00d72 mm, 3,\u00d72,5 mm, 2\u00d72 mm i 2 mm.<\/li>\n<\/ul>\n<p>\u015arednica blaszek \u2013 8 mm.<\/p>\n<p>D\u0142ugo\u015b\u0107 kolczyk\u00f3w \u2013 7,5 cm.<\/p>\n","protected":false},"excerpt":{"rendered":"<p>D\u0142ugie kolczyki w stylu boho z lapis lazuri, zielonym onyksem, z\u0142otymi hematytami i okr\u0105g\u0142ymi blaszkami. Wszystkie elementy metalowe wykonane s\u0105 z nieuczulaj\u0105cej stali chirurgicznej (szlachetnej).<\/p>\n","protected":false},"featured_media":1511,"comment_status":"open","ping_status":"closed","template":"","meta":{"advanced_seo_description":"","jetpack_seo_html_title":"","jetpack_seo_noindex":false},"product_brand":[],"product_cat":[229],"product_tag":[625,624,622,623,107,531,81,152,31],"class_list":{"0":"post-1515","1":"product","2":"type-product","3":"status-publish","4":"has-post-thumbnail","6":"product_cat-sprzedane","7":"product_tag-blaszki","8":"product_tag-dlugie-kolczyki-z-naturalnymi-kamieniami","9":"product_tag-kolczyki-w-stylu-boho","10":"product_tag-kolczyki-z-lapis-lazuri-i-zielonym-onyksem","11":"product_tag-kolczyki-ze-stali-chirurgicznej","12":"product_tag-kolczyki-ze-stali-szlachetenej","13":"product_tag-lapis-lazuri","14":"product_tag-zielony-onyks","15":"product_tag-zloty-hematyt","17":"first","18":"outofstock","19":"shipping-taxable","20":"product-type-simple"},"jetpack_sharing_enabled":true,"_links":{"self":[{"href":"https:\/\/koraledetale.pl\/index.php?rest_route=\/wp\/v2\/product\/1515","targetHints":{"allow":["GET"]}}],"collection":[{"href":"https:\/\/koraledetale.pl\/index.php?rest_route=\/wp\/v2\/product"}],"about":[{"href":"https:\/\/koraledetale.pl\/index.php?rest_route=\/wp\/v2\/types\/product"}],"replies":[{"embeddable":true,"href":"https:\/\/koraledetale.pl\/index.php?rest_route=%2Fwp%2Fv2%2Fcomments&post=1515"}],"wp:featuredmedia":[{"embeddable":true,"href":"https:\/\/koraledetale.pl\/index.php?rest_route=\/wp\/v2\/media\/1511"}],"wp:attachment":[{"href":"https:\/\/koraledetale.pl\/index.php?rest_route=%2Fwp%2Fv2%2Fmedia&parent=1515"}],"wp:term":[{"taxonomy":"product_brand","embeddable":true,"href":"https:\/\/koraledetale.pl\/index.php?rest_route=%2Fwp%2Fv2%2Fproduct_brand&post=1515"},{"taxonomy":"product_cat","embeddable":true,"href":"https:\/\/koraledetale.pl\/index.php?rest_route=%2Fwp%2Fv2%2Fproduct_cat&post=1515"},{"taxonomy":"product_tag","embeddable":true,"href":"https:\/\/koraledetale.pl\/index.php?rest_route=%2Fwp%2Fv2%2Fproduct_tag&post=1515"}],"curies":[{"name":"wp","href":"https:\/\/api.w.org\/{rel}","templated":true}]}}