{"id":1364,"date":"2021-10-06T09:41:24","date_gmt":"2021-10-06T09:41:24","guid":{"rendered":"https:\/\/koraledetale.pl\/?post_type=product&#038;p=1364"},"modified":"2024-11-11T20:50:25","modified_gmt":"2024-11-11T20:50:25","slug":"naszyjnik-blekitna-laguna-z-labradorytami-i-chalcedonem","status":"publish","type":"product","link":"https:\/\/koraledetale.pl\/?product=naszyjnik-blekitna-laguna-z-labradorytami-i-chalcedonem","title":{"rendered":"Naszyjnik B\u0141\u0118KITNA LAGUNA z labradorytami i chalcedonem"},"content":{"rendered":"<p>Wielko\u015b\u0107 kamieni:<\/p>\n<ul>\n<li>labradoryt &#8211; 3,5 mm,<\/li>\n<li>chalcedon &#8211; 17&#215;7 mm,<\/li>\n<li>hematyt &#8211; 2 mm.<\/li>\n<\/ul>\n<p>D\u0142ugo\u015b\u0107 naszyjnika &#8211; 82 cm + zawieszka 3,9 cm.<\/p>\n","protected":false},"excerpt":{"rendered":"<p>D\u0142ugi naszyjnik z labradoryt\u00f3w i z\u0142otych hematyt\u00f3w, zasupe\u0142kowanych na turkusowej, mocnej nici jubilerskiej. Zwie\u0144czeniem naszyjnika jest zawieszka z a\u017curow\u0105 rozet\u0105, z kt\u00f3rej odchodzi d\u0142uga kropla chalcedonu w kolorze ciep\u0142ego morza. Zawieszka wykonana jest ze stali chirurgicznej (szlachetnej).<\/p>\n","protected":false},"featured_media":1367,"comment_status":"open","ping_status":"closed","template":"","meta":{"advanced_seo_description":"","jetpack_seo_html_title":"","jetpack_seo_noindex":false},"product_brand":[],"product_cat":[229],"product_tag":[561,439,560,559,56,21,36,37,72,31],"class_list":{"0":"post-1364","1":"product","2":"type-product","3":"status-publish","4":"has-post-thumbnail","6":"product_cat-sprzedane","7":"product_tag-blekitny","8":"product_tag-chalcedon","9":"product_tag-dlugi-naszyjnik-z-kropla-chalcedonu","10":"product_tag-dlugi-naszyjnik-z-labradorytow","11":"product_tag-labradoryt","12":"product_tag-naszyjnik-z-kamieni-naturalnych","13":"product_tag-stal-chirurgiczna","14":"product_tag-stal-szlachetna","15":"product_tag-zawieszka","16":"product_tag-zloty-hematyt","18":"first","19":"outofstock","20":"shipping-taxable","21":"product-type-simple"},"jetpack_sharing_enabled":true,"_links":{"self":[{"href":"https:\/\/koraledetale.pl\/index.php?rest_route=\/wp\/v2\/product\/1364","targetHints":{"allow":["GET"]}}],"collection":[{"href":"https:\/\/koraledetale.pl\/index.php?rest_route=\/wp\/v2\/product"}],"about":[{"href":"https:\/\/koraledetale.pl\/index.php?rest_route=\/wp\/v2\/types\/product"}],"replies":[{"embeddable":true,"href":"https:\/\/koraledetale.pl\/index.php?rest_route=%2Fwp%2Fv2%2Fcomments&post=1364"}],"wp:featuredmedia":[{"embeddable":true,"href":"https:\/\/koraledetale.pl\/index.php?rest_route=\/wp\/v2\/media\/1367"}],"wp:attachment":[{"href":"https:\/\/koraledetale.pl\/index.php?rest_route=%2Fwp%2Fv2%2Fmedia&parent=1364"}],"wp:term":[{"taxonomy":"product_brand","embeddable":true,"href":"https:\/\/koraledetale.pl\/index.php?rest_route=%2Fwp%2Fv2%2Fproduct_brand&post=1364"},{"taxonomy":"product_cat","embeddable":true,"href":"https:\/\/koraledetale.pl\/index.php?rest_route=%2Fwp%2Fv2%2Fproduct_cat&post=1364"},{"taxonomy":"product_tag","embeddable":true,"href":"https:\/\/koraledetale.pl\/index.php?rest_route=%2Fwp%2Fv2%2Fproduct_tag&post=1364"}],"curies":[{"name":"wp","href":"https:\/\/api.w.org\/{rel}","templated":true}]}}