{"id":1350,"date":"2021-10-04T11:20:05","date_gmt":"2021-10-04T11:20:05","guid":{"rendered":"https:\/\/koraledetale.pl\/?post_type=product&#038;p=1350"},"modified":"2024-11-11T20:50:50","modified_gmt":"2024-11-11T20:50:50","slug":"1350","status":"publish","type":"product","link":"https:\/\/koraledetale.pl\/?product=1350","title":{"rendered":"Naszyjnik BAROK z per\u0142ami i labradorytami"},"content":{"rendered":"<p>Wielko\u015b\u0107 kamieni:<\/p>\n<ul>\n<li>per\u0142a barokowa &#8211; 21x14x6 mm,<\/li>\n<li>labradoryt &#8211; 2,5 mm,<\/li>\n<li>r\u00f3\u017cowa per\u0142a &#8211; 5&#215;4 mm,<\/li>\n<li>hematyt &#8211; 2 mm, 4&#215;2 mm i 2,5&#215;1 mm.<\/li>\n<\/ul>\n<p>D\u0142ugo\u015b\u0107 naszyjnika: 54 cm +zawieszka 2,7 cm.<\/p>\n","protected":false},"excerpt":{"rendered":"<p>\u015aredniej d\u0142ugo\u015bci naszyjnik z du\u017c\u0105 per\u0142\u0105 barokow\u0105 o nieregularnym kszta\u0142cie. Zawieszka z per\u0142\u0105 zawieszona jest na sznurze drobnych labradoryt\u00f3w, zasupe\u0142kowanych wraz z r\u00f3\u017cowymi per\u0142ami i z\u0142otymi hematytami na r\u00f3\u017cowej, mocnej nici jubilerskiej.\u00a0 Wszystkie elementy metalowe wykonane s\u0105 z nieuczulaj\u0105cej stali chirurgicznej (szlachetnej).<\/p>\n","protected":false},"featured_media":1352,"comment_status":"open","ping_status":"closed","template":"","meta":{"advanced_seo_description":"","jetpack_seo_html_title":"","jetpack_seo_noindex":false},"product_brand":[],"product_cat":[229],"product_tag":[56,553,554,556,557,555,36,37],"class_list":{"0":"post-1350","1":"product","2":"type-product","3":"status-publish","4":"has-post-thumbnail","6":"product_cat-sprzedane","7":"product_tag-labradoryt","8":"product_tag-naszyjnik-z-perla-barokowa-i-labradorytami","9":"product_tag-naszyjnik-z-rozowymi-perlami-i-labradorytem","10":"product_tag-perla-barokowa","11":"product_tag-rozowe-perly","12":"product_tag-sredniej-dlugosci-naszyjnik","13":"product_tag-stal-chirurgiczna","14":"product_tag-stal-szlachetna","16":"first","17":"outofstock","18":"shipping-taxable","19":"product-type-simple"},"jetpack_sharing_enabled":true,"_links":{"self":[{"href":"https:\/\/koraledetale.pl\/index.php?rest_route=\/wp\/v2\/product\/1350","targetHints":{"allow":["GET"]}}],"collection":[{"href":"https:\/\/koraledetale.pl\/index.php?rest_route=\/wp\/v2\/product"}],"about":[{"href":"https:\/\/koraledetale.pl\/index.php?rest_route=\/wp\/v2\/types\/product"}],"replies":[{"embeddable":true,"href":"https:\/\/koraledetale.pl\/index.php?rest_route=%2Fwp%2Fv2%2Fcomments&post=1350"}],"wp:featuredmedia":[{"embeddable":true,"href":"https:\/\/koraledetale.pl\/index.php?rest_route=\/wp\/v2\/media\/1352"}],"wp:attachment":[{"href":"https:\/\/koraledetale.pl\/index.php?rest_route=%2Fwp%2Fv2%2Fmedia&parent=1350"}],"wp:term":[{"taxonomy":"product_brand","embeddable":true,"href":"https:\/\/koraledetale.pl\/index.php?rest_route=%2Fwp%2Fv2%2Fproduct_brand&post=1350"},{"taxonomy":"product_cat","embeddable":true,"href":"https:\/\/koraledetale.pl\/index.php?rest_route=%2Fwp%2Fv2%2Fproduct_cat&post=1350"},{"taxonomy":"product_tag","embeddable":true,"href":"https:\/\/koraledetale.pl\/index.php?rest_route=%2Fwp%2Fv2%2Fproduct_tag&post=1350"}],"curies":[{"name":"wp","href":"https:\/\/api.w.org\/{rel}","templated":true}]}}