{"id":1329,"date":"2021-10-02T14:55:00","date_gmt":"2021-10-02T14:55:00","guid":{"rendered":"https:\/\/koraledetale.pl\/?post_type=product&#038;p=1329"},"modified":"2024-11-11T15:28:00","modified_gmt":"2024-11-11T15:28:00","slug":"naszyjnik-odwaga-z-akwamarynem","status":"publish","type":"product","link":"https:\/\/koraledetale.pl\/?product=naszyjnik-odwaga-z-akwamarynem","title":{"rendered":"Naszyjnik ODWAGA z akwamarynem"},"content":{"rendered":"<p>Wielko\u015b\u0107 kamieni:<\/p>\n<ul>\n<li>akwamaryn &#8211; 2 mm i 5&#215;5 przy zawieszce,<\/li>\n<li>hematyt 2 mm i 3&#215;1 mm.<\/li>\n<\/ul>\n<p>D\u0142ugo\u015b\u0107 naszyjnika: 38 &#8211; 42 cm + zawieszka 1 cm.<\/p>\n","protected":false},"excerpt":{"rendered":"<p>Delikatny naszyjnik z drobnych akwamaryn\u00f3w zasupe\u0142kowanych ze z\u0142otymi hematytami na mocnej nici jubilerskiej. Zwie\u0144czeniem naszyjnika jest zawieszka ze szlifowanego, krystalicznego akwamarynu i z\u0142otych hematyt\u00f3w. Wszystkie elementy metalowe wykonane s\u0105 ze stali chirurgicznej (szlachetnej).<\/p>\n","protected":false},"featured_media":1332,"comment_status":"open","ping_status":"closed","template":"","meta":{"advanced_seo_description":"","jetpack_seo_html_title":"","jetpack_seo_noindex":false},"product_brand":[],"product_cat":[229],"product_tag":[93,548,549,280,31],"class_list":{"0":"post-1329","1":"product","2":"type-product","3":"status-publish","4":"has-post-thumbnail","6":"product_cat-sprzedane","7":"product_tag-akwamaryn","8":"product_tag-delikatny-naszyjnik-z-akwamarynow","9":"product_tag-kamien-odwagi","10":"product_tag-krotki-naszyjnik-z-kamieniami-naturalnymi","11":"product_tag-zloty-hematyt","13":"first","14":"outofstock","15":"shipping-taxable","16":"product-type-simple"},"jetpack_sharing_enabled":true,"_links":{"self":[{"href":"https:\/\/koraledetale.pl\/index.php?rest_route=\/wp\/v2\/product\/1329","targetHints":{"allow":["GET"]}}],"collection":[{"href":"https:\/\/koraledetale.pl\/index.php?rest_route=\/wp\/v2\/product"}],"about":[{"href":"https:\/\/koraledetale.pl\/index.php?rest_route=\/wp\/v2\/types\/product"}],"replies":[{"embeddable":true,"href":"https:\/\/koraledetale.pl\/index.php?rest_route=%2Fwp%2Fv2%2Fcomments&post=1329"}],"wp:featuredmedia":[{"embeddable":true,"href":"https:\/\/koraledetale.pl\/index.php?rest_route=\/wp\/v2\/media\/1332"}],"wp:attachment":[{"href":"https:\/\/koraledetale.pl\/index.php?rest_route=%2Fwp%2Fv2%2Fmedia&parent=1329"}],"wp:term":[{"taxonomy":"product_brand","embeddable":true,"href":"https:\/\/koraledetale.pl\/index.php?rest_route=%2Fwp%2Fv2%2Fproduct_brand&post=1329"},{"taxonomy":"product_cat","embeddable":true,"href":"https:\/\/koraledetale.pl\/index.php?rest_route=%2Fwp%2Fv2%2Fproduct_cat&post=1329"},{"taxonomy":"product_tag","embeddable":true,"href":"https:\/\/koraledetale.pl\/index.php?rest_route=%2Fwp%2Fv2%2Fproduct_tag&post=1329"}],"curies":[{"name":"wp","href":"https:\/\/api.w.org\/{rel}","templated":true}]}}