{"id":1302,"date":"2021-09-29T09:14:28","date_gmt":"2021-09-29T09:14:28","guid":{"rendered":"https:\/\/koraledetale.pl\/?post_type=product&#038;p=1302"},"modified":"2024-11-11T15:28:55","modified_gmt":"2024-11-11T15:28:55","slug":"naszyjnik-skrzydla-z-hematytami","status":"publish","type":"product","link":"https:\/\/koraledetale.pl\/?product=naszyjnik-skrzydla-z-hematytami","title":{"rendered":"Naszyjnik SKRZYD\u0141A z hematytami"},"content":{"rendered":"<p>Wielko\u015b\u0107 kamieni:<\/p>\n<ul>\n<li>grafitowe hematyty \u2013 3,5 mm i 2 mm,<\/li>\n<li>z\u0142ote hematyty \u2013 2&#215;1 mm i 2 mm.<\/li>\n<\/ul>\n<p>Wielko\u015b\u0107 skrzyd\u0142a: 18\u00d76 mm.<\/p>\n<p>D\u0142ugo\u015b\u0107 naszyjnika: do 62 cm.<\/p>\n<p>&nbsp;<\/p>\n","protected":false},"excerpt":{"rendered":"<p>Regulowany naszyjnik ze szlifowanymi hematytami w grafitowym kolorze, przeplatanymi z\u0142otymi hematytami, z zawieszk\u0105 &#8211; skrzyd\u0142em anio\u0142a. Dzi\u0119ki \u0142atwej regulacji, naszyjnik mo\u017ce by\u0107 noszony jako kr\u00f3tki lub \u015bredniej d\u0142ugo\u015bci, w zale\u017cno\u015bci od potrzeb. Mocne nici jubilerskie zapewni\u0105 naszyjnikowi wytrzyma\u0142o\u015b\u0107. Zawieszka wykonana jest z nieuczulaj\u0105cej stali chirurgicznej (szlachetnej).<\/p>\n","protected":false},"featured_media":1296,"comment_status":"open","ping_status":"closed","template":"","meta":{"advanced_seo_description":"","jetpack_seo_html_title":"","jetpack_seo_noindex":false},"product_brand":[],"product_cat":[229],"product_tag":[537,67,536,535,72],"class_list":{"0":"post-1302","1":"product","2":"type-product","3":"status-publish","4":"has-post-thumbnail","6":"product_cat-sprzedane","7":"product_tag-delikatny-naszyjnik-z-kamieniami-naturalnymi","8":"product_tag-hematyt","9":"product_tag-naszyjnik-ze-skrzydlem-aniola","10":"product_tag-regulowany-naszyjnik-z-hematytami","11":"product_tag-zawieszka","13":"first","14":"outofstock","15":"shipping-taxable","16":"product-type-simple"},"jetpack_sharing_enabled":true,"_links":{"self":[{"href":"https:\/\/koraledetale.pl\/index.php?rest_route=\/wp\/v2\/product\/1302","targetHints":{"allow":["GET"]}}],"collection":[{"href":"https:\/\/koraledetale.pl\/index.php?rest_route=\/wp\/v2\/product"}],"about":[{"href":"https:\/\/koraledetale.pl\/index.php?rest_route=\/wp\/v2\/types\/product"}],"replies":[{"embeddable":true,"href":"https:\/\/koraledetale.pl\/index.php?rest_route=%2Fwp%2Fv2%2Fcomments&post=1302"}],"wp:featuredmedia":[{"embeddable":true,"href":"https:\/\/koraledetale.pl\/index.php?rest_route=\/wp\/v2\/media\/1296"}],"wp:attachment":[{"href":"https:\/\/koraledetale.pl\/index.php?rest_route=%2Fwp%2Fv2%2Fmedia&parent=1302"}],"wp:term":[{"taxonomy":"product_brand","embeddable":true,"href":"https:\/\/koraledetale.pl\/index.php?rest_route=%2Fwp%2Fv2%2Fproduct_brand&post=1302"},{"taxonomy":"product_cat","embeddable":true,"href":"https:\/\/koraledetale.pl\/index.php?rest_route=%2Fwp%2Fv2%2Fproduct_cat&post=1302"},{"taxonomy":"product_tag","embeddable":true,"href":"https:\/\/koraledetale.pl\/index.php?rest_route=%2Fwp%2Fv2%2Fproduct_tag&post=1302"}],"curies":[{"name":"wp","href":"https:\/\/api.w.org\/{rel}","templated":true}]}}