{"id":1183,"date":"2021-09-08T11:03:30","date_gmt":"2021-09-08T11:03:30","guid":{"rendered":"https:\/\/koraledetale.pl\/?post_type=product&#038;p=1183"},"modified":"2024-11-11T15:24:05","modified_gmt":"2024-11-11T15:24:05","slug":"naszyjnik-z-kamieni-slonecznych-i-kwarcu-z-rutylem","status":"publish","type":"product","link":"https:\/\/koraledetale.pl\/?product=naszyjnik-z-kamieni-slonecznych-i-kwarcu-z-rutylem","title":{"rendered":"Naszyjnik z kamieni s\u0142onecznych i kwarcu z rutylem"},"content":{"rendered":"<p>Wielko\u015b\u0107 kamieni:<\/p>\n<ul>\n<li>kamie\u0144 s\u0142oneczny &#8211; 2,5 mm,<\/li>\n<li>kwarc z rutylem &#8211; 9x7x5 mm,<\/li>\n<li>hematyt &#8211; 2 mm.<\/li>\n<\/ul>\n<p>D\u0142ugo\u015b\u0107 naszyjnika: 38-42,5 mm + zawieszka 1,6 cm.<\/p>\n","protected":false},"excerpt":{"rendered":"<p>Subtelny naszyjnik z drobnych kamieni s\u0142onecznych przeplatanych z\u0142otymi hematytami. Zwie\u0144czeniem naszyjnika jest zawieszka z kwarcu ze z\u0142ot\u0105 inkluzj\u0105 rutylu.<\/p>\n","protected":false},"featured_media":1184,"comment_status":"open","ping_status":"closed","template":"","meta":{"advanced_seo_description":"","jetpack_seo_html_title":"","jetpack_seo_noindex":false},"product_brand":[],"product_cat":[229],"product_tag":[496,94,494,480,495,31],"class_list":{"0":"post-1183","1":"product","2":"type-product","3":"status-publish","4":"has-post-thumbnail","6":"product_cat-sprzedane","7":"product_tag-delikatny-naszyjnik-z-kamieniami-slonecznymi","8":"product_tag-kamien-sloneczny","9":"product_tag-krotki-naszyjnik-z-kamieniami-slonecznymi","10":"product_tag-kwarc-z-rutylem","11":"product_tag-naszyjnik-z-kwarcem-z-rytylem","12":"product_tag-zloty-hematyt","14":"first","15":"outofstock","16":"shipping-taxable","17":"product-type-simple"},"jetpack_sharing_enabled":true,"_links":{"self":[{"href":"https:\/\/koraledetale.pl\/index.php?rest_route=\/wp\/v2\/product\/1183","targetHints":{"allow":["GET"]}}],"collection":[{"href":"https:\/\/koraledetale.pl\/index.php?rest_route=\/wp\/v2\/product"}],"about":[{"href":"https:\/\/koraledetale.pl\/index.php?rest_route=\/wp\/v2\/types\/product"}],"replies":[{"embeddable":true,"href":"https:\/\/koraledetale.pl\/index.php?rest_route=%2Fwp%2Fv2%2Fcomments&post=1183"}],"wp:featuredmedia":[{"embeddable":true,"href":"https:\/\/koraledetale.pl\/index.php?rest_route=\/wp\/v2\/media\/1184"}],"wp:attachment":[{"href":"https:\/\/koraledetale.pl\/index.php?rest_route=%2Fwp%2Fv2%2Fmedia&parent=1183"}],"wp:term":[{"taxonomy":"product_brand","embeddable":true,"href":"https:\/\/koraledetale.pl\/index.php?rest_route=%2Fwp%2Fv2%2Fproduct_brand&post=1183"},{"taxonomy":"product_cat","embeddable":true,"href":"https:\/\/koraledetale.pl\/index.php?rest_route=%2Fwp%2Fv2%2Fproduct_cat&post=1183"},{"taxonomy":"product_tag","embeddable":true,"href":"https:\/\/koraledetale.pl\/index.php?rest_route=%2Fwp%2Fv2%2Fproduct_tag&post=1183"}],"curies":[{"name":"wp","href":"https:\/\/api.w.org\/{rel}","templated":true}]}}