{"id":1092,"date":"2021-08-26T13:06:24","date_gmt":"2021-08-26T13:06:24","guid":{"rendered":"https:\/\/koraledetale.pl\/?post_type=product&#038;p=1092"},"modified":"2024-11-11T11:52:28","modified_gmt":"2024-11-11T11:52:28","slug":"naszyjnik","status":"publish","type":"product","link":"https:\/\/koraledetale.pl\/?product=naszyjnik","title":{"rendered":"Naszyjnik AMETYSTOWY KIE\u0141"},"content":{"rendered":"<p>Wielko\u015b\u0107 kamieni:<\/p>\n<ul>\n<li>spinel &#8211; 2,5 mm,<\/li>\n<li>ametyst &#8211; 3,5&#215;2,5 mm, przy zawieszce 25x13x7,5 mm,<\/li>\n<li>hematyt &#8211; 2 mm.<\/li>\n<\/ul>\n<p>D\u0142ugo\u015b\u0107 naszyjnika 76 cm + zawieszka 3 cm.<\/p>\n<p>&nbsp;<\/p>\n","protected":false},"excerpt":{"rendered":"<p>D\u0142ugi naszyjnik z drobnych spineli zasupe\u0142kowanych z ametytami i z\u0142otymi hematytami na mocnej nici jubilerskiej. Zwie\u0144czeniem naszyjnika jest zawieszka z surowym, delikatnie wyszlifowanym ametystem.<\/p>\n","protected":false},"featured_media":1093,"comment_status":"open","ping_status":"closed","template":"","meta":{"advanced_seo_description":"","jetpack_seo_html_title":"","jetpack_seo_noindex":false},"product_brand":[],"product_cat":[229],"product_tag":[460,459,458,457,66,39,31],"class_list":{"0":"post-1092","1":"product","2":"type-product","3":"status-publish","4":"has-post-thumbnail","6":"product_cat-sprzedane","7":"product_tag-ametytst","8":"product_tag-dlugi-naszyjnik-z-ametystem","9":"product_tag-dlugi-naszyjnik-z-czarnymi-kamieniami","10":"product_tag-naszyjnik-z-ametystem-i-spinelem","11":"product_tag-naszyjnik-z-kamieniami-naturalnymi","12":"product_tag-spinel","13":"product_tag-zloty-hematyt","15":"first","16":"outofstock","17":"shipping-taxable","18":"product-type-simple"},"jetpack_sharing_enabled":true,"_links":{"self":[{"href":"https:\/\/koraledetale.pl\/index.php?rest_route=\/wp\/v2\/product\/1092","targetHints":{"allow":["GET"]}}],"collection":[{"href":"https:\/\/koraledetale.pl\/index.php?rest_route=\/wp\/v2\/product"}],"about":[{"href":"https:\/\/koraledetale.pl\/index.php?rest_route=\/wp\/v2\/types\/product"}],"replies":[{"embeddable":true,"href":"https:\/\/koraledetale.pl\/index.php?rest_route=%2Fwp%2Fv2%2Fcomments&post=1092"}],"wp:featuredmedia":[{"embeddable":true,"href":"https:\/\/koraledetale.pl\/index.php?rest_route=\/wp\/v2\/media\/1093"}],"wp:attachment":[{"href":"https:\/\/koraledetale.pl\/index.php?rest_route=%2Fwp%2Fv2%2Fmedia&parent=1092"}],"wp:term":[{"taxonomy":"product_brand","embeddable":true,"href":"https:\/\/koraledetale.pl\/index.php?rest_route=%2Fwp%2Fv2%2Fproduct_brand&post=1092"},{"taxonomy":"product_cat","embeddable":true,"href":"https:\/\/koraledetale.pl\/index.php?rest_route=%2Fwp%2Fv2%2Fproduct_cat&post=1092"},{"taxonomy":"product_tag","embeddable":true,"href":"https:\/\/koraledetale.pl\/index.php?rest_route=%2Fwp%2Fv2%2Fproduct_tag&post=1092"}],"curies":[{"name":"wp","href":"https:\/\/api.w.org\/{rel}","templated":true}]}}